-- Data for Name: mail_template_ir_actions_report_rel; Type: TABLE DATA; Schema: public; Owner: -
--

COPY public.mail_template_ir_actions_report_rel (mail_template_id, ir_actions_report_id) FROM stdin;
9	261
10	259
13	282
18	420
19	421
20	420
21	420
\.


--
-- Data for Name: mail_template_mail_template_reset_rel; Type: TABLE DATA; Schema: public; Owner: -
--

COPY public.mail_template_mail_template_reset_rel (mail_template_reset_id, mail_template_id) FROM stdin;
\.


--
-- Data for Name: mail_template_preview; Type: TABLE DATA; Schema: public; Owner: -
--

COPY public.mail_template_preview (id, mail_template_id, create_uid, write_uid, resource_ref, lang, create_date, write_date) FROM stdin;
\.


--
-- Data for Name: mail_template_reset; Type: TABLE DATA; Schema: public; Owner: -
--

COPY public.mail_template_reset (id, create_uid, write_uid, create_date, write_date) FROM stdin;
\.


--
-- Data for Name: mail_tracking_value; Type: TABLE DATA; Schema: public; Owner: -
--

COPY public.mail_tracking_value (id, field_id, old_value_integer, new_value_integer, currency_id, mail_message_id, create_uid, write_uid, old_value_char, new_value_char, field_info, old_value_text, new_value_text, old_value_datetime, new_value_datetime, create_date, write_date, old_value_float, new_value_float) FROM stdin;
1	973	\N	\N	\N	20	1	1	System	OdooBot	\N	\N	\N	\N	\N	2025-07-20 21:14:37.579718	2025-07-20 21:14:37.579718	\N	\N
2	2864	\N	\N	\N	44	1	1	My Company	My Company, Congo (DRC)	\N	\N	\N	\N	\N	2025-07-20 21:14:37.668749	2025-07-20 21:14:37.668749	\N	\N
3	973	\N	\N	\N	45	1	1	Administrator	Kayembe	\N	\N	\N	\N	\N	2025-07-20 21:14:38.67245	2025-07-20 21:14:38.67245	\N	\N
4	1009	\N	\N	\N	45	1	1	\N	nasserkayembe@hotmail.com	\N	\N	\N	\N	\N	2025-07-20 21:14:38.67245	2025-07-20 21:14:38.67245	\N	\N
5	1009	\N	\N	\N	46	1	1	odoobot@example.com	nasserkayembe@hotmail.com	\N	\N	\N	\N	\N	2025-07-20 21:14:38.67245	2025-07-20 21:14:38.67245	\N	\N
6	973	\N	\N	\N	47	1	1	My Company	www.socof.sa.com	\N	\N	\N	\N	\N	2025-07-20 21:14:38.67245	2025-07-20 21:14:38.67245	\N	\N
7	1009	\N	\N	\N	47	1	1	\N	nasserkayembe@hotmail.com	\N	\N	\N	\N	\N	2025-07-20 21:14:38.67245	2025-07-20 21:14:38.67245	\N	\N
8	8260	\N	\N	\N	108	1	1		Ordered quantities	\N	\N	\N	\N	\N	2025-07-20 21:22:14.921535	2025-07-20 21:22:14.921535	\N	\N
\.


--
-- Data for Name: message_attachment_rel; Type: TABLE DATA; Schema: public; Owner: -
--

COPY public.message_attachment_rel (message_id, attachment_id) FROM stdin;
\.


--
-- Data for Name: module_country; Type: TABLE DATA; Schema: public; Owner: -
--

COPY public.module_country (module_id, country_id) FROM stdin;
10	233
10	38
44	64
44	132
44	133
44	134
44	68
44	196
44	70
44	199
44	75
44	12
44	20
44	152
44	183
44	88
44	165
44	166
44	101
44	43
44	108
44	109
44	178
44	55
44	56
44	57
44	59
44	188
160	20
161	43
162	94
163	114
296	2
297	2
300	170
300	13
301	10
306	10
307	10
308	12
312	13
314	13
317	19
318	19
321	20
324	20
326	20
327	20
328	20
329	20
330	20
331	20
332	20
333	20
334	20
335	20
336	20
337	20
338	20
346	21
348	22
349	22
352	23
354	25
356	29
358	31
370	38
374	41
376	40
378	42
380	43
381	43
382	43
385	44
387	46
389	46
390	46
395	47
397	48
398	48
400	49
406	50
407	55
409	56
411	57
416	57
416	43
424	59
429	61
432	62
434	63
436	63
442	64
445	65
446	65
447	65
450	197
450	157
450	231
450	170
450	13
451	68
453	68
457	68
461	69
465	70
468	75
469	75
470	75
471	75
472	75
473	75
474	75
475	75
479	76
484	85
486	87
488	88
489	88
491	90
492	92
494	94
495	94
496	94
498	96
499	97
500	97
503	99
506	100
509	100
510	100
512	101
514	102
516	104
518	104
520	104
523	104
524	104
525	104
530	104
535	106
536	109
538	109
540	109
546	109
547	112
548	112
549	112
550	112
552	113
554	113
556	114
558	114
559	114
560	114
561	114
562	114
563	114
565	118
567	121
569	122
570	124
575	126
576	132
577	132
578	132
583	133
584	133
585	133
587	134
589	136
590	136
591	136
593	137
594	144
596	146
598	152
599	152
601	153
603	156
605	156
606	156
611	156
612	156
613	156
617	157
618	157
619	157
620	157
621	157
623	157
624	158
626	161
628	163
630	165
631	165
632	165
635	166
638	170
641	171
642	172
643	173
645	173
649	173
650	176
653	177
654	177
657	178
658	178
659	178
662	183
664	186
665	188
669	188
670	188
674	189
675	189
677	191
679	192
680	192
681	192
682	192
686	196
687	196
690	196
691	196
692	197
694	197
695	199
697	201
698	201
699	201
700	204
704	214
708	216
710	217
712	221
714	224
715	224
716	224
718	224
721	227
723	228
725	229
726	230
728	231
730	231
733	233
735	233
737	233
738	233
739	233
742	234
743	234
745	238
746	241
747	241
749	247
751	248
1146	20
1147	94
1148	233
1345	116
1351	227
\.


--
-- Data for Name: onboarding_onboarding; Type: TABLE DATA; Schema: public; Owner: -
--

COPY public.onboarding_onboarding (id, sequence, create_uid, write_uid, route_name, text_completed, panel_close_action_name, name, create_date, write_date) FROM stdin;
1	10	1	1	account_dashboard	Nice work! Your configuration is done.	\N	{"en_US": "Account Dashboard Onboarding", "fr_FR": "Parcours d'intégration tableau de bord comptabilité"}	2025-07-20 21:22:06.63315	2025-07-20 21:22:06.63315
\.


--
-- Data for Name: onboarding_onboarding_onboarding_onboarding_step_rel; Type: TABLE DATA; Schema: public; Owner: -
--

COPY public.onboarding_onboarding_onboarding_onboarding_step_rel (onboarding_onboarding_id, onboarding_onboarding_step_id) FROM stdin;
1	2
1	4
1	5
\.


--
-- Data for Name: onboarding_onboarding_step; Type: TABLE DATA; Schema: public; Owner: -
--

COPY public.onboarding_onboarding_step (id, sequence, create_uid, write_uid, done_icon, step_image_filename, panel_step_open_action_name, title, description, button_text, done_text, step_image_alt, is_per_company, create_date, write_date) FROM stdin;
1	99	1	1	fa-star	\N	\N	{"en_US": "Online Payments", "fr_FR": "Paiements en ligne"}	\N	{"en_US": "Let's do it", "fr_FR": "Allons-y"}	{"en_US": "Step Completed!", "fr_FR": "Étape complétée !"}	{"en_US": "Onboarding Step Image", "fr_FR": "Image de l'étape du parcours d'intégration"}	t	2025-07-20 21:22:04.893041	2025-07-20 21:22:04.893041
2	1	1	1	fa-star	onboarding_company-data.png	action_open_step_company_data	{"en_US": "Set Company Data", "fr_FR": "Définir les données de la société"}	{"en_US": "Set your company's data for documents header/footer.", "fr_FR": "Définissez les données de votre société pour l'en-tête/pied de page des documents."}	{"en_US": "Let's start!", "fr_FR": "Allons-y !"}	{"en_US": "Looks great!", "fr_FR": "Parfait !"}	{"en_US": "Onboarding Company Data", "fr_FR": "Parcours d'intégration Données de la société"}	t	2025-07-20 21:22:06.63315	2025-07-20 21:22:06.63315
3	3	1	1	fa-star	onboarding_quotation-layout.png	action_open_step_base_document_layout	{"en_US": "Documents Layout", "fr_FR": "Mise en page des documents"}	{"en_US": "Customize the look of your documents.", "fr_FR": "Personnaliser la présentation de vos documents."}	{"en_US": "Customize", "fr_FR": "Personnaliser"}	{"en_US": "Looks great!", "fr_FR": "Parfait !"}	{"en_US": "Onboarding Documents Layout", "fr_FR": "Parcours d'intégration Mise en page des documents"}	t	2025-07-20 21:22:06.63315	2025-07-20 21:22:06.63315
4	1	1	1	fa-star	onboarding_accounting-periods.png	action_open_step_fiscal_year	{"en_US": "Set Periods", "fr_FR": "Définir les périodes"}	{"en_US": "Define your fiscal years & tax returns periodicity.", "fr_FR": "Définissez vos exercices fiscaux & la périodicité de vos déclarations d'impôt."}	{"en_US": "Configure", "fr_FR": "Configurer"}	{"en_US": "Step completed!", "fr_FR": "Étape terminée !"}	{"en_US": "Onboarding Accounting Periods", "fr_FR": "Parcours d'intégration Périodes comptables"}	t	2025-07-20 21:22:06.63315	2025-07-20 21:22:06.63315
5	4	1	1	fa-star	onboarding_chart-of-accounts.png	action_open_step_chart_of_accounts	{"en_US": "Review Chart of Accounts", "fr_FR": "Revoir le plan comptable"}	{"en_US": "Set up your chart of accounts and record initial balances.", "fr_FR": "Configurez votre plan comptable et enregistrez vos soldes initiaux."}	{"en_US": "Review", "fr_FR": "Examiner"}	{"en_US": "Chart of accounts set!", "fr_FR": "Plan comptable défini !"}	{"en_US": "Onboarding Bank Account", "fr_FR": "Parcours d'intégration Compte bancaire"}	t	2025-07-20 21:22:06.63315	2025-07-20 21:22:06.63315
6	100	1	1	fa-star	onboarding_puzzle.png	action_open_step_sales_tax	{"en_US": "Taxes", "fr_FR": "Taxes"}	{"en_US": "Choose a default sales tax for your products.", "fr_FR": "Définissez une taxe de vente par défaut pour vos produits."}	{"en_US": "Set taxes", "fr_FR": "Définir les taxes"}	{"en_US": "Step Completed!", "fr_FR": "Etape complétée !"}	{"en_US": "Onboarding Bank Account", "fr_FR": "Parcours d'intégration Compte bancaire"}	t	2025-07-20 21:22:06.63315	2025-07-20 21:22:06.63315
7	10	1	1	fa-star	onboarding_bank-account.png	action_open_step_payment_provider	{"en_US": "Online Payments", "fr_FR": "Paiements en ligne"}	{"en_US": "Enable credit & debit card payments supported by Stripe.", "fr_FR": "Activer les paiements par carte de crédit et de débit pris en charge par Stripe."}	{"en_US": "Activate Stripe", "fr_FR": "Activer Stripe"}	{"en_US": "Step Completed!", "fr_FR": "Étape complétée !"}	{"en_US": "Onboarding Online Payments", "fr_FR": "Parcours d'intégration des paiements en ligne"}	t	2025-07-20 21:22:11.554891	2025-07-20 21:22:11.554891
\.


--
-- Data for Name: onboarding_progress; Type: TABLE DATA; Schema: public; Owner: -
--

COPY public.onboarding_progress (id, company_id, onboarding_id, create_uid, write_uid, onboarding_state, is_onboarding_closed, create_date, write_date) FROM stdin;
\.


--
-- Data for Name: onboarding_progress_onboarding_progress_step_rel; Type: TABLE DATA; Schema: public; Owner: -
--

COPY public.onboarding_progress_onboarding_progress_step_rel (onboarding_progress_id, onboarding_progress_step_id) FROM stdin;
\.


--
-- Data for Name: onboarding_progress_step; Type: TABLE DATA; Schema: public; Owner: -
--

COPY public.onboarding_progress_step (id, step_id, company_id, create_uid, write_uid, step_state, create_date, write_date) FROM stdin;
\.


--
-- Data for Name: orm_signaling_assets; Type: TABLE DATA; Schema: public; Owner: -
--

COPY public.orm_signaling_assets (id, date) FROM stdin;
5	2025-07-21 20:22:35.416297
6	2025-07-21 20:37:38.636528
7	2025-07-21 20:37:55.450627
8	2025-07-21 20:38:22.51093
9	2025-07-21 20:39:35.921018
10	2025-07-21 20:41:57.292001
11	2025-07-23 14:27:06.680961
12	2025-07-23 14:27:18.111867
13	2025-07-23 20:07:06.132225
14	2025-07-23 20:14:59.064278
\.


--
-- Data for Name: orm_signaling_default; Type: TABLE DATA; Schema: public; Owner: -
--

COPY public.orm_signaling_default (id, date) FROM stdin;
23	2025-09-21 21:16:15.343791
26	2025-11-19 10:22:09.897598
18	2025-08-17 21:15:51.366735
19	2025-09-03 09:54:08.525694
20	2025-09-07 21:21:02.804412
21	2025-09-08 13:06:24.933198
22	2025-09-14 21:17:37.107327
24	2025-10-03 14:12:46.953511
25	2025-10-05 21:18:14.8736
27	2025-11-23 06:19:33.441751
28	2025-11-24 09:29:15.461141
\.


--
-- Data for Name: orm_signaling_groups; Type: TABLE DATA; Schema: public; Owner: -
--

COPY public.orm_signaling_groups (id, date) FROM stdin;
1	2025-07-17 15:13:48.301312
\.


--
-- Data for Name: orm_signaling_registry; Type: TABLE DATA; Schema: public; Owner: -
--

COPY public.orm_signaling_registry (id, date) FROM stdin;
1	2025-07-17 15:13:48.301312
2	2025-07-17 15:13:54.48254
3	2025-07-17 15:14:03.458794
4	2025-07-20 21:22:00.330629
5	2025-07-20 21:22:23.080529
\.


--
-- Data for Name: orm_signaling_routing; Type: TABLE DATA; Schema: public; Owner: -
--

COPY public.orm_signaling_routing (id, date) FROM stdin;
1	2025-07-17 15:13:48.301312
\.


--
-- Data for Name: orm_signaling_templates; Type: TABLE DATA; Schema: public; Owner: -
--

COPY public.orm_signaling_templates (id, date) FROM stdin;
82	2025-07-30 14:09:02.048308
83	2025-08-04 21:11:11.562714
84	2025-08-04 21:33:07.966266
85	2025-08-04 21:39:43.020774
86	2025-08-11 18:47:15.831519
87	2025-08-11 18:48:00.503503
88	2025-08-11 18:50:25.639959
89	2025-09-08 13:08:04.204801
90	2025-11-19 10:27:45.301161
81	2025-07-25 13:39:51.74952
\.


--
-- Data for Name: payment_capture_wizard; Type: TABLE DATA; Schema: public; Owner: -
--

COPY public.payment_capture_wizard (id, create_uid, write_uid, amount_to_capture, void_remaining_amount, create_date, write_date) FROM stdin;
\.


--
-- Data for Name: payment_capture_wizard_payment_transaction_rel; Type: TABLE DATA; Schema: public; Owner: -
--

COPY public.payment_capture_wizard_payment_transaction_rel (payment_capture_wizard_id, payment_transaction_id) FROM stdin;
\.


--
-- Data for Name: payment_country_rel; Type: TABLE DATA; Schema: public; Owner: -
--

COPY public.payment_country_rel (payment_id, country_id) FROM stdin;
\.


--
-- Data for Name: payment_currency_rel; Type: TABLE DATA; Schema: public; Owner: -
--

COPY public.payment_currency_rel (payment_provider_id, currency_id) FROM stdin;
\.


--
-- Data for Name: payment_link_wizard; Type: TABLE DATA; Schema: public; Owner: -
--

COPY public.payment_link_wizard (id, res_id, currency_id, partner_id, create_uid, write_uid, res_model, amount, amount_max, create_date, write_date, discount_date, open_installments, has_eligible_epd, amount_paid, prepayment_amount) FROM stdin;
\.


--
-- Data for Name: payment_method; Type: TABLE DATA; Schema: public; Owner: -
--

COPY public.payment_method (id, sequence, primary_payment_method_id, create_uid, write_uid, code, support_manual_capture, support_refund, name, active, support_tokenization, support_express_checkout, create_date, write_date) FROM stdin;
11	1000	\N	1	1	aman	none	none	{"en_US": "Aman"}	f	f	f	2025-07-20 21:22:04.893041	2025-07-20 21:22:04.893041
13	1000	\N	1	1	astropay	none	none	{"en_US": "Astropay TEF"}	f	f	f	2025-07-20 21:22:04.893041	2025-07-20 21:22:04.893041
49	1000	\N	1	1	contact	none	none	{"en_US": "Contact"}	f	f	f	2025-07-20 21:22:04.893041	2025-07-20 21:22:04.893041
52	1000	\N	1	1	dpo	none	none	{"en_US": "Card / Mobile"}	f	f	f	2025-07-20 21:22:04.893041	2025-07-20 21:22:04.893041
54	1000	\N	1	1	easypaisa	none	none	{"en_US": "EasyPaisa"}	f	f	f	2025-07-20 21:22:04.893041	2025-07-20 21:22:04.893041
59	1000	\N	1	1	forsa	none	none	{"en_US": "Forsa"}	f	f	f	2025-07-20 21:22:04.893041	2025-07-20 21:22:04.893041
67	1000	\N	1	1	halan	none	none	{"en_US": "Halan"}	f	f	f	2025-07-20 21:22:04.893041	2025-07-20 21:22:04.893041
72	1000	\N	1	1	installments_eg	none	none	{"en_US": "Bank Installments"}	f	f	f	2025-07-20 21:22:04.893041	2025-07-20 21:22:04.893041
74	1000	\N	1	1	jazzcash	none	none	{"en_US": "JazzCash"}	f	f	f	2025-07-20 21:22:04.893041	2025-07-20 21:22:04.893041
80	1000	\N	1	1	kiosk	none	none	{"en_US": "Kiosk"}	f	f	f	2025-07-20 21:22:04.893041	2025-07-20 21:22:04.893041
98	1000	\N	1	1	mobile_wallet_eg	none	none	{"en_US": "Mobile Wallets Egypt"}	f	f	f	2025-07-20 21:22:04.893041	2025-07-20 21:22:04.893041
103	1000	\N	1	1	nuvei_local	none	none	{"en_US": "Local Payments"}	f	f	f	2025-07-20 21:22:04.893041	2025-07-20 21:22:04.893041
115	1000	\N	1	1	oxxopay	none	none	{"en_US": "Oxxo Pay"}	f	f	f	2025-07-20 21:22:04.893041	2025-07-20 21:22:04.893041
135	1000	\N	1	1	premium_card	none	none	{"en_US": "Premium Card"}	f	f	f	2025-07-20 21:22:04.893041	2025-07-20 21:22:04.893041
149	1000	\N	1	1	souhoola	none	none	{"en_US": "Souhoola"}	f	f	f	2025-07-20 21:22:04.893041	2025-07-20 21:22:04.893041
150	1000	\N	1	1	spei	none	none	{"en_US": "SPEI"}	f	f	f	2025-07-20 21:22:04.893041	2025-07-20 21:22:04.893041
151	1000	\N	1	1	stcpay	none	none	{"en_US": "STCPay"}	f	f	f	2025-07-20 21:22:04.893041	2025-07-20 21:22:04.893041
153	1000	\N	1	1	sympl	none	none	{"en_US": "Sympl"}	f	f	f	2025-07-20 21:22:04.893041	2025-07-20 21:22:04.893041
154	1000	\N	1	1	tabby	none	none	{"en_US": "Tabby"}	f	f	f	2025-07-20 21:22:04.893041	2025-07-20 21:22:04.893041
155	1000	\N	1	1	tamara	none	none	{"en_US": "Tamara"}	f	f	f	2025-07-20 21:22:04.893041	2025-07-20 21:22:04.893041
173	1000	\N	1	1	valu	none	none	{"en_US": "ValU"}	f	f	f	2025-07-20 21:22:04.893041	2025-07-20 21:22:04.893041
180	1000	\N	1	1	webpay	none	none	{"en_US": "WebPay"}	f	f	f	2025-07-20 21:22:04.893041	2025-07-20 21:22:04.893041
185	1000	103	1	1	abitab	none	none	{"en_US": "Abitab"}	f	\N	\N	2025-07-20 21:22:04.893041	2025-07-20 21:22:04.893041
189	1000	13	1	1	banco_guayaquil	none	none	{"en_US": "Banco Guayaquil"}	f	\N	\N	2025-07-20 21:22:04.893041	2025-07-20 21:22:04.893041
191	1000	13	1	1	banco_pichincha	none	none	{"en_US": "Banco Pichincha"}	f	\N	\N	2025-07-20 21:22:04.893041	2025-07-20 21:22:04.893041
208	1000	13	1	1	facilito	none	none	{"en_US": "Facilito"}	f	\N	\N	2025-07-20 21:22:04.893041	2025-07-20 21:22:04.893041
222	1000	103	1	1	redpagos	none	none	{"en_US": "Redpagos"}	f	\N	\N	2025-07-20 21:22:04.893041	2025-07-20 21:22:04.893041
1	1000	\N	1	1	7eleven	none	partial	{"en_US": "7Eleven", "fr_FR": "7Eleven"}	f	f	f	2025-07-20 21:22:04.893041	2025-07-20 21:22:04.893041
2	1000	\N	1	1	ach_direct_debit	none	partial	{"en_US": "ACH Direct Debit", "fr_FR": "ACH Direct Debit"}	f	f	f	2025-07-20 21:22:04.893041	2025-07-20 21:22:04.893041
3	1000	\N	1	1	affirm	full_only	partial	{"en_US": "Affirm", "fr_FR": "Confirmer"}	f	f	f	2025-07-20 21:22:04.893041	2025-07-20 21:22:04.893041
5	1000	\N	1	1	afterpay_riverty	partial	none	{"en_US": "AfterPay", "fr_FR": "AfterPay"}	f	f	f	2025-07-20 21:22:04.893041	2025-07-20 21:22:04.893041
4	1000	\N	1	1	afterpay	partial	partial	{"en_US": "Afterpay", "fr_FR": "Afterpay"}	f	f	f	2025-07-20 21:22:04.893041	2025-07-20 21:22:04.893041
6	1000	\N	1	1	akulaku	none	none	{"en_US": "Akulaku PayLater", "fr_FR": "Akulaku PayLater"}	f	f	f	2025-07-20 21:22:04.893041	2025-07-20 21:22:04.893041
8	1000	\N	1	1	alipay_hk	none	partial	{"en_US": "AliPayHK", "fr_FR": "AliPayHK"}	f	f	f	2025-07-20 21:22:04.893041	2025-07-20 21:22:04.893041
7	1000	\N	1	1	alipay	none	partial	{"en_US": "Alipay", "fr_FR": "Alipay"}	f	f	f	2025-07-20 21:22:04.893041	2025-07-20 21:22:04.893041
9	1000	\N	1	1	alipay_plus	none	partial	{"en_US": "Alipay+", "fr_FR": "Alipay+"}	f	f	f	2025-07-20 21:22:04.893041	2025-07-20 21:22:04.893041
10	1000	\N	1	1	alma	partial	partial	{"en_US": "Alma", "fr_FR": "Alma"}	f	f	f	2025-07-20 21:22:04.893041	2025-07-20 21:22:04.893041
12	1000	\N	1	1	amazon_pay	partial	partial	{"en_US": "Amazon Pay", "fr_FR": "Amazon Pay"}	f	f	f	2025-07-20 21:22:04.893041	2025-07-20 21:22:04.893041
186	1000	42	1	1	amex	none	none	{"en_US": "American Express", "fr_FR": "American Express"}	f	\N	\N	2025-07-20 21:22:04.893041	2025-07-20 21:22:04.893041
187	1000	42	1	1	argencard	none	none	{"en_US": "Argencard", "fr_FR": "Argencard"}	f	\N	\N	2025-07-20 21:22:04.893041	2025-07-20 21:22:04.893041
14	1000	\N	1	1	atome	none	partial	{"en_US": "Atome", "fr_FR": "Atome"}	f	f	f	2025-07-20 21:22:04.893041	2025-07-20 21:22:04.893041
15	1000	\N	1	1	axis	none	none	{"en_US": "Axis", "fr_FR": "Axe"}	f	f	f	2025-07-20 21:22:04.893041	2025-07-20 21:22:04.893041
16	1000	\N	1	1	bacs_direct_debit	none	partial	{"en_US": "BACS Direct Debit", "fr_FR": "BACS Direct Debit"}	f	f	f	2025-07-20 21:22:04.893041	2025-07-20 21:22:04.893041
18	1000	\N	1	1	bancomat_pay	none	none	{"en_US": "BANCOMAT Pay", "fr_FR": "BANCOMAT Pay"}	f	f	f	2025-07-20 21:22:04.893041	2025-07-20 21:22:04.893041
22	1000	\N	1	1	bank_bca	none	none	{"en_US": "BCA", "fr_FR": "BCA"}	f	f	f	2025-07-20 21:22:04.893041	2025-07-20 21:22:04.893041
27	1000	\N	1	1	becs_direct_debit	none	partial	{"en_US": "BECS Direct Debit", "fr_FR": "BECS Direct Debit"}	f	f	f	2025-07-20 21:22:04.893041	2025-07-20 21:22:04.893041
34	1000	\N	1	1	blik	none	partial	{"en_US": "BLIK", "fr_FR": "BLIK"}	f	f	f	2025-07-20 21:22:04.893041	2025-07-20 21:22:04.893041
39	1000	\N	1	1	brankas	none	none	{"en_US": "BRANKAS", "fr_FR": "BRANKAS"}	f	f	f	2025-07-20 21:22:04.893041	2025-07-20 21:22:04.893041
40	1000	\N	1	1	bri	none	none	{"en_US": "BRI", "fr_FR": "BRI"}	f	f	f	2025-07-20 21:22:04.893041	2025-07-20 21:22:04.893041
17	1000	\N	1	1	bancnet	none	none	{"en_US": "BancNet", "fr_FR": "BancNet"}	f	f	f	2025-07-20 21:22:04.893041	2025-07-20 21:22:04.893041
188	1000	25	1	1	banco_de_bogota	none	none	{"en_US": "Banco de Bogota", "fr_FR": "Banco de Bogota"}	f	\N	\N	2025-07-20 21:22:04.893041	2025-07-20 21:22:04.893041
190	1000	25	1	1	bancolombia	none	none	{"en_US": "Bancolombia", "fr_FR": "Bancolombia"}	f	\N	\N	2025-07-20 21:22:04.893041	2025-07-20 21:22:04.893041
19	1000	\N	1	1	bancontact	none	partial	{"en_US": "Bancontact", "fr_FR": "Bancontact"}	f	f	f	2025-07-20 21:22:04.893041	2025-07-20 21:22:04.893041
20	1000	\N	1	1	bangkok_bank	none	none	{"en_US": "Bangkok Bank", "fr_FR": "Bangkok Bank"}	f	f	f	2025-07-20 21:22:04.893041	2025-07-20 21:22:04.893041
21	1000	\N	1	1	bank_account	none	none	{"en_US": "Bank Account", "fr_FR": "Compte bancaire"}	f	f	f	2025-07-20 21:22:04.893041	2025-07-20 21:22:04.893041
35	1000	\N	1	1	bni	none	none	{"en_US": "Bank Negara Indonesia", "fr_FR": "Bank Negara Indonesia"}	f	f	f	2025-07-20 21:22:04.893041	2025-07-20 21:22:04.893041
24	1000	\N	1	1	bank_permata	none	none	{"en_US": "Bank Permata", "fr_FR": "Bank Permata"}	f	f	f	2025-07-20 21:22:04.893041	2025-07-20 21:22:04.893041
41	1000	\N	1	1	bsi	none	none	{"en_US": "Bank Syariah Indonesia", "fr_FR": "Bank Syariah Indonesia"}	f	f	f	2025-07-20 21:22:04.893041	2025-07-20 21:22:04.893041
26	1000	\N	1	1	bank_transfer	none	none	{"en_US": "Bank Transfer", "fr_FR": "Virement bancaire"}	f	f	f	2025-07-20 21:22:04.893041	2025-07-20 21:22:04.893041
23	1000	\N	1	1	bank_of_ayudhya	none	none	{"en_US": "Bank of Ayudhya", "fr_FR": "Bank of Ayudhya"}	f	f	f	2025-07-20 21:22:04.893041	2025-07-20 21:22:04.893041
38	1000	\N	1	1	bpi	none	none	{"en_US": "Bank of the Philippine Islands", "fr_FR": "Bank of the Philippine Islands"}	f	f	f	2025-07-20 21:22:04.893041	2025-07-20 21:22:04.893041
25	1000	\N	1	1	bank_reference	none	none	{"en_US": "Bank reference", "fr_FR": "Référence bancaire"}	f	f	f	2025-07-20 21:22:04.893041	2025-07-20 21:22:04.893041
28	1000	\N	1	1	belfius	none	none	{"en_US": "Belfius", "fr_FR": "Belfius"}	f	f	f	2025-07-20 21:22:04.893041	2025-07-20 21:22:04.893041
29	1000	\N	1	1	benefit	none	partial	{"en_US": "Benefit", "fr_FR": "Avantage"}	f	f	f	2025-07-20 21:22:04.893041	2025-07-20 21:22:04.893041
30	1000	\N	1	1	bharatqr	none	none	{"en_US": "BharatQR", "fr_FR": "BharatQR"}	f	f	f	2025-07-20 21:22:04.893041	2025-07-20 21:22:04.893041
31	1000	\N	1	1	billease	none	none	{"en_US": "BillEase", "fr_FR": "BillEase"}	f	f	f	2025-07-20 21:22:04.893041	2025-07-20 21:22:04.893041
32	1000	\N	1	1	billink	none	none	{"en_US": "Billink", "fr_FR": "Billink"}	f	f	f	2025-07-20 21:22:04.893041	2025-07-20 21:22:04.893041
33	1000	\N	1	1	bizum	none	partial	{"en_US": "Bizum", "fr_FR": "Bizum"}	f	f	f	2025-07-20 21:22:04.893041	2025-07-20 21:22:04.893041
36	1000	\N	1	1	boleto	none	none	{"en_US": "Boleto", "fr_FR": "Boleto"}	f	t	f	2025-07-20 21:22:04.893041	2025-07-20 21:22:04.893041
37	1000	\N	1	1	boost	none	none	{"en_US": "Boost", "fr_FR": "Boost"}	f	f	f	2025-07-20 21:22:04.893041	2025-07-20 21:22:04.893041
46	1000	\N	1	1	cimb_niaga	none	none	{"en_US": "CIMB Niaga", "fr_FR": "CIMB Niaga"}	f	f	f	2025-07-20 21:22:04.893041	2025-07-20 21:22:04.893041
198	1000	42	1	1	cmr	none	none	{"en_US": "CMR", "fr_FR": "CMR"}	f	\N	\N	2025-07-20 21:22:04.893041	2025-07-20 21:22:04.893041
192	1000	42	1	1	cabal	none	none	{"en_US": "Cabal", "fr_FR": "Cabal"}	f	\N	\N	2025-07-20 21:22:04.893041	2025-07-20 21:22:04.893041
193	1000	42	1	1	caixa	none	none	{"en_US": "Caixa", "fr_FR": "Caixa"}	f	\N	\N	2025-07-20 21:22:04.893041	2025-07-20 21:22:04.893041
42	10	\N	1	1	card	partial	partial	{"en_US": "Card", "fr_FR": "Carte"}	f	t	f	2025-07-20 21:22:04.893041	2025-07-20 21:22:04.893041
194	1000	42	1	1	carnet	none	none	{"en_US": "Carnet", "fr_FR": "Carnet"}	f	\N	\N	2025-07-20 21:22:04.893041	2025-07-20 21:22:04.893041
195	1000	42	1	1	cartes_bancaires	none	none	{"en_US": "Cartes Bancaires", "fr_FR": "Cartes Bancaires"}	f	\N	\N	2025-07-20 21:22:04.893041	2025-07-20 21:22:04.893041
43	1000	\N	1	1	cash_app_pay	partial	partial	{"en_US": "Cash App Pay", "fr_FR": "Cash App Pay"}	f	f	f	2025-07-20 21:22:04.893041	2025-07-20 21:22:04.893041
44	1000	\N	1	1	cashalo	none	partial	{"en_US": "Cashalo", "fr_FR": "Cashalo"}	f	f	f	2025-07-20 21:22:04.893041	2025-07-20 21:22:04.893041
45	1000	\N	1	1	cebuana	none	partial	{"en_US": "Cebuana", "fr_FR": "Cebuana"}	f	f	f	2025-07-20 21:22:04.893041	2025-07-20 21:22:04.893041
196	1000	42	1	1	cencosud	none	none	{"en_US": "Cencosud", "fr_FR": "Cencosud"}	f	\N	\N	2025-07-20 21:22:04.893041	2025-07-20 21:22:04.893041
197	1000	42	1	1	cirrus	none	none	{"en_US": "Cirrus", "fr_FR": "Cirrus"}	f	\N	\N	2025-07-20 21:22:04.893041	2025-07-20 21:22:04.893041
47	1000	\N	1	1	clearpay	partial	partial	{"en_US": "Clearpay", "fr_FR": "Clearpay"}	f	f	f	2025-07-20 21:22:04.893041	2025-07-20 21:22:04.893041
199	1000	42	1	1	codensa	none	none	{"en_US": "Codensa", "fr_FR": "Codensa"}	f	\N	\N	2025-07-20 21:22:04.893041	2025-07-20 21:22:04.893041
200	1000	42	1	1	cordial	none	none	{"en_US": "Cordial", "fr_FR": "Cordial"}	f	\N	\N	2025-07-20 21:22:04.893041	2025-07-20 21:22:04.893041
201	1000	42	1	1	cordobesa	none	none	{"en_US": "Cordobesa", "fr_FR": "Cordobesa"}	f	\N	\N	2025-07-20 21:22:04.893041	2025-07-20 21:22:04.893041
202	1000	42	1	1	credit	none	none	{"en_US": "Credit Payment", "fr_FR": "Credit Payment"}	f	\N	\N	2025-07-20 21:22:04.893041	2025-07-20 21:22:04.893041
50	1000	\N	1	1	dana	none	partial	{"en_US": "Dana", "fr_FR": "Dana"}	f	f	f	2025-07-20 21:22:04.893041	2025-07-20 21:22:04.893041
203	1000	42	1	1	dankort	none	none	{"en_US": "Dankort", "fr_FR": "Dankort"}	f	\N	\N	2025-07-20 21:22:04.893041	2025-07-20 21:22:04.893041
204	1000	25	1	1	davivienda	none	none	{"en_US": "Davivienda", "fr_FR": "Davivienda"}	f	\N	\N	2025-07-20 21:22:04.893041	2025-07-20 21:22:04.893041
205	1000	42	1	1	diners	none	none	{"en_US": "Diners Club International", "fr_FR": "Diners Club International"}	f	\N	\N	2025-07-20 21:22:04.893041	2025-07-20 21:22:04.893041
206	1000	42	1	1	discover	none	none	{"en_US": "Discover", "fr_FR": "Découvrir"}	f	\N	\N	2025-07-20 21:22:04.893041	2025-07-20 21:22:04.893041
51	1000	\N	1	1	dolfin	none	none	{"en_US": "Dolfin", "fr_FR": "Dolfin"}	f	f	f	2025-07-20 21:22:04.893041	2025-07-20 21:22:04.893041
53	1000	\N	1	1	duitnow	none	partial	{"en_US": "DuitNow", "fr_FR": "DuitNow"}	f	f	f	2025-07-20 21:22:04.893041	2025-07-20 21:22:04.893041
55	1000	\N	1	1	emi_india	partial	partial	{"en_US": "EMI", "fr_FR": "EMI"}	f	f	f	2025-07-20 21:22:04.893041	2025-07-20 21:22:04.893041
57	1000	\N	1	1	eps	none	partial	{"en_US": "EPS", "fr_FR": "EPS"}	f	f	f	2025-07-20 21:22:04.893041	2025-07-20 21:22:04.893041
207	1000	42	1	1	elo	none	none	{"en_US": "Elo", "fr_FR": "Elo"}	f	\N	\N	2025-07-20 21:22:04.893041	2025-07-20 21:22:04.893041
60	1000	\N	1	1	fps	none	none	{"en_US": "FPS", "fr_FR": "FPS"}	f	f	f	2025-07-20 21:22:04.893041	2025-07-20 21:22:04.893041
61	1000	\N	1	1	fpx	none	partial	{"en_US": "FPX", "fr_FR": "FPX"}	f	f	f	2025-07-20 21:22:04.893041	2025-07-20 21:22:04.893041
58	1000	\N	1	1	floa_bank	none	none	{"en_US": "Floa Bank", "fr_FR": "Floa Bank"}	f	f	f	2025-07-20 21:22:04.893041	2025-07-20 21:22:04.893041
62	1000	\N	1	1	frafinance	none	none	{"en_US": "Frafinance", "fr_FR": "Frafinance"}	f	f	f	2025-07-20 21:22:04.893041	2025-07-20 21:22:04.893041
63	1000	\N	1	1	gcash	none	partial	{"en_US": "GCash", "fr_FR": "GCash"}	f	f	f	2025-07-20 21:22:04.893041	2025-07-20 21:22:04.893041
64	1000	\N	1	1	gopay	none	partial	{"en_US": "GoPay", "fr_FR": "GoPay"}	f	f	f	2025-07-20 21:22:04.893041	2025-07-20 21:22:04.893041
66	1000	\N	1	1	gsb	none	none	{"en_US": "Government Savings Bank", "fr_FR": "Government Savings Bank"}	f	f	f	2025-07-20 21:22:04.893041	2025-07-20 21:22:04.893041
65	1000	\N	1	1	grabpay	none	partial	{"en_US": "GrabPay", "fr_FR": "GrabPay"}	f	f	f	2025-07-20 21:22:04.893041	2025-07-20 21:22:04.893041
68	1000	\N	1	1	hd	none	none	{"en_US": "HD Bank", "fr_FR": "HD Bank"}	f	f	f	2025-07-20 21:22:04.893041	2025-07-20 21:22:04.893041
209	1000	42	1	1	hipercard	none	none	{"en_US": "Hipercard", "fr_FR": "Hipercard"}	f	\N	\N	2025-07-20 21:22:04.893041	2025-07-20 21:22:04.893041
69	1000	\N	1	1	hoolah	none	none	{"en_US": "Hoolah", "fr_FR": "Hoolah"}	f	f	f	2025-07-20 21:22:04.893041	2025-07-20 21:22:04.893041
70	1000	\N	1	1	humm	none	none	{"en_US": "Humm", "fr_FR": "Humm"}	f	f	f	2025-07-20 21:22:04.893041	2025-07-20 21:22:04.893041
210	1000	42	1	1	jcb	none	none	{"en_US": "JCB", "fr_FR": "JCB"}	f	\N	\N	2025-07-20 21:22:04.893041	2025-07-20 21:22:04.893041
75	1000	\N	1	1	jeniuspay	none	partial	{"en_US": "JeniusPay", "fr_FR": "JeniusPay"}	f	f	f	2025-07-20 21:22:04.893041	2025-07-20 21:22:04.893041
76	1000	\N	1	1	jkopay	none	none	{"en_US": "Jkopay", "fr_FR": "Jkopay"}	f	f	f	2025-07-20 21:22:04.893041	2025-07-20 21:22:04.893041
79	1000	\N	1	1	kbc_cbc	none	partial	{"en_US": "KBC/CBC", "fr_FR": "KBC/CBC"}	f	f	f	2025-07-20 21:22:04.893041	2025-07-20 21:22:04.893041
84	1000	\N	1	1	knet	none	partial	{"en_US": "KNET", "fr_FR": "KNET"}	f	f	f	2025-07-20 21:22:04.893041	2025-07-20 21:22:04.893041
77	1000	\N	1	1	kakaopay	none	partial	{"en_US": "KakaoPay", "fr_FR": "KakaoPay"}	f	f	f	2025-07-20 21:22:04.893041	2025-07-20 21:22:04.893041
78	1000	\N	1	1	kasikorn_bank	none	none	{"en_US": "Kasikorn Bank", "fr_FR": "Kasikorn Bank"}	f	f	f	2025-07-20 21:22:04.893041	2025-07-20 21:22:04.893041
81	1000	\N	1	1	klarna	partial	partial	{"en_US": "Klarna", "fr_FR": "Klarna"}	f	f	f	2025-07-20 21:22:04.893041	2025-07-20 21:22:04.893041
82	1000	\N	1	1	klarna_paynow	partial	partial	{"en_US": "Klarna - Pay Now", "fr_FR": "Klarna - Payez maintenant"}	f	f	f	2025-07-20 21:22:04.893041	2025-07-20 21:22:04.893041
83	1000	\N	1	1	klarna_pay_over_time	partial	partial	{"en_US": "Klarna - Pay over time", "fr_FR": "Klarna - Payez plus tard"}	f	f	f	2025-07-20 21:22:04.893041	2025-07-20 21:22:04.893041
85	1000	\N	1	1	kredivo	none	none	{"en_US": "Kredivo", "fr_FR": "Kredivo"}	f	f	f	2025-07-20 21:22:04.893041	2025-07-20 21:22:04.893041
86	1000	\N	1	1	krungthai_bank	none	none	{"en_US": "KrungThai Bank", "fr_FR": "KrungThai Bank"}	f	f	f	2025-07-20 21:22:04.893041	2025-07-20 21:22:04.893041
87	1000	\N	1	1	linepay	none	none	{"en_US": "LINE Pay", "fr_FR": "LINE Pay"}	f	f	f	2025-07-20 21:22:04.893041	2025-07-20 21:22:04.893041
211	1000	42	1	1	lider	none	none	{"en_US": "Lider", "fr_FR": "Lider"}	f	\N	\N	2025-07-20 21:22:04.893041	2025-07-20 21:22:04.893041
88	1000	\N	1	1	linkaja	none	none	{"en_US": "LinkAja", "fr_FR": "LinkAja"}	f	f	f	2025-07-20 21:22:04.893041	2025-07-20 21:22:04.893041
89	1000	\N	1	1	lydia	none	none	{"en_US": "Lydia", "fr_FR": "Lydia"}	f	f	f	2025-07-20 21:22:04.893041	2025-07-20 21:22:04.893041
90	1000	\N	1	1	lyfpay	none	none	{"en_US": "LyfPay", "fr_FR": "LyfPay"}	f	f	f	2025-07-20 21:22:04.893041	2025-07-20 21:22:04.893041
100	1000	\N	1	1	mpesa	none	none	{"en_US": "M-Pesa", "fr_FR": "M-Pesa"}	f	f	f	2025-07-20 21:22:04.893041	2025-07-20 21:22:04.893041
95	1000	\N	1	1	mbway	none	partial	{"en_US": "MB WAY", "fr_FR": "MB WAY"}	f	f	f	2025-07-20 21:22:04.893041	2025-07-20 21:22:04.893041
91	1000	\N	1	1	mada	none	none	{"en_US": "Mada", "fr_FR": "Mada"}	f	f	f	2025-07-20 21:22:04.893041	2025-07-20 21:22:04.893041
214	1000	42	1	1	maestro	none	none	{"en_US": "Maestro", "fr_FR": "Maestro"}	f	\N	\N	2025-07-20 21:22:04.893041	2025-07-20 21:22:04.893041
215	1000	42	1	1	magna	none	none	{"en_US": "Magna", "fr_FR": "Magna"}	f	\N	\N	2025-07-20 21:22:04.893041	2025-07-20 21:22:04.893041
92	1000	\N	1	1	mandiri	none	none	{"en_US": "Mandiri", "fr_FR": "Mandiri"}	f	f	f	2025-07-20 21:22:04.893041	2025-07-20 21:22:04.893041
216	1000	42	1	1	mastercard	none	none	{"en_US": "MasterCard", "fr_FR": "MasterCard"}	f	\N	\N	2025-07-20 21:22:04.893041	2025-07-20 21:22:04.893041
93	1000	\N	1	1	maya	none	none	{"en_US": "Maya", "fr_FR": "Maya"}	f	f	f	2025-07-20 21:22:04.893041	2025-07-20 21:22:04.893041
94	1000	\N	1	1	maybank	none	none	{"en_US": "Maybank", "fr_FR": "Maybank"}	f	f	f	2025-07-20 21:22:04.893041	2025-07-20 21:22:04.893041
213	1000	42	1	1	meeza	none	none	{"en_US": "Meeza", "fr_FR": "Meeza"}	f	\N	\N	2025-07-20 21:22:04.893041	2025-07-20 21:22:04.893041
212	1000	42	1	1	mercado_livre	none	none	{"en_US": "Mercado Livre", "fr_FR": "Mercado Livre"}	f	\N	\N	2025-07-20 21:22:04.893041	2025-07-20 21:22:04.893041
99	1000	\N	1	1	momo	none	partial	{"en_US": "MoMo", "fr_FR": "MoMo"}	f	f	f	2025-07-20 21:22:04.893041	2025-07-20 21:22:04.893041
96	1000	\N	1	1	mobile_money	none	none	{"en_US": "Mobile money", "fr_FR": "Mobile money"}	f	f	f	2025-07-20 21:22:04.893041	2025-07-20 21:22:04.893041
97	1000	\N	1	1	mobile_pay	partial	partial	{"en_US": "MobilePay", "fr_FR": "MobilePay"}	f	f	f	2025-07-20 21:22:04.893041	2025-07-20 21:22:04.893041
101	1000	\N	1	1	multibanco	none	none	{"en_US": "Multibanco", "fr_FR": "Multibanco"}	f	f	f	2025-07-20 21:22:04.893041	2025-07-20 21:22:04.893041
102	1000	\N	1	1	mybank	none	none	{"en_US": "MyBank", "fr_FR": "MyBank"}	f	f	f	2025-07-20 21:22:04.893041	2025-07-20 21:22:04.893041
217	1000	42	1	1	naps	none	none	{"en_US": "NAPS", "fr_FR": "NAPS"}	f	\N	\N	2025-07-20 21:22:04.893041	2025-07-20 21:22:04.893041
104	1000	\N	1	1	napas_card	none	full_only	{"en_US": "Napas Card", "fr_FR": "Napas Card"}	f	f	f	2025-07-20 21:22:04.893041	2025-07-20 21:22:04.893041
218	1000	42	1	1	naranja	none	none	{"en_US": "Naranja", "fr_FR": "Naranja"}	f	\N	\N	2025-07-20 21:22:04.893041	2025-07-20 21:22:04.893041
219	1000	42	1	1	nativa	none	none	{"en_US": "Nativa", "fr_FR": "Nativa"}	f	\N	\N	2025-07-20 21:22:04.893041	2025-07-20 21:22:04.893041
105	1000	\N	1	1	naver_pay	none	none	{"en_US": "Naver Pay", "fr_FR": "Naver Pay"}	f	f	f	2025-07-20 21:22:04.893041	2025-07-20 21:22:04.893041
106	1000	\N	1	1	netbanking	partial	partial	{"en_US": "Netbanking", "fr_FR": "Netbanking"}	f	f	f	2025-07-20 21:22:04.893041	2025-07-20 21:22:04.893041
114	1000	\N	1	1	ovo	none	none	{"en_US": "OVO", "fr_FR": "OVO"}	f	f	f	2025-07-20 21:22:04.893041	2025-07-20 21:22:04.893041
220	1000	42	1	1	oca	none	none	{"en_US": "Oca", "fr_FR": "Oca"}	f	\N	\N	2025-07-20 21:22:04.893041	2025-07-20 21:22:04.893041
107	1000	\N	1	1	octopus	none	none	{"en_US": "Octopus", "fr_FR": "Octopus"}	f	f	f	2025-07-20 21:22:04.893041	2025-07-20 21:22:04.893041
108	1000	42	1	1	omannet	none	none	{"en_US": "OmanNet", "fr_FR": "OmanNet"}	f	f	f	2025-07-20 21:22:04.893041	2025-07-20 21:22:04.893041
109	1000	\N	1	1	online_banking_czech_republic	none	partial	{"en_US": "Online Banking Czech Republic", "fr_FR": "Online Banking Czech Republic"}	f	f	f	2025-07-20 21:22:04.893041	2025-07-20 21:22:04.893041
110	1000	\N	1	1	online_banking_india	none	full_only	{"en_US": "Online Banking India", "fr_FR": "Online Banking India"}	f	f	f	2025-07-20 21:22:04.893041	2025-07-20 21:22:04.893041
111	1000	\N	1	1	online_banking_slovakia	none	partial	{"en_US": "Online Banking Slovakia", "fr_FR": "Online Banking Slovakia"}	f	f	f	2025-07-20 21:22:04.893041	2025-07-20 21:22:04.893041
112	1000	\N	1	1	online_banking_thailand	none	none	{"en_US": "Online Banking Thailand", "fr_FR": "Online Banking Thailand"}	f	f	f	2025-07-20 21:22:04.893041	2025-07-20 21:22:04.893041
113	1000	\N	1	1	open_banking	none	partial	{"en_US": "Open banking", "fr_FR": "Open banking"}	f	f	f	2025-07-20 21:22:04.893041	2025-07-20 21:22:04.893041
138	1000	\N	1	1	p24	none	partial	{"en_US": "P24", "fr_FR": "P24"}	f	f	f	2025-07-20 21:22:04.893041	2025-07-20 21:22:04.893041
131	1000	\N	1	1	poli	none	none	{"en_US": "POLi", "fr_FR": "POLi"}	f	f	f	2025-07-20 21:22:04.893041	2025-07-20 21:22:04.893041
134	1000	\N	1	1	pps	none	none	{"en_US": "PPS", "fr_FR": "PPS"}	f	f	f	2025-07-20 21:22:04.893041	2025-07-20 21:22:04.893041
137	1000	\N	1	1	pse	none	none	{"en_US": "PSE", "fr_FR": "PSE"}	f	f	f	2025-07-20 21:22:04.893041	2025-07-20 21:22:04.893041
117	1000	\N	1	1	pace	none	none	{"en_US": "Pace.", "fr_FR": "Pace."}	f	f	f	2025-07-20 21:22:04.893041	2025-07-20 21:22:04.893041
118	1000	\N	1	1	paylater_india	partial	full_only	{"en_US": "Pay Later", "fr_FR": "Payez plus tard"}	f	f	f	2025-07-20 21:22:04.893041	2025-07-20 21:22:04.893041
119	1000	\N	1	1	pay_easy	none	none	{"en_US": "Pay-easy", "fr_FR": "Pay-easy"}	f	f	f	2025-07-20 21:22:04.893041	2025-07-20 21:22:04.893041
116	1000	\N	1	1	paybright	partial	partial	{"en_US": "PayBright", "fr_FR": "PayBright"}	f	f	f	2025-07-20 21:22:04.893041	2025-07-20 21:22:04.893041
120	1000	\N	1	1	pay_id	none	none	{"en_US": "PayID", "fr_FR": "PayID"}	f	f	f	2025-07-20 21:22:04.893041	2025-07-20 21:22:04.893041
122	1000	\N	1	1	payme	none	none	{"en_US": "PayMe", "fr_FR": "PayMe"}	f	f	f	2025-07-20 21:22:04.893041	2025-07-20 21:22:04.893041
123	1000	\N	1	1	paynow	none	partial	{"en_US": "PayNow", "fr_FR": "PayNow"}	f	f	f	2025-07-20 21:22:04.893041	2025-07-20 21:22:04.893041
125	1000	\N	1	1	paypay	partial	none	{"en_US": "PayPay", "fr_FR": "PayPay"}	f	f	f	2025-07-20 21:22:04.893041	2025-07-20 21:22:04.893041
126	1000	\N	1	1	paysafecard	none	full_only	{"en_US": "PaySafeCard", "fr_FR": "PaySafeCard"}	f	f	f	2025-07-20 21:22:04.893041	2025-07-20 21:22:04.893041
129	1000	\N	1	1	payu	none	none	{"en_US": "PayU", "fr_FR": "PayU"}	f	f	f	2025-07-20 21:22:04.893041	2025-07-20 21:22:04.893041
121	1000	\N	1	1	paylib	none	none	{"en_US": "Paylib", "fr_FR": "Paylib"}	f	f	f	2025-07-20 21:22:04.893041	2025-07-20 21:22:04.893041
169	1000	\N	1	1	unknown	partial	partial	{"en_US": "Payment method", "fr_FR": "Mode de paiement"}	f	t	t	2025-07-20 21:22:04.893041	2025-07-20 21:22:04.893041
124	20	\N	1	1	paypal	partial	partial	{"en_US": "Paypal", "fr_FR": "Paypal"}	f	f	f	2025-07-20 21:22:04.893041	2025-07-20 21:22:04.893041
127	1000	\N	1	1	paytm	none	partial	{"en_US": "Paytm", "fr_FR": "Paytm"}	f	f	f	2025-07-20 21:22:04.893041	2025-07-20 21:22:04.893041
128	1000	\N	1	1	paytrail	none	partial	{"en_US": "Paytrail", "fr_FR": "Paytrail"}	f	f	f	2025-07-20 21:22:04.893041	2025-07-20 21:22:04.893041
130	1000	\N	1	1	pix	none	partial	{"en_US": "Pix", "fr_FR": "Pix"}	f	f	f	2025-07-20 21:22:04.893041	2025-07-20 21:22:04.893041
132	1000	\N	1	1	post_finance_pay	none	partial	{"en_US": "PostFinance Pay", "fr_FR": "PostFinance Pay"}	f	f	f	2025-07-20 21:22:04.893041	2025-07-20 21:22:04.893041
133	1000	\N	1	1	poste_pay	none	none	{"en_US": "PostePay", "fr_FR": "PostePay"}	f	f	f	2025-07-20 21:22:04.893041	2025-07-20 21:22:04.893041
221	1000	42	1	1	presto	none	none	{"en_US": "Presto", "fr_FR": "Presto"}	f	\N	\N	2025-07-20 21:22:04.893041	2025-07-20 21:22:04.893041
136	1000	\N	1	1	promptpay	none	partial	{"en_US": "Prompt Pay", "fr_FR": "Prompt Pay"}	f	f	f	2025-07-20 21:22:04.893041	2025-07-20 21:22:04.893041
139	1000	\N	1	1	qris	none	none	{"en_US": "QRIS", "fr_FR": "QRIS"}	f	f	f	2025-07-20 21:22:04.893041	2025-07-20 21:22:04.893041
140	1000	\N	1	1	rabbit_line_pay	none	none	{"en_US": "Rabbit LINE Pay", "fr_FR": "Rabbit LINE Pay"}	f	f	f	2025-07-20 21:22:04.893041	2025-07-20 21:22:04.893041
141	1000	\N	1	1	ratepay	partial	partial	{"en_US": "Ratepay", "fr_FR": "Ratepay"}	f	f	f	2025-07-20 21:22:04.893041	2025-07-20 21:22:04.893041
142	1000	\N	1	1	revolut_pay	full_only	partial	{"en_US": "Revolut Pay", "fr_FR": "Revolut Pay"}	f	f	f	2025-07-20 21:22:04.893041	2025-07-20 21:22:04.893041
223	1000	42	1	1	rupay	none	none	{"en_US": "RuPay", "fr_FR": "RuPay"}	f	\N	\N	2025-07-20 21:22:04.893041	2025-07-20 21:22:04.893041
145	1000	\N	1	1	sepa_direct_debit	none	partial	{"en_US": "SEPA Direct Debit", "fr_FR": "Prélèvement SEPA"}	f	t	f	2025-07-20 21:22:04.893041	2025-07-20 21:22:04.893041
143	1000	\N	1	1	samsung_pay	partial	partial	{"en_US": "Samsung Pay", "fr_FR": "Samsung Pay"}	f	f	f	2025-07-20 21:22:04.893041	2025-07-20 21:22:04.893041
146	1000	\N	1	1	shopback	none	none	{"en_US": "ShopBack", "fr_FR": "ShopBack"}	f	f	f	2025-07-20 21:22:04.893041	2025-07-20 21:22:04.893041
147	1000	\N	1	1	shopeepay	none	partial	{"en_US": "ShopeePay", "fr_FR": "ShopeePay"}	f	f	f	2025-07-20 21:22:04.893041	2025-07-20 21:22:04.893041
224	1000	42	1	1	shopping	none	none	{"en_US": "Shopping Card", "fr_FR": "Shopping Card"}	f	\N	\N	2025-07-20 21:22:04.893041	2025-07-20 21:22:04.893041
144	1000	\N	1	1	scb	none	none	{"en_US": "Siam Commerical Bank", "fr_FR": "Siam Commerical Bank"}	f	f	f	2025-07-20 21:22:04.893041	2025-07-20 21:22:04.893041
148	1000	\N	1	1	sofort	none	partial	{"en_US": "Sofort", "fr_FR": "Sofort"}	f	f	f	2025-07-20 21:22:04.893041	2025-07-20 21:22:04.893041
152	1000	\N	1	1	swish	none	partial	{"en_US": "Swish", "fr_FR": "Swish"}	f	f	f	2025-07-20 21:22:04.893041	2025-07-20 21:22:04.893041
158	1000	\N	1	1	tenpay	none	none	{"en_US": "TENPAY", "fr_FR": "TENPAY"}	f	f	f	2025-07-20 21:22:04.893041	2025-07-20 21:22:04.893041
166	1000	\N	1	1	ttb	none	none	{"en_US": "TTB", "fr_FR": "TTB"}	f	f	f	2025-07-20 21:22:04.893041	2025-07-20 21:22:04.893041
161	1000	\N	1	1	tmb	none	none	{"en_US": "Tamilnad Mercantile Bank Limited", "fr_FR": "Tamilnad Mercantile Bank Limited"}	f	f	f	2025-07-20 21:22:04.893041	2025-07-20 21:22:04.893041
225	1000	42	1	1	tarjeta_mercadopago	none	none	{"en_US": "Tarjeta MercadoPago", "fr_FR": "Tarjeta MercadoPago"}	f	\N	\N	2025-07-20 21:22:04.893041	2025-07-20 21:22:04.893041
156	1000	\N	1	1	techcom	none	none	{"en_US": "Techcombank", "fr_FR": "Techcombank"}	f	f	f	2025-07-20 21:22:04.893041	2025-07-20 21:22:04.893041
157	1000	\N	1	1	tendopay	none	none	{"en_US": "TendoPay", "fr_FR": "TendoPay"}	f	f	f	2025-07-20 21:22:04.893041	2025-07-20 21:22:04.893041
159	1000	\N	1	1	tienphong	none	none	{"en_US": "Tienphong", "fr_FR": "Tienphong"}	f	f	f	2025-07-20 21:22:04.893041	2025-07-20 21:22:04.893041
160	1000	\N	1	1	tinka	none	none	{"en_US": "Tinka", "fr_FR": "Tinka"}	f	f	f	2025-07-20 21:22:04.893041	2025-07-20 21:22:04.893041
162	1000	\N	1	1	toss_pay	none	none	{"en_US": "Toss Pay", "fr_FR": "Toss Pay"}	f	f	f	2025-07-20 21:22:04.893041	2025-07-20 21:22:04.893041
163	1000	\N	1	1	touch_n_go	none	partial	{"en_US": "Touch'n Go", "fr_FR": "Touch'n Go"}	f	f	f	2025-07-20 21:22:04.893041	2025-07-20 21:22:04.893041
164	1000	\N	1	1	truemoney	none	none	{"en_US": "TrueMoney", "fr_FR": "TrueMoney"}	f	f	f	2025-07-20 21:22:04.893041	2025-07-20 21:22:04.893041
165	1000	\N	1	1	trustly	none	partial	{"en_US": "Trustly", "fr_FR": "Trustly"}	f	f	f	2025-07-20 21:22:04.893041	2025-07-20 21:22:04.893041
167	1000	\N	1	1	twint	none	partial	{"en_US": "Twint", "fr_FR": "Twint"}	f	f	f	2025-07-20 21:22:04.893041	2025-07-20 21:22:04.893041
171	1000	\N	1	1	upi	none	partial	{"en_US": "UPI", "fr_FR": "UPI"}	f	t	f	2025-07-20 21:22:04.893041	2025-07-20 21:22:04.893041
172	1000	\N	1	1	ussd	none	none	{"en_US": "USSD", "fr_FR": "USSD"}	f	f	f	2025-07-20 21:22:04.893041	2025-07-20 21:22:04.893041
226	1000	42	1	1	unionpay	none	none	{"en_US": "UnionPay", "fr_FR": "UnionPay"}	f	\N	\N	2025-07-20 21:22:04.893041	2025-07-20 21:22:04.893041
170	1000	\N	1	1	uob	none	none	{"en_US": "United Overseas Bank", "fr_FR": "United Overseas Bank"}	f	f	f	2025-07-20 21:22:04.893041	2025-07-20 21:22:04.893041
168	1000	\N	1	1	uatp	none	none	{"en_US": "Universal Air Travel Plan", "fr_FR": "Universal Air Travel Plan"}	f	f	f	2025-07-20 21:22:04.893041	2025-07-20 21:22:04.893041
177	1000	\N	1	1	vpay	none	none	{"en_US": "V PAY", "fr_FR": "V PAY"}	f	f	f	2025-07-20 21:22:04.893041	2025-07-20 21:22:04.893041
227	1000	42	1	1	visa	none	none	{"en_US": "VISA", "fr_FR": "VISA"}	f	\N	\N	2025-07-20 21:22:04.893041	2025-07-20 21:22:04.893041
174	1000	\N	1	1	venmo	none	partial	{"en_US": "Venmo", "fr_FR": "Venmo"}	f	f	f	2025-07-20 21:22:04.893041	2025-07-20 21:22:04.893041
175	1000	\N	1	1	vietcom	none	none	{"en_US": "Vietcombank", "fr_FR": "Vietcombank"}	f	f	f	2025-07-20 21:22:04.893041	2025-07-20 21:22:04.893041
176	1000	\N	1	1	vipps	partial	partial	{"en_US": "Vipps", "fr_FR": "Vipps"}	f	f	f	2025-07-20 21:22:04.893041	2025-07-20 21:22:04.893041
178	1000	\N	1	1	wallets_india	none	full_only	{"en_US": "Wallets India", "fr_FR": "Wallets India"}	f	f	f	2025-07-20 21:22:04.893041	2025-07-20 21:22:04.893041
179	1000	\N	1	1	walley	full_only	partial	{"en_US": "Walley", "fr_FR": "Walley"}	f	f	f	2025-07-20 21:22:04.893041	2025-07-20 21:22:04.893041
181	1000	\N	1	1	wechat_pay	none	partial	{"en_US": "WeChat Pay", "fr_FR": "WeChat Pay"}	f	f	f	2025-07-20 21:22:04.893041	2025-07-20 21:22:04.893041
182	1000	\N	1	1	welend	none	none	{"en_US": "WeLend", "fr_FR": "WeLend"}	f	f	f	2025-07-20 21:22:04.893041	2025-07-20 21:22:04.893041
183	1000	\N	1	1	zalopay	none	none	{"en_US": "Zalopay", "fr_FR": "Zalopay"}	f	f	f	2025-07-20 21:22:04.893041	2025-07-20 21:22:04.893041
184	1000	\N	1	1	zip	none	partial	{"en_US": "Zip", "fr_FR": "Code postal"}	f	f	f	2025-07-20 21:22:04.893041	2025-07-20 21:22:04.893041
48	1000	\N	1	1	cofidis	none	none	{"en_US": "cofidis", "fr_FR": "cofidis"}	f	f	f	2025-07-20 21:22:04.893041	2025-07-20 21:22:04.893041
56	1000	\N	1	1	enets	none	none	{"en_US": "eNETS", "fr_FR": "eNETS"}	f	f	f	2025-07-20 21:22:04.893041	2025-07-20 21:22:04.893041
71	1000	\N	1	1	ideal	none	partial	{"en_US": "iDEAL", "fr_FR": "iDEAL"}	f	f	f	2025-07-20 21:22:04.893041	2025-07-20 21:22:04.893041
73	1000	\N	1	1	in3	none	none	{"en_US": "in3", "fr_FR": "in3"}	f	f	f	2025-07-20 21:22:04.893041	2025-07-20 21:22:04.893041
228	1000	\N	1	1	wire_transfer	none	none	{"en_US": "Wire Transfer", "fr_FR": "Virement bancaire"}	f	f	f	2025-07-20 21:22:09.382734	2025-07-20 21:22:09.382734
229	1000	\N	1	1	cash_on_delivery	none	none	{"en_US": "Cash on Delivery"}	t	f	f	2025-07-20 21:22:17.354794	2025-07-20 21:22:17.354794
\.


--
-- Data for Name: payment_method_payment_provider_rel; Type: TABLE DATA; Schema: public; Owner: -
--

COPY public.payment_method_payment_provider_rel (payment_method_id, payment_provider_id) FROM stdin;
2	1
3	1
4	1
7	1
8	1
10	1
16	1
19	1
29	1
33	1
34	1
42	1
43	1
47	1
50	1
53	1
207	1
57	1
61	1
63	1
64	1
209	1
71	1
77	1
81	1
82	1
83	1
84	1
95	1
97	1
99	1
101	1
104	1
109	1
110	1
111	1
112	1
113	1
138	1
116	1
126	1
123	1
124	1
127	1
128	1
130	1
136	1
141	1
143	1
145	1
148	1
152	1
163	1
165	1
167	1
171	1
176	1
178	1
179	1
181	1
184	1
42	2
91	2
84	2
213	2
217	2
108	2
29	2
42	3
7	3
181	3
131	3
4	3
47	3
70	3
184	3
124	3
14	3
117	3
146	3
65	3
143	3
69	3
37	3
53	3
163	3
17	3
63	3
123	3
87	3
20	3
86	3
170	3
144	3
23	3
78	3
140	3
164	3
61	3
60	3
68	3
94	3
120	3
136	3
156	3
159	3
166	3
171	3
175	3
157	3
8	3
30	3
99	3
107	3
93	3
168	3
158	3
56	3
76	3
122	3
161	3
2	4
42	4
19	5
25	5
42	5
124	5
71	5
5	5
145	5
7	5
181	5
81	5
165	5
148	5
73	5
160	5
32	5
79	5
28	5
138	5
133	5
57	5
195	5
52	7
42	8
100	8
96	8
26	8
21	8
202	8
124	8
172	8
42	9
26	9
124	9
19	10
26	10
28	10
42	10
57	10
71	10
79	10
124	10
126	10
138	10
148	10
165	10
167	10
13	11
36	11
42	11
103	11
115	11
130	11
137	11
150	11
180	11
11	12
42	12
49	12
54	12
59	12
67	12
72	12
74	12
80	12
98	12
108	12
135	12
149	12
151	12
153	12
154	12
155	12
173	12
124	13
42	14
55	14
61	14
106	14
118	14
123	14
171	14
178	14
145	15
2	16
3	16
4	16
7	16
16	16
19	16
27	16
36	16
42	16
43	16
47	16
57	16
61	16
65	16
71	16
81	16
97	16
101	16
138	16
123	16
124	16
130	16
136	16
142	16
145	16
148	16
167	16
171	16
181	16
184	16
9	18
19	18
33	18
42	18
48	18
57	18
58	18
71	18
81	18
95	18
101	18
138	18
124	18
132	18
167	18
181	18
1	19
6	19
22	19
24	19
31	19
35	19
40	19
41	19
42	19
44	19
45	19
46	19
50	19
63	19
65	19
75	19
85	19
88	19
92	19
93	19
114	19
139	19
147	19
228	17
229	20
\.


--
-- Data for Name: payment_method_res_country_rel; Type: TABLE DATA; Schema: public; Owner: -
--

COPY public.payment_method_res_country_rel (payment_method_id, res_country_id) FROM stdin;
1	176
2	181
2	233
3	233
3	38
4	13
4	170
4	233
4	38
5	165
5	20
5	57
5	12
5	70
6	100
8	94
9	12
9	13
9	20
9	22
9	43
9	50
9	55
9	57
9	59
9	64
9	68
9	70
9	75
9	88
9	94
9	97
9	99
9	101
9	108
9	109
9	121
9	128
9	132
9	133
9	134
9	152
9	157
9	165
9	166
9	176
9	178
9	183
9	188
9	196
9	199
9	201
9	217
9	231
10	75
11	65
12	20
12	55
12	59
12	75
12	99
12	101
12	109
12	133
12	183
12	68
12	231
12	233
13	63
14	157
14	197
15	75
16	231
17	176
18	109
19	20
20	217
22	100
23	217
24	100
27	13
28	20
29	23
30	104
31	176
32	165
32	20
33	68
34	178
35	100
36	31
37	157
38	176
39	100
40	100
41	100
43	233
44	176
45	176
46	100
47	231
48	20
48	75
49	65
50	100
51	217
53	157
54	177
55	104
56	197
57	12
58	31
58	68
58	75
58	109
58	183
59	65
60	94
61	157
62	20
63	176
64	100
65	157
65	197
65	176
66	217
67	65
68	241
69	197
69	157
69	94
69	217
70	13
70	170
70	231
70	101
71	165
72	65
73	165
74	177
75	100
76	48
77	121
78	217
79	20
80	65
81	13
81	12
81	20
81	38
81	56
81	59
81	70
81	75
81	57
81	88
81	101
81	109
81	165
81	170
81	166
81	178
81	183
81	68
81	196
81	43
81	231
81	233
82	57
82	165
82	196
82	43
83	13
83	12
83	38
83	56
83	70
83	75
83	57
83	88
83	101
83	109
83	165
83	170
83	166
83	183
83	68
83	196
83	231
83	233
84	122
85	100
86	217
87	113
87	227
87	217
88	100
89	75
90	75
91	192
91	2
92	100
93	176
94	100
95	183
96	80
96	47
96	44
96	144
96	204
96	230
96	191
96	248
97	59
97	70
98	65
99	241
100	114
101	183
102	109
103	234
104	241
105	121
106	104
107	94
108	171
109	56
110	104
111	201
112	217
113	231
114	100
115	156
116	38
117	197
117	113
117	157
117	94
117	227
117	217
118	104
119	113
120	13
120	170
121	75
122	94
123	197
125	113
126	12
126	13
126	20
126	31
126	38
126	97
126	55
126	56
126	59
126	70
126	75
126	78
126	57
126	81
126	99
126	108
126	101
126	109
126	122
126	134
126	128
126	132
126	133
126	152
126	156
126	138
126	139
126	165
126	170
126	166
126	185
126	173
126	178
126	183
126	188
126	192
126	189
126	201
126	199
126	68
126	196
126	43
126	224
126	2
126	231
126	233
126	234
127	104
128	70
129	178
130	31
131	13
131	170
132	12
132	20
132	22
132	43
132	55
132	56
132	57
132	59
132	64
132	68
132	70
132	75
132	88
132	97
132	99
132	101
132	109
132	132
132	133
132	134
132	152
132	165
132	178
132	183
132	188
132	196
132	199
132	201
132	231
133	109
134	94
135	65
136	217
137	49
138	178
139	100
140	217
141	12
141	57
141	165
141	43
142	231
144	217
145	12
145	20
145	55
145	64
145	70
145	75
145	57
145	88
145	101
145	109
145	134
145	132
145	133
145	152
145	165
145	183
145	201
145	199
145	68
145	43
145	56
145	231
145	108
145	99
145	188
145	196
145	97
145	166
145	22
146	197
147	100
147	176
148	57
148	12
148	20
148	165
148	68
148	43
148	178
148	109
148	231
149	65
150	156
151	192
152	196
153	65
154	2
154	192
155	2
155	192
156	241
157	176
158	48
159	241
160	165
161	217
162	121
163	157
164	217
165	12
165	57
165	59
165	64
165	68
165	70
165	231
165	134
165	132
165	165
165	166
165	196
166	217
167	43
170	197
171	104
173	65
174	233
175	241
176	166
178	104
179	59
179	70
179	166
179	196
180	46
182	94
183	241
184	13
184	38
184	170
184	233
\.


--
-- Data for Name: payment_method_res_currency_rel; Type: TABLE DATA; Schema: public; Owner: -
--

COPY public.payment_method_res_currency_rel (payment_method_id, res_currency_id) FROM stdin;
1	36
2	1
3	3
3	1
4	3
4	1
4	21
4	35
5	125
6	12
8	24
9	21
9	4
9	10
9	125
9	143
9	24
9	32
9	34
9	14
9	36
9	18
9	133
10	125
11	74
12	125
12	21
12	143
12	10
12	24
12	25
12	35
12	14
12	38
12	1
13	1
14	34
14	37
15	125
16	143
17	36
18	125
19	125
20	133
22	12
23	133
24	12
26	20
26	120
27	21
28	125
29	54
30	20
31	36
32	125
33	125
34	17
35	12
36	5
37	34
38	36
39	12
40	12
41	12
43	1
44	36
45	36
46	12
47	143
48	125
49	74
50	12
51	133
53	34
54	159
55	20
56	37
57	125
58	125
59	74
60	24
61	34
62	125
63	36
64	12
65	37
65	34
65	36
66	133
67	74
68	23
69	37
69	34
69	24
69	133
70	21
70	35
70	143
70	125
71	125
72	74
73	125
74	159
75	12
76	6
77	32
78	133
79	125
80	74
81	21
81	125
81	3
81	9
81	10
81	35
81	14
81	17
81	18
81	4
81	143
81	1
82	125
82	18
82	4
83	21
83	125
83	3
83	9
83	35
83	14
83	18
83	143
83	1
84	93
85	12
86	133
87	25
87	136
87	133
88	12
89	125
89	143
90	125
91	150
92	12
93	36
94	12
95	125
96	112
96	42
96	41
96	43
96	154
96	123
97	125
97	10
97	18
97	14
98	74
99	23
100	92
101	125
102	125
103	46
104	23
105	32
106	20
107	24
108	160
109	9
110	20
111	125
112	133
113	143
114	12
115	33
116	3
117	37
117	34
117	25
117	24
117	133
117	136
118	20
119	25
120	21
120	35
121	125
122	24
123	37
125	25
126	125
126	21
126	5
126	3
126	9
126	10
126	80
126	81
126	11
126	85
126	93
126	4
126	33
126	107
126	35
126	14
126	157
126	156
126	17
126	28
126	150
126	149
126	18
126	31
126	128
126	143
126	1
126	46
127	20
128	125
129	17
130	5
131	21
131	35
132	4
132	125
133	125
134	24
135	74
136	133
137	8
138	125
138	17
139	12
140	133
141	125
141	4
142	143
144	133
145	125
146	37
147	12
148	125
148	4
149	74
150	33
150	1
151	150
152	18
153	74
154	128
154	150
155	128
155	150
156	23
157	36
158	6
159	23
160	125
161	133
162	32
163	34
164	133
165	143
165	10
165	18
165	14
165	125
165	9
166	133
167	4
170	37
171	20
173	74
174	1
175	23
176	14
177	125
177	143
177	17
177	10
177	14
177	18
177	4
177	1
178	20
179	10
179	125
179	14
179	18
180	45
180	1
181	21
181	125
181	3
181	6
181	24
181	25
181	35
181	143
181	1
181	37
182	24
183	23
184	21
184	3
184	35
184	1
\.


--
-- Data for Name: payment_provider; Type: TABLE DATA; Schema: public; Owner: -
--

COPY public.payment_provider (id, sequence, company_id, redirect_form_view_id, inline_form_view_id, token_inline_form_view_id, express_checkout_form_view_id, color, module_id, create_uid, write_uid, code, state, name, pre_msg, pending_msg, auth_msg, done_msg, cancel_msg, maximum_amount, is_published, allow_tokenization, capture_manually, allow_express_checkout, create_date, write_date, custom_mode, qr_code, so_reference_type, website_id) FROM stdin;
7	\N	1	\N	\N	\N	\N	4	823	1	1	none	disabled	{"en_US": "DPO Pay"}	\N	{"en_US": "<p>Your payment has been processed but is waiting for approval.</p>"}	{"en_US": "<p>Votre paiement a été autorisé.</p>"}	{"en_US": "<p>Your payment has been processed.</p>"}	{"en_US": "<p>Votre paiement a été annulé.</p>"}	\N	\N	\N	\N	\N	2025-07-20 21:22:04.893041	2025-07-20 21:22:04.893041	\N	\N	so_name	\N
11	\N	1	\N	\N	\N	\N	4	827	1	1	none	disabled	{"en_US": "Nuvei"}	\N	{"en_US": "<p>Your payment has been processed but is waiting for approval.</p>"}	{"en_US": "<p>Votre paiement a été autorisé.</p>"}	{"en_US": "<p>Your payment has been processed.</p>"}	{"en_US": "<p>Votre paiement a été annulé.</p>"}	\N	\N	\N	\N	\N	2025-07-20 21:22:04.893041	2025-07-20 21:22:04.893041	\N	\N	so_name	\N
12	\N	1	\N	\N	\N	\N	4	828	1	1	none	disabled	{"en_US": "Paymob"}	\N	{"en_US": "<p>Your payment has been processed but is waiting for approval.</p>"}	{"en_US": "<p>Votre paiement a été autorisé.</p>"}	{"en_US": "<p>Your payment has been processed.</p>"}	{"en_US": "<p>Votre paiement a été annulé.</p>"}	\N	\N	\N	\N	\N	2025-07-20 21:22:04.893041	2025-07-20 21:22:04.893041	\N	\N	so_name	\N
1	\N	1	\N	\N	\N	\N	4	816	1	1	none	disabled	{"en_US": "Adyen", "fr_FR": "Adyen"}	\N	{"en_US": "<p>Your payment has been processed but is waiting for approval.</p>", "fr_FR": "<p>Your payment has been processed but is waiting for approval.</p>"}	{"en_US": "<p>Votre paiement a été autorisé.</p>", "fr_FR": "<p>Votre paiement a été autorisé.</p>"}	{"en_US": "<p>Your payment has been processed.</p>", "fr_FR": "<p>Your payment has been processed.</p>"}	{"en_US": "<p>Votre paiement a été annulé.</p>", "fr_FR": "<p>Votre paiement a été annulé.</p>"}	\N	\N	\N	\N	\N	2025-07-20 21:22:04.893041	2025-07-20 21:22:04.893041	\N	\N	so_name	\N
18	\N	1	\N	\N	\N	\N	4	833	1	1	none	disabled	{"en_US": "Worldline", "fr_FR": "Worldline"}	\N	{"en_US": "<p>Your payment has been processed but is waiting for approval.</p>", "fr_FR": "<p>Your payment has been processed but is waiting for approval.</p>"}	{"en_US": "<p>Votre paiement a été autorisé.</p>", "fr_FR": "<p>Votre paiement a été autorisé.</p>"}	{"en_US": "<p>Your payment has been processed.</p>", "fr_FR": "<p>Your payment has been processed.</p>"}	{"en_US": "<p>Votre paiement a été annulé.</p>", "fr_FR": "<p>Votre paiement a été annulé.</p>"}	\N	\N	\N	\N	\N	2025-07-20 21:22:04.893041	2025-07-20 21:22:04.893041	\N	\N	so_name	\N
2	\N	1	\N	\N	\N	\N	4	817	1	1	none	disabled	{"en_US": "Amazon Payment Services", "fr_FR": "Amazon Payment Services"}	\N	{"en_US": "<p>Your payment has been processed but is waiting for approval.</p>", "fr_FR": "<p>Your payment has been processed but is waiting for approval.</p>"}	{"en_US": "<p>Votre paiement a été autorisé.</p>", "fr_FR": "<p>Votre paiement a été autorisé.</p>"}	{"en_US": "<p>Your payment has been processed.</p>", "fr_FR": "<p>Your payment has been processed.</p>"}	{"en_US": "<p>Votre paiement a été annulé.</p>", "fr_FR": "<p>Votre paiement a été annulé.</p>"}	\N	\N	\N	\N	\N	2025-07-20 21:22:04.893041	2025-07-20 21:22:04.893041	\N	\N	so_name	\N
3	\N	1	\N	\N	\N	\N	4	818	1	1	none	disabled	{"en_US": "Asiapay", "fr_FR": "Asiapay"}	\N	{"en_US": "<p>Your payment has been processed but is waiting for approval.</p>", "fr_FR": "<p>Your payment has been processed but is waiting for approval.</p>"}	{"en_US": "<p>Votre paiement a été autorisé.</p>", "fr_FR": "<p>Votre paiement a été autorisé.</p>"}	{"en_US": "<p>Your payment has been processed.</p>", "fr_FR": "<p>Your payment has been processed.</p>"}	{"en_US": "<p>Votre paiement a été annulé.</p>", "fr_FR": "<p>Votre paiement a été annulé.</p>"}	\N	\N	\N	\N	\N	2025-07-20 21:22:04.893041	2025-07-20 21:22:04.893041	\N	\N	so_name	\N
4	\N	1	\N	\N	\N	\N	4	819	1	1	none	disabled	{"en_US": "Authorize.net", "fr_FR": "Authorize.net"}	\N	{"en_US": "<p>Your payment has been processed but is waiting for approval.</p>", "fr_FR": "<p>Your payment has been processed but is waiting for approval.</p>"}	{"en_US": "<p>Votre paiement a été autorisé.</p>", "fr_FR": "<p>Votre paiement a été autorisé.</p>"}	{"en_US": "<p>Your payment has been processed.</p>", "fr_FR": "<p>Your payment has been processed.</p>"}	{"en_US": "<p>Votre paiement a été annulé.</p>", "fr_FR": "<p>Votre paiement a été annulé.</p>"}	\N	\N	\N	\N	\N	2025-07-20 21:22:04.893041	2025-07-20 21:22:04.893041	\N	\N	so_name	\N
5	\N	1	\N	\N	\N	\N	4	820	1	1	none	disabled	{"en_US": "Buckaroo", "fr_FR": "Buckaroo"}	\N	{"en_US": "<p>Your payment has been processed but is waiting for approval.</p>", "fr_FR": "<p>Your payment has been processed but is waiting for approval.</p>"}	{"en_US": "<p>Votre paiement a été autorisé.</p>", "fr_FR": "<p>Votre paiement a été autorisé.</p>"}	{"en_US": "<p>Your payment has been processed.</p>", "fr_FR": "<p>Your payment has been processed.</p>"}	{"en_US": "<p>Votre paiement a été annulé.</p>", "fr_FR": "<p>Votre paiement a été annulé.</p>"}	\N	\N	\N	\N	\N	2025-07-20 21:22:04.893041	2025-07-20 21:22:04.893041	\N	\N	so_name	\N
6	40	1	\N	\N	\N	\N	4	822	1	1	none	disabled	{"en_US": "Demo", "fr_FR": "Démo"}	\N	{"en_US": "<p>Your payment has been processed but is waiting for approval.</p>", "fr_FR": "<p>Your payment has been processed but is waiting for approval.</p>"}	{"en_US": "<p>Votre paiement a été autorisé.</p>", "fr_FR": "<p>Votre paiement a été autorisé.</p>"}	{"en_US": "<p>Your payment has been processed.</p>", "fr_FR": "<p>Your payment has been processed.</p>"}	{"en_US": "<p>Votre paiement a été annulé.</p>", "fr_FR": "<p>Votre paiement a été annulé.</p>"}	\N	\N	\N	\N	\N	2025-07-20 21:22:04.893041	2025-07-20 21:22:04.893041	\N	\N	so_name	\N
8	\N	1	\N	\N	\N	\N	4	824	1	1	none	disabled	{"en_US": "Flutterwave", "fr_FR": "Flutterwave"}	\N	{"en_US": "<p>Your payment has been processed but is waiting for approval.</p>", "fr_FR": "<p>Your payment has been processed but is waiting for approval.</p>"}	{"en_US": "<p>Votre paiement a été autorisé.</p>", "fr_FR": "<p>Votre paiement a été autorisé.</p>"}	{"en_US": "<p>Your payment has been processed.</p>", "fr_FR": "<p>Your payment has been processed.</p>"}	{"en_US": "<p>Votre paiement a été annulé.</p>", "fr_FR": "<p>Votre paiement a été annulé.</p>"}	\N	\N	\N	\N	\N	2025-07-20 21:22:04.893041	2025-07-20 21:22:04.893041	\N	\N	so_name	\N
9	\N	1	\N	\N	\N	\N	4	825	1	1	none	disabled	{"en_US": "Mercado Pago", "fr_FR": "Mercado Pago"}	\N	{"en_US": "<p>Your payment has been processed but is waiting for approval.</p>", "fr_FR": "<p>Your payment has been processed but is waiting for approval.</p>"}	{"en_US": "<p>Votre paiement a été autorisé.</p>", "fr_FR": "<p>Votre paiement a été autorisé.</p>"}	{"en_US": "<p>Your payment has been processed.</p>", "fr_FR": "<p>Your payment has been processed.</p>"}	{"en_US": "<p>Votre paiement a été annulé.</p>", "fr_FR": "<p>Votre paiement a été annulé.</p>"}	\N	\N	\N	\N	\N	2025-07-20 21:22:04.893041	2025-07-20 21:22:04.893041	\N	\N	so_name	\N
10	\N	1	\N	\N	\N	\N	4	826	1	1	none	disabled	{"en_US": "Mollie", "fr_FR": "Mollie"}	\N	{"en_US": "<p>Your payment has been processed but is waiting for approval.</p>", "fr_FR": "<p>Your payment has been processed but is waiting for approval.</p>"}	{"en_US": "<p>Votre paiement a été autorisé.</p>", "fr_FR": "<p>Votre paiement a été autorisé.</p>"}	{"en_US": "<p>Your payment has been processed.</p>", "fr_FR": "<p>Your payment has been processed.</p>"}	{"en_US": "<p>Votre paiement a été annulé.</p>", "fr_FR": "<p>Votre paiement a été annulé.</p>"}	\N	\N	\N	\N	\N	2025-07-20 21:22:04.893041	2025-07-20 21:22:04.893041	\N	\N	so_name	\N
17	30	1	1871	\N	\N	\N	3	821	1	1	custom	disabled	{"en_US": "Wire Transfer", "fr_FR": "Virement bancaire"}	\N	\N	{"en_US": "<p>Votre paiement a été autorisé.</p>", "fr_FR": "<p>Votre paiement a été autorisé.</p>"}	{"en_US": "<p>Your payment has been processed.</p>", "fr_FR": "<p>Your payment has been processed.</p>"}	{"en_US": "<p>Votre paiement a été annulé.</p>", "fr_FR": "<p>Votre paiement a été annulé.</p>"}	\N	\N	\N	\N	\N	2025-07-20 21:22:04.893041	2025-07-20 21:22:09.382734	wire_transfer	\N	so_name	\N
13	\N	1	\N	\N	\N	\N	4	829	1	1	none	disabled	{"en_US": "PayPal", "fr_FR": "PayPal"}	\N	{"en_US": "<p>Your payment has been processed but is waiting for approval.</p>", "fr_FR": "<p>Your payment has been processed but is waiting for approval.</p>"}	{"en_US": "<p>Votre paiement a été autorisé.</p>", "fr_FR": "<p>Votre paiement a été autorisé.</p>"}	{"en_US": "<p>Your payment has been processed.</p>", "fr_FR": "<p>Your payment has been processed.</p>"}	{"en_US": "<p>Votre paiement a été annulé.</p>", "fr_FR": "<p>Votre paiement a été annulé.</p>"}	\N	\N	\N	\N	\N	2025-07-20 21:22:04.893041	2025-07-20 21:22:04.893041	\N	\N	so_name	\N
14	\N	1	\N	\N	\N	\N	4	830	1	1	none	disabled	{"en_US": "Razorpay", "fr_FR": "Razorpay"}	\N	{"en_US": "<p>Your payment has been processed but is waiting for approval.</p>", "fr_FR": "<p>Your payment has been processed but is waiting for approval.</p>"}	{"en_US": "<p>Votre paiement a été autorisé.</p>", "fr_FR": "<p>Votre paiement a été autorisé.</p>"}	{"en_US": "<p>Your payment has been processed.</p>", "fr_FR": "<p>Your payment has been processed.</p>"}	{"en_US": "<p>Votre paiement a été annulé.</p>", "fr_FR": "<p>Votre paiement a été annulé.</p>"}	\N	\N	\N	\N	\N	2025-07-20 21:22:04.893041	2025-07-20 21:22:04.893041	\N	\N	so_name	\N
15	20	1	\N	\N	\N	\N	4	831	1	1	none	disabled	{"en_US": "SEPA Direct Debit", "fr_FR": "Prélèvement SEPA"}	\N	{"en_US": "<p>Your payment has been processed but is waiting for approval.</p>", "fr_FR": "<p>Your payment has been processed but is waiting for approval.</p>"}	{"en_US": "<p>Votre paiement a été autorisé.</p>", "fr_FR": "<p>Votre paiement a été autorisé.</p>"}	{"en_US": "<p>Your payment has been processed.</p>", "fr_FR": "<p>Your payment has been processed.</p>"}	{"en_US": "<p>Votre paiement a été annulé.</p>", "fr_FR": "<p>Votre paiement a été annulé.</p>"}	\N	\N	\N	\N	\N	2025-07-20 21:22:04.893041	2025-07-20 21:22:04.893041	\N	\N	so_name	\N
16	\N	1	\N	\N	\N	\N	4	832	1	1	none	disabled	{"en_US": "Stripe", "fr_FR": "Stripe"}	\N	{"en_US": "<p>Your payment has been processed but is waiting for approval.</p>", "fr_FR": "<p>Your payment has been processed but is waiting for approval.</p>"}	{"en_US": "<p>Votre paiement a été autorisé.</p>", "fr_FR": "<p>Votre paiement a été autorisé.</p>"}	{"en_US": "<p>Your payment has been processed.</p>", "fr_FR": "<p>Your payment has been processed.</p>"}	{"en_US": "<p>Votre paiement a été annulé.</p>", "fr_FR": "<p>Votre paiement a été annulé.</p>"}	\N	\N	\N	\N	\N	2025-07-20 21:22:04.893041	2025-07-20 21:22:04.893041	\N	\N	so_name	\N
19	\N	1	\N	\N	\N	\N	4	834	1	1	none	disabled	{"en_US": "Xendit", "fr_FR": "Xendit"}	\N	{"en_US": "<p>Your payment has been processed but is waiting for approval.</p>", "fr_FR": "<p>Your payment has been processed but is waiting for approval.</p>"}	{"en_US": "<p>Votre paiement a été autorisé.</p>", "fr_FR": "<p>Votre paiement a été autorisé.</p>"}	{"en_US": "<p>Your payment has been processed.</p>", "fr_FR": "<p>Your payment has been processed.</p>"}	{"en_US": "<p>Votre paiement a été annulé.</p>", "fr_FR": "<p>Votre paiement a été annulé.</p>"}	\N	\N	\N	\N	\N	2025-07-20 21:22:04.893041	2025-07-20 21:22:04.893041	\N	\N	so_name	\N
20	\N	1	1871	\N	\N	\N	7	129	1	1	custom	enabled	{"en_US": "Cash on Delivery"}	\N	{"en_US": "<p>The delivery staff will collect payment upon delivery.</p>\\n        "}	{"en_US": "<p>Votre paiement a été autorisé.</p>"}	{"en_US": "<p>Your payment has been processed.</p>"}	{"en_US": "<p>Votre paiement a été annulé.</p>"}	\N	t	\N	\N	\N	2025-07-20 21:22:17.354794	2025-07-20 21:22:17.354794	cash_on_delivery	\N	so_name	\N
\.


--
-- Data for Name: payment_provider_onboarding_wizard; Type: TABLE DATA; Schema: public; Owner: -
--

COPY public.payment_provider_onboarding_wizard (id, create_uid, write_uid, payment_method, paypal_email_account, manual_name, journal_name, acc_number, manual_post_msg, create_date, write_date) FROM stdin;
\.


--
-- Data for Name: payment_refund_wizard; Type: TABLE DATA; Schema: public; Owner: -
--

COPY public.payment_refund_wizard (id, payment_id, create_uid, write_uid, amount_to_refund, create_date, write_date) FROM stdin;
\.


--
-- Data for Name: payment_token; Type: TABLE DATA; Schema: public; Owner: -
--

COPY public.payment_token (id, provider_id, company_id, payment_method_id, partner_id, create_uid, write_uid, payment_details, provider_ref, active, create_date, write_date) FROM stdin;
\.


--
-- Data for Name: payment_transaction; Type: TABLE DATA; Schema: public; Owner: -
--

COPY public.payment_transaction (id, provider_id, company_id, payment_method_id, currency_id, token_id, source_transaction_id, partner_id, partner_state_id, partner_country_id, create_uid, write_uid, reference, provider_reference, state, operation, landing_route, partner_name, partner_lang, partner_email, partner_address, partner_zip, partner_city, partner_phone, state_message, amount, is_post_processed, tokenize, last_state_change, create_date, write_date, payment_id, is_donation) FROM stdin;
\.


--
-- Data for Name: phone_blacklist; Type: TABLE DATA; Schema: public; Owner: -
--

COPY public.phone_blacklist (id, create_uid, write_uid, number, active, create_date, write_date) FROM stdin;
\.


--
-- Data for Name: phone_blacklist_remove; Type: TABLE DATA; Schema: public; Owner: -
--

COPY public.phone_blacklist_remove (id, create_uid, write_uid, phone, reason, create_date, write_date) FROM stdin;
\.


--
-- Data for Name: portal_share; Type: TABLE DATA; Schema: public; Owner: -
--

COPY public.portal_share (id, res_id, create_uid, write_uid, res_model, note, create_date, write_date) FROM stdin;
\.


--
-- Data for Name: portal_share_res_partner_rel; Type: TABLE DATA; Schema: public; Owner: -
--

COPY public.portal_share_res_partner_rel (portal_share_id, res_partner_id) FROM stdin;
\.


--
-- Data for Name: portal_wizard; Type: TABLE DATA; Schema: public; Owner: -
--

COPY public.portal_wizard (id, create_uid, write_uid, welcome_message, create_date, write_date) FROM stdin;
\.


--
-- Data for Name: portal_wizard_res_partner_rel; Type: TABLE DATA; Schema: public; Owner: -
--

COPY public.portal_wizard_res_partner_rel (portal_wizard_id, res_partner_id) FROM stdin;
\.


--
-- Data for Name: portal_wizard_user; Type: TABLE DATA; Schema: public; Owner: -
--

COPY public.portal_wizard_user (id, wizard_id, partner_id, create_uid, write_uid, email, create_date, write_date) FROM stdin;
\.


--
-- Data for Name: privacy_log; Type: TABLE DATA; Schema: public; Owner: -
--

COPY public.privacy_log (id, user_id, create_uid, write_uid, anonymized_name, anonymized_email, execution_details, records_description, additional_note, date, create_date, write_date) FROM stdin;
\.


--
-- Data for Name: privacy_lookup_wizard; Type: TABLE DATA; Schema: public; Owner: -
--

COPY public.privacy_lookup_wizard (id, log_id, create_uid, write_uid, name, email, execution_details, create_date, write_date) FROM stdin;
\.


--
-- Data for Name: privacy_lookup_wizard_line; Type: TABLE DATA; Schema: public; Owner: -
--

COPY public.privacy_lookup_wizard_line (id, wizard_id, res_id, res_model_id, create_uid, write_uid, res_name, res_model, execution_details, has_active, is_active, is_unlinked, create_date, write_date) FROM stdin;
\.


--
-- Data for Name: product_accessory_rel; Type: TABLE DATA; Schema: public; Owner: -
--

COPY public.product_accessory_rel (src_id, dest_id) FROM stdin;
\.


--
-- Data for Name: product_alternative_rel; Type: TABLE DATA; Schema: public; Owner: -
--

COPY public.product_alternative_rel (src_id, dest_id) FROM stdin;
\.


--
-- Data for Name: product_attr_exclusion_value_ids_rel; Type: TABLE DATA; Schema: public; Owner: -
--

COPY public.product_attr_exclusion_value_ids_rel (product_template_attribute_exclusion_id, product_template_attribute_value_id) FROM stdin;
\.


--
-- Data for Name: product_attribute; Type: TABLE DATA; Schema: public; Owner: -
--

COPY public.product_attribute (id, sequence, create_uid, write_uid, create_variant, display_type, name, active, create_date, write_date, visibility, preview_variants, is_thumbnail_visible) FROM stdin;
1	20	1	1	always	radio	{"en_US": "color", "fr_FR": "Couleur"}	t	2025-07-20 21:22:04.140623	2025-07-20 21:22:04.140623	visible	hidden	\N
2	20	1	1	always	radio	{"en_US": "gender", "fr_FR": "Genre"}	t	2025-07-20 21:22:04.140623	2025-07-20 21:22:04.140623	visible	hidden	\N
3	20	1	1	always	radio	{"en_US": "material", "fr_FR": "Matériel"}	t	2025-07-20 21:22:04.140623	2025-07-20 21:22:04.140623	visible	hidden	\N
4	20	1	1	always	radio	{"en_US": "pattern", "fr_FR": "Motif"}	t	2025-07-20 21:22:04.140623	2025-07-20 21:22:04.140623	visible	hidden	\N
7	20	1	1	always	radio	{"en_US": "size", "fr_FR": "Taille"}	t	2025-07-20 21:22:04.140623	2025-07-20 21:22:04.140623	visible	hidden	\N
8	20	1	1	always	radio	{"en_US": "age group", "fr_FR": "Classe d'âge"}	t	2025-07-20 21:22:04.140623	2025-07-20 21:22:04.140623	visible	hidden	\N
9	0	1	1	always	radio	{"en_US": "Brand", "fr_FR": "Marque"}	t	2025-07-20 21:22:19.442228	2025-07-20 21:22:19.442228	visible	hidden	\N
5	20	1	1	always	radio	{"en_US": "manufacturer", "fr_FR": "Fabricant"}	t	2025-07-20 21:22:04.140623	2025-07-20 21:22:20.933592	hidden	hidden	\N
6	20	1	1	always	radio	{"en_US": "brand", "fr_FR": "Marque"}	t	2025-07-20 21:22:04.140623	2025-07-20 21:22:20.933592	hidden	hidden	\N
\.


--
-- Data for Name: product_attribute_custom_value; Type: TABLE DATA; Schema: public; Owner: -
--

COPY public.product_attribute_custom_value (id, custom_product_template_attribute_value_id, create_uid, write_uid, custom_value, create_date, write_date, sale_order_line_id) FROM stdin;
\.


--
-- Data for Name: product_attribute_product_template_rel; Type: TABLE DATA; Schema: public; Owner: -
--

COPY public.product_attribute_product_template_rel (product_attribute_id, product_template_id) FROM stdin;
\.


--
-- Data for Name: product_attribute_value; Type: TABLE DATA; Schema: public; Owner: -
--

COPY public.product_attribute_value (id, sequence, attribute_id, color, create_uid, write_uid, html_color, name, is_custom, active, create_date, write_date, default_extra_price) FROM stdin;
\.


--
-- Data for Name: product_attribute_value_product_template_attribute_line_rel; Type: TABLE DATA; Schema: public; Owner: -
--

COPY public.product_attribute_value_product_template_attribute_line_rel (product_attribute_value_id, product_template_attribute_line_id) FROM stdin;
\.


--
-- Data for Name: product_category; Type: TABLE DATA; Schema: public; Owner: -
--

COPY public.product_category (id, parent_id, create_uid, write_uid, name, complete_name, parent_path, product_properties_definition, create_date, write_date, property_account_income_categ_id, property_account_expense_categ_id) FROM stdin;
1	\N	1	1	Goods	Goods	1/	\N	2025-07-20 21:22:03.039251	2025-07-20 21:22:03.039251	\N	\N
2	\N	1	1	Expenses	Expenses	2/	\N	2025-07-20 21:22:03.039251	2025-07-20 21:22:03.039251	\N	\N
3	\N	1	1	Services	Services	3/	\N	2025-07-20 21:22:03.039251	2025-07-20 21:22:03.039251	\N	\N
4	3	1	1	Events	Services / Events	3/4/	\N	2025-07-20 21:22:11.949305	2025-07-20 21:22:11.949305	\N	\N
5	\N	1	1	Deliveries	Deliveries	5/	\N	2025-07-20 21:22:17.354794	2025-07-20 21:22:17.354794	\N	\N
\.


--
-- Data for Name: product_combo; Type: TABLE DATA; Schema: public; Owner: -
--

COPY public.product_combo (id, sequence, company_id, create_uid, write_uid, name, create_date, write_date) FROM stdin;
\.


--
-- Data for Name: product_combo_item; Type: TABLE DATA; Schema: public; Owner: -
--

COPY public.product_combo_item (id, company_id, combo_id, product_id, create_uid, write_uid, extra_price, create_date, write_date) FROM stdin;
\.


--
-- Data for Name: product_combo_product_template_rel; Type: TABLE DATA; Schema: public; Owner: -
--

COPY public.product_combo_product_template_rel (product_template_id, product_combo_id) FROM stdin;
\.


--
-- Data for Name: product_document; Type: TABLE DATA; Schema: public; Owner: -
--

COPY public.product_document (id, ir_attachment_id, sequence, create_uid, write_uid, active, create_date, write_date, attached_on_sale, shown_on_product_page) FROM stdin;
\.


--
-- Data for Name: product_document_sale_pdf_form_field_rel; Type: TABLE DATA; Schema: public; Owner: -
--

COPY public.product_document_sale_pdf_form_field_rel (product_document_id, sale_pdf_form_field_id) FROM stdin;
\.


--
-- Data for Name: product_fetch_image_wizard; Type: TABLE DATA; Schema: public; Owner: -
--

COPY public.product_fetch_image_wizard (id, nb_products_selected, nb_products_to_process, nb_products_unable_to_process, create_uid, write_uid, create_date, write_date) FROM stdin;
\.


--
-- Data for Name: product_fetch_image_wizard_product_product_rel; Type: TABLE DATA; Schema: public; Owner: -
--

COPY public.product_fetch_image_wizard_product_product_rel (product_fetch_image_wizard_id, product_product_id) FROM stdin;
\.


--
-- Data for Name: product_image; Type: TABLE DATA; Schema: public; Owner: -
--

COPY public.product_image (id, sequence, product_tmpl_id, product_variant_id, create_uid, write_uid, name, video_url, can_image_1024_be_zoomed, create_date, write_date) FROM stdin;
\.


--
-- Data for Name: product_label_layout; Type: TABLE DATA; Schema: public; Owner: -
--

COPY public.product_label_layout (id, custom_quantity, pricelist_id, create_uid, write_uid, print_format, extra_html, create_date, write_date) FROM stdin;
\.


--
-- Data for Name: product_label_layout_product_product_rel; Type: TABLE DATA; Schema: public; Owner: -
--

COPY public.product_label_layout_product_product_rel (product_label_layout_id, product_product_id) FROM stdin;
\.


--
-- Data for Name: product_label_layout_product_template_rel; Type: TABLE DATA; Schema: public; Owner: -
--

COPY public.product_label_layout_product_template_rel (product_label_layout_id, product_template_id) FROM stdin;
\.


--
-- Data for Name: product_optional_rel; Type: TABLE DATA; Schema: public; Owner: -
--

COPY public.product_optional_rel (src_id, dest_id) FROM stdin;
\.


--
-- Data for Name: product_pricelist; Type: TABLE DATA; Schema: public; Owner: -
--

COPY public.product_pricelist (id, sequence, currency_id, company_id, create_uid, write_uid, name, active, create_date, write_date, website_id, code, selectable) FROM stdin;
\.


--
-- Data for Name: product_pricelist_item; Type: TABLE DATA; Schema: public; Owner: -
--

COPY public.product_pricelist_item (id, pricelist_id, company_id, currency_id, categ_id, product_tmpl_id, product_id, base_pricelist_id, create_uid, write_uid, applied_on, display_applied_on, base, compute_price, min_quantity, fixed_price, price_discount, price_round, price_surcharge, price_markup, price_min_margin, price_max_margin, date_start, date_end, create_date, write_date, percent_price) FROM stdin;
\.


--
-- Data for Name: product_product; Type: TABLE DATA; Schema: public; Owner: -
--

COPY public.product_product (id, product_tmpl_id, create_uid, write_uid, default_code, barcode, combination_indices, standard_price, volume, weight, active, can_image_variant_1024_be_zoomed, is_favorite, write_date, create_date, is_image_fetch_pending, variant_ribbon_id, base_unit_id, base_unit_count) FROM stdin;
2	2	1	1	Delivery_007	\N		\N	\N	\N	t	f	f	2025-07-20 21:22:17.354794	2025-07-20 21:22:17.354794	\N	\N	\N	1
1	1	1	1	\N	\N		{"1": 10.0}	\N	\N	t	f	f	2025-07-20 21:22:18.804159	2025-07-20 21:22:11.949305	\N	\N	\N	1
\.


--
-- Data for Name: product_public_category; Type: TABLE DATA; Schema: public; Owner: -
--

COPY public.product_public_category (id, website_id, sequence, parent_id, create_uid, write_uid, website_meta_og_img, parent_path, website_meta_title, website_meta_description, website_meta_keywords, seo_name, name, website_description, website_footer, is_seo_optimized, create_date, write_date) FROM stdin;
1	\N	10000	\N	2	2	\N	1/	\N	\N	\N	\N	{"en_US": "Câbles", "fr_FR": "Câbles"}	{"en_US": "Découvrez notre sélection de câbles en fibre optique pour des connexions fiables.", "fr_FR": "Découvrez notre sélection de câbles en fibre optique pour des connexions fiables."}	\N	f	2025-07-20 21:22:23.081511	2025-07-20 21:22:23.081511
2	\N	10000	\N	2	2	\N	2/	\N	\N	\N	\N	{"en_US": "Connecteurs", "fr_FR": "Connecteurs"}	{"en_US": "Connecteurs de haute qualité pour des installations sans faille.", "fr_FR": "Connecteurs de haute qualité pour des installations sans faille."}	\N	f	2025-07-20 21:22:23.081511	2025-07-20 21:22:23.081511
3	\N	10000	\N	2	2	\N	3/	\N	\N	\N	\N	{"en_US": "Accessoires", "fr_FR": "Accessoires"}	{"en_US": "Tous les accessoires nécessaires pour optimiser votre réseau en fibre.", "fr_FR": "Tous les accessoires nécessaires pour optimiser votre réseau en fibre."}	\N	f	2025-07-20 21:22:23.081511	2025-07-20 21:22:23.081511
4	\N	10000	\N	2	2	\N	4/	\N	\N	\N	\N	{"en_US": "Outils", "fr_FR": "Outils"}	{"en_US": "Outils spécialisés pour une installation et un entretien efficaces.", "fr_FR": "Outils spécialisés pour une installation et un entretien efficaces."}	\N	f	2025-07-20 21:22:23.081511	2025-07-20 21:22:23.081511
5	\N	10000	\N	2	2	\N	5/	\N	\N	\N	\N	{"en_US": "Équipements", "fr_FR": "Équipements"}	{"en_US": "Équipements avancés pour des performances réseau exceptionnelles.", "fr_FR": "Équipements avancés pour des performances réseau exceptionnelles."}	\N	f	2025-07-20 21:22:23.081511	2025-07-20 21:22:23.081511
6	\N	10000	\N	2	2	\N	6/	\N	\N	\N	\N	{"en_US": "Kits", "fr_FR": "Kits"}	{"en_US": "Kits complets pour démarrer vos projets de fibre optique.", "fr_FR": "Kits complets pour démarrer vos projets de fibre optique."}	\N	f	2025-07-20 21:22:23.081511	2025-07-20 21:22:23.081511
7	\N	10000	\N	2	2	\N	7/	\N	\N	\N	\N	{"en_US": "Solutions", "fr_FR": "Solutions"}	{"en_US": "Solutions sur mesure pour répondre à vos besoins spécifiques.", "fr_FR": "Solutions sur mesure pour répondre à vos besoins spécifiques."}	\N	f	2025-07-20 21:22:23.081511	2025-07-20 21:22:23.081511
8	\N	10000	\N	2	2	\N	8/	\N	\N	\N	\N	{"en_US": "Services", "fr_FR": "Services"}	{"en_US": "Services professionnels pour garantir la réussite de vos installations.", "fr_FR": "Services professionnels pour garantir la réussite de vos installations."}	\N	f	2025-07-20 21:22:23.081511	2025-07-20 21:22:23.081511
\.


--
-- Data for Name: product_public_category_product_template_rel; Type: TABLE DATA; Schema: public; Owner: -
--

COPY public.product_public_category_product_template_rel (product_public_category_id, product_template_id) FROM stdin;
\.


--
-- Data for Name: product_ribbon; Type: TABLE DATA; Schema: public; Owner: -
--

COPY public.product_ribbon (id, create_uid, write_uid, bg_color, text_color, "position", name, create_date, write_date) FROM stdin;
1	1	1	#0CA725	#FFFFFF	left	{"en_US": "Sale", "fr_FR": "Ventes"}	2025-07-20 21:22:19.442228	2025-07-20 21:22:19.442228
2	1	1	#d9534f	#FFFFFF	left	{"en_US": "Sold out", "fr_FR": "Épuisé"}	2025-07-20 21:22:19.442228	2025-07-20 21:22:19.442228
3	1	1	#ffc107	#FFFFFF	left	{"en_US": "Out of stock", "fr_FR": "En rupture de stock"}	2025-07-20 21:22:19.442228	2025-07-20 21:22:19.442228
4	1	1	#0275d8	#FFFFFF	left	{"en_US": "New!", "fr_FR": "Nouveau !"}	2025-07-20 21:22:19.442228	2025-07-20 21:22:19.442228
\.


--
-- Data for Name: product_supplier_taxes_rel; Type: TABLE DATA; Schema: public; Owner: -
--

COPY public.product_supplier_taxes_rel (prod_id, tax_id) FROM stdin;
\.


--
-- Data for Name: product_supplierinfo; Type: TABLE DATA; Schema: public; Owner: -
--

COPY public.product_supplierinfo (id, partner_id, sequence, product_uom_id, company_id, currency_id, product_id, product_tmpl_id, delay, create_uid, write_uid, product_name, product_code, date_start, date_end, min_qty, price, discount, create_date, write_date) FROM stdin;
\.


--
-- Data for Name: product_tag; Type: TABLE DATA; Schema: public; Owner: -
--

COPY public.product_tag (id, sequence, create_uid, write_uid, color, name, visible_to_customers, create_date, write_date, website_id) FROM stdin;
\.


--
-- Data for Name: product_tag_delivery_carrier_excluded_rel; Type: TABLE DATA; Schema: public; Owner: -
--

COPY public.product_tag_delivery_carrier_excluded_rel (delivery_carrier_id, product_tag_id) FROM stdin;
\.


--
-- Data for Name: product_tag_delivery_carrier_must_have_rel; Type: TABLE DATA; Schema: public; Owner: -
--

COPY public.product_tag_delivery_carrier_must_have_rel (delivery_carrier_id, product_tag_id) FROM stdin;
\.


--
-- Data for Name: product_tag_product_product_rel; Type: TABLE DATA; Schema: public; Owner: -
--

COPY public.product_tag_product_product_rel (product_product_id, product_tag_id) FROM stdin;
\.


--
-- Data for Name: product_tag_product_template_rel; Type: TABLE DATA; Schema: public; Owner: -
--

COPY public.product_tag_product_template_rel (product_template_id, product_tag_id) FROM stdin;
\.


--
-- Data for Name: product_taxes_rel; Type: TABLE DATA; Schema: public; Owner: -
--

COPY public.product_taxes_rel (prod_id, tax_id) FROM stdin;
\.


--
-- Data for Name: product_template; Type: TABLE DATA; Schema: public; Owner: -
--

COPY public.product_template (id, sequence, categ_id, uom_id, company_id, color, create_uid, write_uid, type, service_tracking, default_code, name, description, description_purchase, description_sale, product_properties, list_price, volume, weight, sale_ok, purchase_ok, active, can_image_1024_be_zoomed, has_configurable_attributes, is_favorite, create_date, write_date, property_account_income_id, property_account_expense_id, service_type, expense_policy, invoice_policy, sale_line_warn_msg, website_id, website_size_x, website_size_y, website_ribbon_id, website_sequence, base_unit_id, website_meta_og_img, website_meta_title, website_meta_description, website_meta_keywords, seo_name, website_description, description_ecommerce, compare_list_price, is_published, is_seo_optimized, publish_date, rating_last_value, base_unit_count) FROM stdin;
2	1	5	1	\N	\N	1	1	service	no	Delivery_007	{"en_US": "Standard delivery", "fr_FR": "Livraison standard"}	\N	\N	\N	\N	0.00	0.00	0.00	f	f	t	f	f	\N	2025-07-20 21:22:17.354794	2025-07-20 21:22:19.442228	\N	\N	manual	no	order	\N	\N	1	1	\N	10000	\N	\N	\N	\N	\N	\N	\N	\N	\N	\N	f	2025-07-20 21:22:19	0	1
1	1	4	1	\N	\N	1	1	service	event	\N	{"en_US": "Event Registration"}	\N	\N	\N	\N	30.00	0.00	0.00	t	t	t	f	f	\N	2025-07-20 21:22:11.949305	2025-07-20 21:22:19.442228	\N	\N	manual	no	order	\N	\N	1	1	\N	10005	\N	\N	\N	\N	\N	\N	\N	\N	\N	\N	f	2025-07-20 21:22:19	0	1
\.


--
-- Data for Name: product_template_attribute_exclusion; Type: TABLE DATA; Schema: public; Owner: -
--

COPY public.product_template_attribute_exclusion (id, product_template_attribute_value_id, product_tmpl_id, create_uid, write_uid, create_date, write_date) FROM stdin;
\.


--
-- Data for Name: product_template_attribute_line; Type: TABLE DATA; Schema: public; Owner: -
--

COPY public.product_template_attribute_line (id, product_tmpl_id, sequence, attribute_id, value_count, create_uid, write_uid, active, create_date, write_date) FROM stdin;
\.


--
-- Data for Name: product_template_attribute_value; Type: TABLE DATA; Schema: public; Owner: -
--

COPY public.product_template_attribute_value (id, product_attribute_value_id, attribute_line_id, product_tmpl_id, attribute_id, color, create_uid, write_uid, price_extra, ptav_active, create_date, write_date) FROM stdin;
\.


--
-- Data for Name: product_template_attribute_value_sale_order_line_rel; Type: TABLE DATA; Schema: public; Owner: -
--

COPY public.product_template_attribute_value_sale_order_line_rel (sale_order_line_id, product_template_attribute_value_id) FROM stdin;
\.


--
-- Data for Name: product_template_uom_uom_rel; Type: TABLE DATA; Schema: public; Owner: -
--

COPY public.product_template_uom_uom_rel (product_template_id, uom_uom_id) FROM stdin;
\.


--
-- Data for Name: product_uom; Type: TABLE DATA; Schema: public; Owner: -
--

COPY public.product_uom (id, uom_id, product_id, company_id, create_uid, write_uid, barcode, create_date, write_date) FROM stdin;
\.


--
-- Data for Name: product_variant_combination; Type: TABLE DATA; Schema: public; Owner: -
--

COPY public.product_variant_combination (product_product_id, product_template_attribute_value_id) FROM stdin;
\.


--
-- Data for Name: qr_code_payment_wizard; Type: TABLE DATA; Schema: public; Owner: -
--

COPY public.qr_code_payment_wizard (id, company_id, partner_bank_id, return_id, create_uid, write_uid, amount_to_pay, create_date, write_date) FROM stdin;
\.


--
-- Data for Name: quotation_document; Type: TABLE DATA; Schema: public; Owner: -
--

COPY public.quotation_document (id, ir_attachment_id, sequence, create_uid, write_uid, document_type, active, add_by_default, create_date, write_date) FROM stdin;
\.


--
-- Data for Name: quotation_document_sale_order_rel; Type: TABLE DATA; Schema: public; Owner: -
--

COPY public.quotation_document_sale_order_rel (sale_order_id, quotation_document_id) FROM stdin;
\.


--
-- Data for Name: quotation_document_sale_pdf_form_field_rel; Type: TABLE DATA; Schema: public; Owner: -
--

COPY public.quotation_document_sale_pdf_form_field_rel (quotation_document_id, sale_pdf_form_field_id) FROM stdin;
\.


--
-- Data for Name: rating_rating; Type: TABLE DATA; Schema: public; Owner: -
--

COPY public.rating_rating (id, res_model_id, res_id, parent_res_model_id, parent_res_id, rated_partner_id, partner_id, message_id, create_uid, write_uid, res_name, res_model, parent_res_name, parent_res_model, rating_text, access_token, feedback, is_internal, consumed, create_date, rated_on, write_date, rating, publisher_id, publisher_comment, publisher_datetime) FROM stdin;
\.


--
-- Data for Name: registration_editor; Type: TABLE DATA; Schema: public; Owner: -
--

COPY public.registration_editor (id, sale_order_id, create_uid, write_uid, create_date, write_date) FROM stdin;
\.


--
-- Data for Name: registration_editor_line; Type: TABLE DATA; Schema: public; Owner: -
--

COPY public.registration_editor_line (id, editor_id, sale_order_line_id, event_id, registration_id, event_slot_id, event_ticket_id, create_uid, write_uid, email, phone, name, create_date, write_date) FROM stdin;
\.


--
-- Data for Name: rel_followup_manual_reminder_res_partner; Type: TABLE DATA; Schema: public; Owner: -
--

COPY public.rel_followup_manual_reminder_res_partner (account_followup_manual_reminder_id, res_partner_id) FROM stdin;
\.


--
-- Data for Name: rel_modules_langexport; Type: TABLE DATA; Schema: public; Owner: -
--

COPY public.rel_modules_langexport (wiz_id, module_id) FROM stdin;
\.


--
-- Data for Name: report_layout; Type: TABLE DATA; Schema: public; Owner: -
--

COPY public.report_layout (id, view_id, sequence, create_uid, write_uid, image, pdf, name, create_date, write_date) FROM stdin;
1	203	5	1	1	\N	\N	Striped	2025-07-20 21:14:37.509182	2025-07-20 21:14:37.509182
2	206	2	1	1	\N	\N	Light	2025-07-20 21:14:37.509182	2025-07-20 21:14:37.509182
3	204	3	1	1	\N	\N	Boxed	2025-07-20 21:14:37.509182	2025-07-20 21:14:37.509182
4	205	4	1	1	\N	\N	Bold	2025-07-20 21:14:37.509182	2025-07-20 21:14:37.509182
5	209	6	1	1	\N	\N	Bubble	2025-07-20 21:14:37.509182	2025-07-20 21:14:37.509182
6	208	7	1	1	\N	\N	Wave	2025-07-20 21:14:37.509182	2025-07-20 21:14:37.509182
7	207	8	1	1	\N	\N	Folder	2025-07-20 21:14:37.509182	2025-07-20 21:14:37.509182
\.


--
-- Data for Name: report_paperformat; Type: TABLE DATA; Schema: public; Owner: -
--

COPY public.report_paperformat (id, page_height, page_width, header_spacing, dpi, create_uid, write_uid, name, format, orientation, "default", header_line, disable_shrinking, css_margins, create_date, write_date, margin_top, margin_bottom, margin_left, margin_right) FROM stdin;
1	0	0	52	90	1	1	A4	A4	Portrait	t	f	\N	t	2025-07-20 21:14:37.509866	2025-07-20 21:14:37.509866	52	32	0	0
2	0	0	52	90	1	1	US Letter	Letter	Portrait	t	f	\N	t	2025-07-20 21:14:37.509866	2025-07-20 21:14:37.509866	52	32	0	0
3	0	0	15	90	1	1	US Batch Deposit	Letter	Portrait	f	f	\N	f	2025-07-20 21:14:37.509866	2025-07-20 21:14:37.509866	15	30	10	10
4	0	0	35	96	1	1	A4 Label Sheet	A4	Portrait	t	f	t	f	2025-07-20 21:22:03.039251	2025-07-20 21:22:03.039251	0	0	0	0
5	57	32	35	96	1	1	Dymo Label Sheet	custom	Landscape	t	f	t	f	2025-07-20 21:22:03.039251	2025-07-20 21:22:03.039251	0	0	0	0
6	0	0	35	96	1	1	Custom Paperformat for the Event Badge report	A4	Portrait	f	f	t	f	2025-07-20 21:22:04.268475	2025-07-20 21:22:04.268475	0	0	0	0
7	0	0	35	96	1	1	Custom Paperformat for the Event Full Page Ticket report	A4	Portrait	f	f	t	f	2025-07-20 21:22:04.268475	2025-07-20 21:22:04.268475	0	8	0	0
8	0	0	52	90	1	1	A4 - statement	A4	Portrait	t	f	\N	t	2025-07-20 21:22:06.63315	2025-07-20 21:22:06.63315	52	32	0	0
\.


--
-- Data for Name: res_bank; Type: TABLE DATA; Schema: public; Owner: -
--

COPY public.res_bank (id, state, country, create_uid, write_uid, name, street, street2, zip, city, email, phone, bic, active, create_date, write_date) FROM stdin;
1	\N	\N	1	1	Reserve	\N	\N	\N	\N	\N	\N	\N	f	2025-07-20 21:14:37.545551	2025-07-20 21:14:37.545551
\.


--
-- Data for Name: res_company; Type: TABLE DATA; Schema: public; Owner: -
--

COPY public.res_company (id, name, partner_id, currency_id, sequence, create_date, parent_path, parent_id, paperformat_id, external_report_layout_id, create_uid, write_uid, email, phone, font, primary_color, secondary_color, layout_background, report_header, report_footer, company_details, active, uses_default_logo, write_date, logo_web, social_twitter, social_facebook, social_github, social_linkedin, social_youtube, social_instagram, social_tiktok, social_discord, resource_calendar_id, alias_domain_id, email_primary_color, email_secondary_color, iap_enrich_auto_done, snailmail_color, snailmail_cover, snailmail_duplex, website_id, nomenclature_id, payment_onboarding_payment_method, fiscalyear_last_day, transfer_account_id, default_cash_difference_income_account_id, default_cash_difference_expense_account_id, account_journal_suspense_account_id, account_journal_early_pay_discount_gain_account_id, account_journal_early_pay_discount_loss_account_id, account_sale_tax_id, account_purchase_tax_id, account_sale_receipt_tax_id, account_purchase_receipt_tax_id, currency_exchange_journal_id, income_currency_exchange_account_id, expense_currency_exchange_account_id, incoterm_id, batch_payment_sequence_id, account_opening_move_id, account_default_pos_receivable_account_id, expense_accrual_account_id, revenue_accrual_account_id, automatic_entry_default_journal_id, domestic_fiscal_position_id, account_fiscal_country_id, tax_cash_basis_journal_id, account_cash_basis_base_account_id, account_discount_income_allocation_id, account_discount_expense_allocation_id, income_account_id, expense_account_id, fiscalyear_last_month, chart_template, bank_account_code_prefix, cash_account_code_prefix, transfer_account_code_prefix, tax_calculation_rounding_method, terms_type, quick_edit_mode, account_price_include, fiscalyear_lock_date, tax_lock_date, sale_lock_date, purchase_lock_date, hard_lock_date, account_opening_date, invoice_terms, invoice_terms_html, expects_chart_of_accounts, anglo_saxon_accounting, qr_code, link_qr_code, display_invoice_amount_total_words, display_invoice_tax_company_currency, account_use_credit_limit, tax_exigibility, account_storno, restrictive_audit_trail, autopost_bills, signing_user, deferred_expense_journal_id, deferred_expense_account_id, deferred_revenue_journal_id, deferred_revenue_account_id, generate_deferred_expense_entries_method, deferred_expense_amount_computation_method, generate_deferred_revenue_entries_method, deferred_revenue_amount_computation_method, invoicing_switch_threshold, predict_bill_product, sign_invoice, currency_interval_unit, currency_provider, currency_next_execution_date, account_return_reminder_day, account_tax_return_journal_id, account_revaluation_journal_id, account_revaluation_expense_provision_account_id, account_revaluation_income_provision_account_id, account_representative_id, account_return_periodicity, totals_below_sections, account_last_return_cron_refresh, quotation_validity_days, sale_discount_product_id, downpayment_account_id, sale_onboarding_payment_method, portal_confirmation_sign, portal_confirmation_pay, prepayment_percent, sale_order_template_id, extract_in_invoice_digitalization_mode, extract_out_invoice_digitalization_mode, extract_single_line_per_tax) FROM stdin;
1	www.socof.sa.com	1	69	\N	2025-07-20 21:14:37.550031	1/	\N	1	\N	\N	1	nasserkayembe@hotmail.com		Lato	\N	\N	Blank	\N	\N	\N	t	t	2025-07-20 21:22:21.101458	\\x[encoded data, 21704 characters]	\N	\N	\N	\N	\N	\N	\N	\N	1	1	#FFFFFF	#875A7B	t	t	\N	\N	1	1	\N	31	1139	1137	1138	1136	923	709	1	6	\N	\N	4	1002	902	\N	1	\N	454	\N	\N	\N	1	41	5	\N	\N	\N	918	704	12	cd	521	571	585	round_per_line	html	\N	tax_excluded	\N	\N	\N	\N	\N	\N	\N	{"en_US": "<div>\\n            <h1>STANDARD TERMS AND CONDITIONS OF SALE</h1>\\n            <p>You should update this document to reflect your T&amp;C.</p>\\n            <p>Below text serves as a suggestion and doesn’t engage Odoo S.A. responsibility.</p>\\n            <ol>\\n                <li>\\n                    The client explicitly waives its own standard terms and conditions, even if these were drawn up after these standard terms and conditions of sale. In order to be valid, any derogation must be expressly agreed to in advance in writing.\\n                </li>\\n                <li>\\n                    Our invoices are payable within 21 working days, unless another payment timeframe is indicated on either the invoice or the order. In the event of non-payment by the due date, www.socof.sa.com reserves the right to request a fixed interest payment amounting to 10% of the sum remaining due. www.socof.sa.com will be authorized to suspend any provision of services without prior warning in the event of late payment.\\n                </li>\\n                <li>\\n                    If a payment is still outstanding more than sixty (60) days after the due payment date, www.socof.sa.com reserves the right to call on the services of a debt recovery company. All legal expenses will be payable by the client.\\n                </li>\\n                <li>\\n                    Certain countries apply withholding at source on the amount of invoices, in accordance with their internal legislation. Any withholding at source will be paid by the client to the tax authorities. Under no circumstances can www.socof.sa.com become involved in costs related to a country's legislation. The amount of the invoice will therefore be due to www.socof.sa.com in its entirety and does not include any costs relating to the legislation of the country in which the client is located.\\n                </li>\\n                <li>\\n                    www.socof.sa.com undertakes to do its best to supply performant services in due time in accordance with the agreed timeframes. However, none of its obligations can be considered as being an obligation to achieve results. www.socof.sa.com cannot under any circumstances, be required by the client to appear as a third party in the context of any claim for damages filed against the client by an end consumer.\\n                </li>\\n                <li>\\n                    In order for it to be admissible, www.socof.sa.com must be notified of any claim by means of a letter sent by recorded delivery to its registered office within 8 days of the delivery of the goods or the provision of the services.\\n                </li>\\n                <li>\\n                    All our contractual relations will be governed exclusively by Congo (DRC) law.\\n                </li>\\n            </ol>\\n        </div>"}	t	f	\N	\N	\N	t	\N	\N	\N	\N	t	\N	3	370	3	59	on_validation	month	on_validation	month	\N	\N	\N	manually	ecb	\N	7	\N	\N	\N	\N	\N	monthly	f	\N	30	\N	\N	\N	t	\N	1	\N	auto_send	manual_send	t
\.


--
-- Data for Name: res_company_users_rel; Type: TABLE DATA; Schema: public; Owner: -
--

COPY public.res_company_users_rel (cid, user_id) FROM stdin;
1	1
1	2
1	3
1	4
\.


--
-- Data for Name: res_config; Type: TABLE DATA; Schema: public; Owner: -
--

COPY public.res_config (id, create_uid, write_uid, create_date, write_date) FROM stdin;
\.


--
-- Data for Name: res_config_settings; Type: TABLE DATA; Schema: public; Owner: -
--

COPY public.res_config_settings (id, create_uid, write_uid, create_date, write_date, web_app_name, company_id, module_base_import, module_google_calendar, module_microsoft_calendar, module_mail_plugin, module_auth_oauth, module_auth_ldap, module_account_inter_company_rules, module_voip, module_web_unsplash, module_sms, module_partner_autocomplete, module_base_geolocalize, module_google_recaptcha, module_website_cf_turnstile, module_google_address_autocomplete, group_multi_currency, show_effect, profiling_enabled_until, map_box_token, unsplash_access_key, unsplash_app_id, recaptcha_public_key, recaptcha_private_key, enable_recaptcha, recaptcha_min_score, twilio_account_sid, twilio_account_token, sfu_server_url, sfu_server_key, tenor_api_key, google_translate_api_key, external_email_server_default, module_google_gmail, module_microsoft_outlook, restrict_template_rendering, use_twilio_rtc_servers, auth_signup_template_user_id, auth_signup_uninvited, auth_signup_reset_password, auth_totp_policy, auth_totp_enforce, google_gmail_client_identifier, google_gmail_client_secret, disable_redirect_firebase_dynamic_link, enable_ocn, digest_id, digest_emails, website_id, group_multi_website, module_website_livechat, module_marketing_automation, group_analytic_accounting, product_weight_in_lbs, product_volume_volume_in_cubic_feet, group_uom, group_product_variant, module_loyalty, group_product_pricelist, barcodelookup_api_key, google_maps_static_api_key, google_maps_static_api_secret, module_event_sale, module_pos_event, module_website_event_track, module_website_event_track_live, module_website_event_track_quiz, module_website_event_exhibitor, use_event_barcode, module_website_event_sale, module_event_booth, use_google_maps_static_api, chart_template, module_account_accountant, group_cash_rounding, show_sale_receipts, module_account_budget, module_account_payment, module_account_reports, module_account_check_printing, module_account_batch_payment, module_account_iso20022, module_account_sepa_direct_debit, module_account_bank_statement_import_qif, module_currency_rate_live, module_account_intrastat, module_product_margin, module_l10n_eu_oss, module_account_extract, module_account_invoice_extract, module_account_bank_statement_extract, module_snailmail_account, module_account_peppol, use_invoice_terms, group_sale_delivery_address, group_fiscal_year, pay_invoices_online, invoice_mail_template_id, default_invoice_policy, group_auto_done_setting, group_discount_per_so_line, group_proforma_sales, group_warning_sale, automatic_invoice, module_delivery, module_delivery_bpost, module_delivery_dhl, module_delivery_easypost, module_delivery_envia, module_delivery_fedex_rest, module_delivery_sendcloud, module_delivery_shiprocket, module_delivery_starshipit, module_delivery_ups_rest, module_delivery_usps_rest, module_product_email_template, module_sale_amazon, module_sale_commission, module_sale_gelato, module_sale_loyalty, module_sale_margin, module_sale_pdf_quote_builder, module_sale_product_matrix, module_sale_shopee, group_sale_order_template, group_show_uom_price, group_product_price_comparison, module_account, module_delivery_mondialrelay, module_website_sale_autocomplete, module_website_sale_comparison, module_website_sale_collect, module_website_sale_wishlist, enabled_extra_checkout_step, enabled_buy_now_button) FROM stdin;
\.


--
-- Data for Name: res_country; Type: TABLE DATA; Schema: public; Owner: -
--

COPY public.res_country (id, address_view_id, currency_id, phone_code, create_uid, write_uid, code, name_position, name, vat_label, address_format, state_required, zip_required, create_date, write_date) FROM stdin;
1	\N	125	376	1	1	AD	before	{"en_US": "Andorra", "fr_FR": "Andorre"}	\N	%(street)s\n%(street2)s\n%(city)s %(state_code)s %(zip)s\n%(country_name)s	f	t	2025-07-20 21:14:37.510818	2025-07-20 21:14:37.510818
2	\N	128	971	1	1	AE	before	{"en_US": "United Arab Emirates", "fr_FR": "Émirats arabes unis"}	{"en_US": "TRN"}	%(street)s\n%(street2)s\n%(city)s %(state_code)s %(zip)s\n%(country_name)s	t	t	2025-07-20 21:14:37.510818	2025-07-20 21:14:37.510818
3	\N	47	93	1	1	AF	before	{"en_US": "Afghanistan", "fr_FR": "Afghanistan"}	\N	%(street)s\n%(street2)s\n%(city)s %(state_code)s %(zip)s\n%(country_name)s	f	t	2025-07-20 21:14:37.510818	2025-07-20 21:14:37.510818
4	\N	49	1268	1	1	AG	before	{"en_US": "Antigua and Barbuda", "fr_FR": "Antigua-et-Barbuda"}	\N	%(street)s\n%(street2)s\n%(city)s %(state_code)s %(zip)s\n%(country_name)s	f	t	2025-07-20 21:14:37.510818	2025-07-20 21:14:37.510818
5	\N	49	1264	1	1	AI	before	{"en_US": "Anguilla", "fr_FR": "Anguilla"}	\N	%(street)s\n%(street2)s\n%(city)s %(state_code)s %(zip)s\n%(country_name)s	f	t	2025-07-20 21:14:37.510818	2025-07-20 21:14:37.510818
6	\N	118	355	1	1	AL	before	{"en_US": "Albania", "fr_FR": "Albanie"}	\N	%(street)s\n%(street2)s\n%(city)s %(state_code)s %(zip)s\n%(country_name)s	f	t	2025-07-20 21:14:37.510818	2025-07-20 21:14:37.510818
7	\N	50	374	1	1	AM	before	{"en_US": "Armenia", "fr_FR": "Arménie"}	\N	%(street)s\n%(street2)s\n%(city)s %(state_code)s %(zip)s\n%(country_name)s	f	t	2025-07-20 21:14:37.510818	2025-07-20 21:14:37.510818
8	\N	48	244	1	1	AO	before	{"en_US": "Angola", "fr_FR": "Angola"}	\N	%(street)s\n%(street2)s\n%(city)s %(state_code)s %(zip)s\n%(country_name)s	f	f	2025-07-20 21:14:37.510818	2025-07-20 21:14:37.510818
9	\N	49	672	1	1	AQ	before	{"en_US": "Antarctica", "fr_FR": "Antarctique"}	\N	%(street)s\n%(street2)s\n%(city)s %(state_code)s %(zip)s\n%(country_name)s	f	t	2025-07-20 21:14:37.510818	2025-07-20 21:14:37.510818
10	\N	19	54	1	1	AR	before	{"en_US": "Argentina", "fr_FR": "Argentine"}	{"en_US": "CUIT", "fr_FR": "CUIT"}	%(street)s\n%(street2)s\n%(city)s %(state_name)s %(zip)s\n%(country_name)s	t	t	2025-07-20 21:14:37.510818	2025-07-20 21:14:37.510818
11	\N	1	1684	1	1	AS	before	{"en_US": "American Samoa", "fr_FR": "Samoa américaines"}	\N	%(street)s\n%(street2)s\n%(city)s %(state_code)s %(zip)s\n%(country_name)s	f	t	2025-07-20 21:14:37.510818	2025-07-20 21:14:37.510818
12	\N	125	43	1	1	AT	before	{"en_US": "Austria", "fr_FR": "Autriche"}	{"en_US": "USt", "fr_FR": "USt"}	%(street)s\n%(street2)s\n%(zip)s %(city)s\n%(country_name)s	f	t	2025-07-20 21:14:37.510818	2025-07-20 21:14:37.510818
13	\N	21	61	1	1	AU	before	{"en_US": "Australia", "fr_FR": "Australie"}	{"en_US": "ABN", "fr_FR": "ABN"}	%(street)s\n%(street2)s\n%(city)s %(state_code)s %(zip)s\n%(country_name)s	t	t	2025-07-20 21:14:37.510818	2025-07-20 21:14:37.510818
14	\N	51	297	1	1	AW	before	{"en_US": "Aruba", "fr_FR": "Aruba"}	\N	%(street)s\n%(street2)s\n%(city)s %(state_code)s %(zip)s\n%(country_name)s	f	t	2025-07-20 21:14:37.510818	2025-07-20 21:14:37.510818
15	\N	125	358	1	1	AX	before	{"en_US": "Åland Islands", "fr_FR": "Îles Åland"}	\N	%(street)s\n%(street2)s\n%(city)s %(state_code)s %(zip)s\n%(country_name)s	f	t	2025-07-20 21:14:37.510818	2025-07-20 21:14:37.510818
16	\N	52	994	1	1	AZ	before	{"en_US": "Azerbaijan", "fr_FR": "Azerbaïdjan"}	\N	%(street)s\n%(street2)s\n%(city)s %(state_code)s %(zip)s\n%(country_name)s	f	t	2025-07-20 21:14:37.510818	2025-07-20 21:14:37.510818
17	\N	63	387	1	1	BA	before	{"en_US": "Bosnia and Herzegovina", "fr_FR": "Bosnie-Herzégovine"}	\N	%(street)s\n%(street2)s\n%(city)s %(state_code)s %(zip)s\n%(country_name)s	f	t	2025-07-20 21:14:37.510818	2025-07-20 21:14:37.510818
18	\N	56	1246	1	1	BB	before	{"en_US": "Barbados", "fr_FR": "Barbade"}	\N	%(street)s\n%(street2)s\n%(city)s %(state_code)s %(zip)s\n%(country_name)s	f	t	2025-07-20 21:14:37.510818	2025-07-20 21:14:37.510818
19	\N	55	880	1	1	BD	before	{"en_US": "Bangladesh", "fr_FR": "Bengladesh"}	\N	%(street)s\n%(street2)s\n%(city)s %(state_code)s %(zip)s\n%(country_name)s	f	t	2025-07-20 21:14:37.510818	2025-07-20 21:14:37.510818
20	\N	125	32	1	1	BE	before	{"en_US": "Belgium", "fr_FR": "Belgique"}	{"en_US": "VAT", "fr_FR": "TVA"}	%(street)s\n%(street2)s\n%(zip)s %(city)s\n%(country_name)s	f	t	2025-07-20 21:14:37.510818	2025-07-20 21:14:37.510818
21	\N	41	226	1	1	BF	before	{"en_US": "Burkina Faso", "fr_FR": "Burkina Faso"}	\N	%(street)s\n%(street2)s\n%(city)s %(state_code)s %(zip)s\n%(country_name)s	f	t	2025-07-20 21:14:37.510818	2025-07-20 21:14:37.510818
22	\N	26	359	1	1	BG	before	{"en_US": "Bulgaria", "fr_FR": "Bulgarie"}	{"en_US": "VAT", "fr_FR": "TVA"}	%(street)s\n%(street2)s\n%(city)s %(state_code)s %(zip)s\n%(country_name)s	f	t	2025-07-20 21:14:37.510818	2025-07-20 21:14:37.510818
23	\N	54	973	1	1	BH	before	{"en_US": "Bahrain", "fr_FR": "Bahreïn"}	\N	%(street)s\n%(street2)s\n%(city)s %(state_code)s %(zip)s\n%(country_name)s	f	t	2025-07-20 21:14:37.510818	2025-07-20 21:14:37.510818
24	\N	65	257	1	1	BI	before	{"en_US": "Burundi", "fr_FR": "Burundi"}	\N	%(street)s\n%(street2)s\n%(city)s %(state_code)s %(zip)s\n%(country_name)s	f	t	2025-07-20 21:14:37.510818	2025-07-20 21:14:37.510818
25	\N	41	229	1	1	BJ	before	{"en_US": "Benin", "fr_FR": "Bénin"}	\N	%(street)s\n%(street2)s\n%(city)s %(state_code)s %(zip)s\n%(country_name)s	f	f	2025-07-20 21:14:37.510818	2025-07-20 21:14:37.510818
26	\N	125	590	1	1	BL	before	{"en_US": "Saint Barthélémy", "fr_FR": "Saint Barthélémy"}	\N	%(street)s\n%(street2)s\n%(city)s %(state_code)s %(zip)s\n%(country_name)s	f	t	2025-07-20 21:14:37.510818	2025-07-20 21:14:37.510818
27	\N	60	1441	1	1	BM	before	{"en_US": "Bermuda", "fr_FR": "Bermudes"}	\N	%(street)s\n%(street2)s\n%(city)s %(state_code)s %(zip)s\n%(country_name)s	f	t	2025-07-20 21:14:37.510818	2025-07-20 21:14:37.510818
28	\N	110	673	1	1	BN	before	{"en_US": "Brunei Darussalam", "fr_FR": "Brunéi Darussalam"}	\N	%(street)s\n%(street2)s\n%(city)s %(state_code)s %(zip)s\n%(country_name)s	f	t	2025-07-20 21:14:37.510818	2025-07-20 21:14:37.510818
29	\N	62	591	1	1	BO	before	{"en_US": "Bolivia", "fr_FR": "Bolivie"}	\N	%(street)s\n%(street2)s\n%(city)s %(state_code)s %(zip)s\n%(country_name)s	f	t	2025-07-20 21:14:37.510818	2025-07-20 21:14:37.510818
30	\N	1	599	1	1	BQ	before	{"en_US": "Bonaire, Sint Eustatius and Saba", "fr_FR": "Bonaire, Saint-Eustache et Saba"}	\N	%(street)s\n%(street2)s\n%(city)s %(state_code)s %(zip)s\n%(country_name)s	f	t	2025-07-20 21:14:37.510818	2025-07-20 21:14:37.510818
31	\N	5	55	1	1	BR	before	{"en_US": "Brazil", "fr_FR": "Brésil"}	\N	%(street)s\n%(street2)s\n%(city)s %(state_code)s\n%(zip)s\n%(country_name)s	f	t	2025-07-20 21:14:37.510818	2025-07-20 21:14:37.510818
32	\N	53	1242	1	1	BS	before	{"en_US": "Bahamas", "fr_FR": "Bahamas"}	\N	%(street)s\n%(street2)s\n%(city)s %(state_code)s %(zip)s\n%(country_name)s	f	t	2025-07-20 21:14:37.510818	2025-07-20 21:14:37.510818
33	\N	61	975	1	1	BT	before	{"en_US": "Bhutan", "fr_FR": "Bhoutan"}	\N	%(street)s\n%(street2)s\n%(city)s %(state_code)s %(zip)s\n%(country_name)s	f	t	2025-07-20 21:14:37.510818	2025-07-20 21:14:37.510818
34	\N	14	55	1	1	BV	before	{"en_US": "Bouvet Island", "fr_FR": "Île Bouvet"}	\N	%(street)s\n%(street2)s\n%(city)s %(state_code)s %(zip)s\n%(country_name)s	f	t	2025-07-20 21:14:37.510818	2025-07-20 21:14:37.510818
35	\N	64	267	1	1	BW	before	{"en_US": "Botswana", "fr_FR": "Botswana"}	\N	%(street)s\n%(street2)s\n%(city)s %(state_code)s %(zip)s\n%(country_name)s	f	t	2025-07-20 21:14:37.510818	2025-07-20 21:14:37.510818
36	\N	58	375	1	1	BY	before	{"en_US": "Belarus", "fr_FR": "Biélorussie"}	\N	%(street)s\n%(street2)s\n%(city)s %(state_code)s %(zip)s\n%(country_name)s	f	t	2025-07-20 21:14:37.510818	2025-07-20 21:14:37.510818
37	\N	59	501	1	1	BZ	before	{"en_US": "Belize", "fr_FR": "Le Bélize"}	\N	%(street)s\n%(street2)s\n%(city)s %(state_code)s %(zip)s\n%(country_name)s	f	f	2025-07-20 21:14:37.510818	2025-07-20 21:14:37.510818
38	\N	3	1	1	1	CA	before	{"en_US": "Canada", "fr_FR": "Canada"}	{"en_US": "GST/HST number", "fr_FR": "Numéro GST/HST"}	%(street)s\n%(street2)s\n%(city)s %(state_code)s %(zip)s\n%(country_name)s	t	t	2025-07-20 21:14:37.510818	2025-07-20 21:14:37.510818
39	\N	21	61	1	1	CC	before	{"en_US": "Cocos (Keeling) Islands", "fr_FR": "Îles Cocos (Keeling)"}	\N	%(street)s\n%(street2)s\n%(city)s %(state_code)s %(zip)s\n%(country_name)s	f	t	2025-07-20 21:14:37.510818	2025-07-20 21:14:37.510818
40	\N	42	236	1	1	CF	before	{"en_US": "Central African Republic", "fr_FR": "République centrafricaine"}	\N	%(street)s\n%(street2)s\n%(city)s %(state_code)s %(zip)s\n%(country_name)s	f	t	2025-07-20 21:14:37.510818	2025-07-20 21:14:37.510818
41	\N	69	243	1	1	CD	before	{"en_US": "Congo (DRC)", "fr_FR": "Congo (RDC)"}	\N	%(street)s\n%(street2)s\n%(city)s %(state_code)s %(zip)s\n%(country_name)s	f	t	2025-07-20 21:14:37.510818	2025-07-20 21:14:37.510818
42	\N	42	242	1	1	CG	before	{"en_US": "Congo (Republic)", "fr_FR": "Congo (République)"}	\N	%(street)s\n%(street2)s\n%(city)s %(state_code)s %(zip)s\n%(country_name)s	f	t	2025-07-20 21:14:37.510818	2025-07-20 21:14:37.510818
43	\N	4	41	1	1	CH	before	{"en_US": "Switzerland", "fr_FR": "Suisse"}	\N	%(street)s\n%(street2)s\n%(zip)s %(city)s\n%(country_name)s	f	t	2025-07-20 21:14:37.510818	2025-07-20 21:14:37.510818
44	\N	41	225	1	1	CI	before	{"en_US": "Côte d'Ivoire", "fr_FR": "Côte d'Ivoire"}	\N	%(street)s\n%(street2)s\n%(city)s %(state_code)s %(zip)s\n%(country_name)s	f	t	2025-07-20 21:14:37.510818	2025-07-20 21:14:37.510818
45	\N	35	682	1	1	CK	before	{"en_US": "Cook Islands", "fr_FR": "Îles Cook"}	\N	%(street)s\n%(street2)s\n%(city)s %(state_code)s %(zip)s\n%(country_name)s	f	t	2025-07-20 21:14:37.510818	2025-07-20 21:14:37.510818
46	\N	45	56	1	1	CL	before	{"en_US": "Chile", "fr_FR": "Chili"}	{"en_US": "RUT", "fr_FR": "RUT"}	%(street)s\n%(street2)s\n%(city)s %(state_code)s %(zip)s\n%(country_name)s	f	f	2025-07-20 21:14:37.510818	2025-07-20 21:14:37.510818
47	\N	42	237	1	1	CM	before	{"en_US": "Cameroon", "fr_FR": "Cameroun"}	\N	%(street)s\n%(street2)s\n%(city)s %(state_code)s %(zip)s\n%(country_name)s	f	t	2025-07-20 21:14:37.510818	2025-07-20 21:14:37.510818
48	\N	6	86	1	1	CN	before	{"en_US": "China", "fr_FR": "Chine"}	\N	%(country_name)s, %(zip)s\n%(state_name)s %(city)s %(street)s %(street2)s	f	t	2025-07-20 21:14:37.510818	2025-07-20 21:14:37.510818
49	\N	8	57	1	1	CO	before	{"en_US": "Colombia", "fr_FR": "Colombie"}	{"en_US": "NIT", "fr_FR": "NIT"}	%(street)s\n%(street2)s\n%(city)s %(state_name)s %(zip)s\n%(country_name)s	f	t	2025-07-20 21:14:37.510818	2025-07-20 21:14:37.510818
50	\N	39	506	1	1	CR	before	{"en_US": "Costa Rica", "fr_FR": "Costa Rica"}	\N	%(street)s\n%(street2)s\n%(city)s %(state_code)s %(zip)s\n%(country_name)s	f	t	2025-07-20 21:14:37.510818	2025-07-20 21:14:37.510818
51	\N	70	53	1	1	CU	before	{"en_US": "Cuba", "fr_FR": "Cuba"}	\N	%(street)s\n%(street2)s\n%(city)s %(state_code)s %(zip)s\n%(country_name)s	f	t	2025-07-20 21:14:37.510818	2025-07-20 21:14:37.510818
52	\N	161	238	1	1	CV	before	{"en_US": "Cape Verde", "fr_FR": "Cap-Vert"}	\N	%(street)s\n%(street2)s\n%(city)s %(state_code)s %(zip)s\n%(country_name)s	f	t	2025-07-20 21:14:37.510818	2025-07-20 21:14:37.510818
53	\N	71	599	1	1	CW	before	{"en_US": "Curaçao", "fr_FR": "Curaçao"}	\N	%(street)s\n%(street2)s\n%(city)s %(state_code)s %(zip)s\n%(country_name)s	f	t	2025-07-20 21:14:37.510818	2025-07-20 21:14:37.510818
54	\N	21	61	1	1	CX	before	{"en_US": "Christmas Island", "fr_FR": "Île Christmas"}	\N	%(street)s\n%(street2)s\n%(city)s %(state_code)s %(zip)s\n%(country_name)s	f	t	2025-07-20 21:14:37.510818	2025-07-20 21:14:37.510818
55	\N	125	357	1	1	CY	before	{"en_US": "Cyprus", "fr_FR": "Chypre"}	{"en_US": "VAT", "fr_FR": "TVA"}	%(street)s\n%(street2)s\n%(city)s %(state_code)s %(zip)s\n%(country_name)s	f	t	2025-07-20 21:14:37.510818	2025-07-20 21:14:37.510818
56	\N	9	420	1	1	CZ	before	{"en_US": "Czech Republic", "fr_FR": "République tchèque"}	{"en_US": "VAT", "fr_FR": "TVA"}	%(street)s\n%(street2)s\n%(city)s %(state_code)s %(zip)s\n%(country_name)s	f	t	2025-07-20 21:14:37.510818	2025-07-20 21:14:37.510818
57	\N	125	49	1	1	DE	before	{"en_US": "Germany", "fr_FR": "Allemagne"}	{"en_US": "VAT", "fr_FR": "TVA"}	%(street)s\n%(street2)s\n%(zip)s %(city)s\n%(country_name)s	f	t	2025-07-20 21:14:37.510818	2025-07-20 21:14:37.510818
58	\N	72	253	1	1	DJ	before	{"en_US": "Djibouti", "fr_FR": "Djibouti"}	\N	%(street)s\n%(street2)s\n%(city)s %(state_code)s %(zip)s\n%(country_name)s	f	t	2025-07-20 21:14:37.510818	2025-07-20 21:14:37.510818
59	\N	10	45	1	1	DK	before	{"en_US": "Denmark", "fr_FR": "Danemark"}	{"en_US": "VAT", "fr_FR": "TVA"}	%(street)s\n%(street2)s\n%(zip)s %(city)s\n%(country_name)s	f	t	2025-07-20 21:14:37.510818	2025-07-20 21:14:37.510818
60	\N	49	1767	1	1	DM	before	{"en_US": "Dominica", "fr_FR": "Dominique"}	\N	%(street)s\n%(street2)s\n%(city)s %(state_code)s %(zip)s\n%(country_name)s	f	t	2025-07-20 21:14:37.510818	2025-07-20 21:14:37.510818
61	\N	73	1849	1	1	DO	before	{"en_US": "Dominican Republic", "fr_FR": "République dominicaine"}	{"en_US": "RNC", "fr_FR": "RNC"}	%(street)s\n%(street2)s\n%(city)s %(state_name)s %(zip)s\n%(country_name)s	f	t	2025-07-20 21:14:37.510818	2025-07-20 21:14:37.510818
62	\N	111	213	1	1	DZ	before	{"en_US": "Algeria", "fr_FR": "Algérie"}	\N	%(street)s\n%(street2)s\n%(city)s %(state_code)s %(zip)s\n%(country_name)s	f	t	2025-07-20 21:14:37.510818	2025-07-20 21:14:37.510818
63	\N	1	593	1	1	EC	before	{"en_US": "Ecuador", "fr_FR": "Équateur"}	{"en_US": "RUC", "fr_FR": "RUC"}	%(street)s\n%(street2)s\n%(city)s\n%(country_name)s	f	f	2025-07-20 21:14:37.510818	2025-07-20 21:14:37.510818
64	\N	125	372	1	1	EE	before	{"en_US": "Estonia", "fr_FR": "Estonie"}	{"en_US": "VAT", "fr_FR": "TVA"}	%(street)s\n%(street2)s\n%(city)s %(state_code)s %(zip)s\n%(country_name)s	f	t	2025-07-20 21:14:37.510818	2025-07-20 21:14:37.510818
65	\N	74	20	1	1	EG	before	{"en_US": "Egypt", "fr_FR": "Égypte"}	\N	%(street)s\n%(street2)s\n%(city)s %(state_code)s %(zip)s\n%(country_name)s	f	t	2025-07-20 21:14:37.510818	2025-07-20 21:14:37.510818
66	\N	109	212	1	1	EH	before	{"en_US": "Western Sahara", "fr_FR": "Sahara occidental"}	\N	%(street)s\n%(street2)s\n%(city)s %(state_code)s %(zip)s\n%(country_name)s	f	t	2025-07-20 21:14:37.510818	2025-07-20 21:14:37.510818
67	\N	76	291	1	1	ER	before	{"en_US": "Eritrea", "fr_FR": "Érythrée"}	\N	%(street)s\n%(street2)s\n%(city)s %(state_code)s %(zip)s\n%(country_name)s	f	t	2025-07-20 21:14:37.510818	2025-07-20 21:14:37.510818
68	\N	125	34	1	1	ES	before	{"en_US": "Spain", "fr_FR": "Espagne"}	{"en_US": "VAT", "fr_FR": "TVA"}	%(street)s\n%(street2)s\n%(zip)s %(city)s\n%(state_name)s\n%(country_name)s	f	t	2025-07-20 21:14:37.510818	2025-07-20 21:14:37.510818
69	\N	77	251	1	1	ET	before	{"en_US": "Ethiopia", "fr_FR": "Éthiopie"}	\N	%(street)s\n%(street2)s\n%(city)s %(state_code)s %(zip)s\n%(country_name)s	f	t	2025-07-20 21:14:37.510818	2025-07-20 21:14:37.510818
70	\N	125	358	1	1	FI	before	{"en_US": "Finland", "fr_FR": "Finlande"}	{"en_US": "VAT", "fr_FR": "TVA"}	%(street)s\n%(street2)s\n%(zip)s %(city)s\n%(country_name)s	f	t	2025-07-20 21:14:37.510818	2025-07-20 21:14:37.510818
71	\N	79	679	1	1	FJ	before	{"en_US": "Fiji", "fr_FR": "Fiji"}	\N	%(street)s\n%(street2)s\n%(city)s %(state_code)s %(zip)s\n%(country_name)s	f	t	2025-07-20 21:14:37.510818	2025-07-20 21:14:37.510818
72	\N	78	500	1	1	FK	before	{"en_US": "Falkland Islands", "fr_FR": "Îles Falkland"}	\N	%(street)s\n%(street2)s\n%(city)s %(state_code)s %(zip)s\n%(country_name)s	f	t	2025-07-20 21:14:37.510818	2025-07-20 21:14:37.510818
73	\N	1	691	1	1	FM	before	{"en_US": "Micronesia", "fr_FR": "Micronésie"}	\N	%(street)s\n%(street2)s\n%(city)s %(state_code)s %(zip)s\n%(country_name)s	f	t	2025-07-20 21:14:37.510818	2025-07-20 21:14:37.510818
74	\N	10	298	1	1	FO	before	{"en_US": "Faroe Islands", "fr_FR": "Îles Féroé"}	\N	%(street)s\n%(street2)s\n%(city)s %(state_code)s %(zip)s\n%(country_name)s	f	t	2025-07-20 21:14:37.510818	2025-07-20 21:14:37.510818
75	\N	125	33	1	1	FR	before	{"en_US": "France", "fr_FR": "France"}	{"en_US": "VAT", "fr_FR": "TVA"}	%(street)s\n%(street2)s\n%(zip)s %(city)s\n%(country_name)s	f	t	2025-07-20 21:14:37.510818	2025-07-20 21:14:37.510818
76	\N	42	241	1	1	GA	before	{"en_US": "Gabon", "fr_FR": "Gabon"}	\N	%(street)s\n%(street2)s\n%(city)s %(state_code)s %(zip)s\n%(country_name)s	f	t	2025-07-20 21:14:37.510818	2025-07-20 21:14:37.510818
77	\N	49	1473	1	1	GD	before	{"en_US": "Grenada", "fr_FR": "Grenade"}	\N	%(street)s\n%(street2)s\n%(city)s %(state_code)s %(zip)s\n%(country_name)s	f	t	2025-07-20 21:14:37.510818	2025-07-20 21:14:37.510818
78	\N	80	995	1	1	GE	before	{"en_US": "Georgia", "fr_FR": "Georgie"}	\N	%(street)s\n%(street2)s\n%(city)s %(state_code)s %(zip)s\n%(country_name)s	f	t	2025-07-20 21:14:37.510818	2025-07-20 21:14:37.510818
79	\N	125	594	1	1	GF	before	{"en_US": "French Guiana", "fr_FR": "Guyane française"}	\N	%(street)s\n%(street2)s\n%(city)s %(state_code)s %(zip)s\n%(country_name)s	f	t	2025-07-20 21:14:37.510818	2025-07-20 21:14:37.510818
80	\N	112	233	1	1	GH	before	{"en_US": "Ghana", "fr_FR": "Ghana"}	\N	%(street)s\n%(street2)s\n%(city)s %(state_code)s %(zip)s\n%(country_name)s	f	t	2025-07-20 21:14:37.510818	2025-07-20 21:14:37.510818
81	\N	81	350	1	1	GI	before	{"en_US": "Gibraltar", "fr_FR": "Gibraltar"}	\N	%(street)s\n%(street2)s\n%(city)s %(state_code)s %(zip)s\n%(country_name)s	f	t	2025-07-20 21:14:37.510818	2025-07-20 21:14:37.510818
82	\N	143	44	1	1	GG	before	{"en_US": "Guernsey", "fr_FR": "Île de Guernesey"}	\N	%(street)s\n%(street2)s\n%(city)s %(state_code)s %(zip)s\n%(country_name)s	f	t	2025-07-20 21:14:37.510818	2025-07-20 21:14:37.510818
83	\N	10	299	1	1	GL	before	{"en_US": "Greenland", "fr_FR": "Groenland"}	\N	%(street)s\n%(street2)s\n%(city)s %(state_code)s %(zip)s\n%(country_name)s	f	t	2025-07-20 21:14:37.510818	2025-07-20 21:14:37.510818
84	\N	113	220	1	1	GM	before	{"en_US": "Gambia", "fr_FR": "Gambie"}	\N	%(street)s\n%(street2)s\n%(city)s %(state_code)s %(zip)s\n%(country_name)s	f	t	2025-07-20 21:14:37.510818	2025-07-20 21:14:37.510818
85	\N	82	224	1	1	GN	before	{"en_US": "Guinea", "fr_FR": "Guinée"}	\N	%(street)s\n%(street2)s\n%(city)s %(state_code)s %(zip)s\n%(country_name)s	f	t	2025-07-20 21:14:37.510818	2025-07-20 21:14:37.510818
86	\N	125	590	1	1	GP	before	{"en_US": "Guadeloupe", "fr_FR": "Guadeloupe"}	\N	%(street)s\n%(street2)s\n%(city)s %(state_code)s %(zip)s\n%(country_name)s	f	t	2025-07-20 21:14:37.510818	2025-07-20 21:14:37.510818
87	\N	42	240	1	1	GQ	before	{"en_US": "Equatorial Guinea", "fr_FR": "Guinée équatoriale"}	\N	%(street)s\n%(street2)s\n%(city)s %(state_code)s %(zip)s\n%(country_name)s	f	t	2025-07-20 21:14:37.510818	2025-07-20 21:14:37.510818
88	\N	125	30	1	1	GR	before	{"en_US": "Greece", "fr_FR": "Grèce"}	{"en_US": "VAT", "fr_FR": "TVA"}	%(street)s\n%(street2)s\n%(city)s %(state_code)s %(zip)s\n%(country_name)s	f	t	2025-07-20 21:14:37.510818	2025-07-20 21:14:37.510818
89	\N	143	500	1	1	GS	before	{"en_US": "South Georgia and the South Sandwich Islands", "fr_FR": "Géorgie du Sud-et-les Îles Sandwich du Sud"}	\N	%(street)s\n%(street2)s\n%(city)s %(state_code)s %(zip)s\n%(country_name)s	f	t	2025-07-20 21:14:37.510818	2025-07-20 21:14:37.510818
90	\N	165	502	1	1	GT	before	{"en_US": "Guatemala", "fr_FR": "Guatemala"}	{"en_US": "NIT", "fr_FR": "NIT"}	%(street)s\n%(street2)s\n%(city)s %(state_code)s %(zip)s\n%(country_name)s	f	t	2025-07-20 21:14:37.510818	2025-07-20 21:14:37.510818
91	\N	1	1671	1	1	GU	before	{"en_US": "Guam", "fr_FR": "Guam"}	\N	%(street)s\n%(street2)s\n%(city)s %(state_code)s %(zip)s\n%(country_name)s	f	t	2025-07-20 21:14:37.510818	2025-07-20 21:14:37.510818
92	\N	41	245	1	1	GW	before	{"en_US": "Guinea-Bissau", "fr_FR": "Guinée-Bissau"}	\N	%(street)s\n%(street2)s\n%(city)s %(state_code)s %(zip)s\n%(country_name)s	f	t	2025-07-20 21:14:37.510818	2025-07-20 21:14:37.510818
93	\N	83	592	1	1	GY	before	{"en_US": "Guyana", "fr_FR": "Guyane"}	\N	%(street)s\n%(street2)s\n%(city)s %(state_code)s %(zip)s\n%(country_name)s	f	t	2025-07-20 21:14:37.510818	2025-07-20 21:14:37.510818
94	\N	24	852	1	1	HK	before	{"en_US": "Hong Kong", "fr_FR": "Hong Kong"}	\N	%(street)s\n%(street2)s\n%(city)s %(state_code)s %(zip)s\n%(country_name)s	f	f	2025-07-20 21:14:37.510818	2025-07-20 21:14:37.510818
95	\N	21	672	1	1	HM	before	{"en_US": "Heard Island and McDonald Islands", "fr_FR": "Îles Heard-et-MacDonald"}	\N	%(street)s\n%(street2)s\n%(city)s %(state_code)s %(zip)s\n%(country_name)s	f	t	2025-07-20 21:14:37.510818	2025-07-20 21:14:37.510818
96	\N	44	504	1	1	HN	before	{"en_US": "Honduras", "fr_FR": "Honduras"}	{"en_US": "RTN", "fr_FR": "RTN"}	%(street)s\n%(street2)s\n%(city)s %(state_code)s %(zip)s\n%(country_name)s	f	t	2025-07-20 21:14:37.510818	2025-07-20 21:14:37.510818
97	\N	125	385	1	1	HR	before	{"en_US": "Croatia", "fr_FR": "Croatie"}	{"en_US": "VAT", "fr_FR": "TVA"}	%(street)s\n%(street2)s\n%(zip)s %(city)s \n%(country_name)s	f	t	2025-07-20 21:14:37.510818	2025-07-20 21:14:37.510818
98	\N	84	509	1	1	HT	before	{"en_US": "Haiti", "fr_FR": "Haïti"}	\N	%(street)s\n%(street2)s\n%(city)s %(state_code)s %(zip)s\n%(country_name)s	f	t	2025-07-20 21:14:37.510818	2025-07-20 21:14:37.510818
99	\N	11	36	1	1	HU	before	{"en_US": "Hungary", "fr_FR": "Hongrie"}	{"en_US": "VAT", "fr_FR": "TVA"}	%(street)s\n%(street2)s\n%(city)s %(state_code)s %(zip)s\n%(country_name)s	f	t	2025-07-20 21:14:37.510818	2025-07-20 21:14:37.510818
100	\N	12	62	1	1	ID	before	{"en_US": "Indonesia", "fr_FR": "Indonésie"}	{"en_US": "NPWP", "fr_FR": "NPWP"}	%(street)s\n%(street2)s\n%(city)s %(state_code)s %(zip)s\n%(country_name)s	t	t	2025-07-20 21:14:37.510818	2025-07-20 21:14:37.510818
101	\N	125	353	1	1	IE	before	{"en_US": "Ireland", "fr_FR": "Irlande"}	{"en_US": "VAT", "fr_FR": "TVA"}	%(street)s\n%(street2)s\n%(city)s %(state_code)s %(zip)s\n%(country_name)s	f	f	2025-07-20 21:14:37.510818	2025-07-20 21:14:37.510818
102	\N	88	972	1	1	IL	before	{"en_US": "Israel", "fr_FR": "Israël"}	\N	%(street)s\n%(street2)s\n%(city)s %(state_code)s %(zip)s\n%(country_name)s	f	t	2025-07-20 21:14:37.510818	2025-07-20 21:14:37.510818
103	\N	143	44	1	1	IM	before	{"en_US": "Isle of Man", "fr_FR": "Île de Man"}	\N	%(street)s\n%(street2)s\n%(city)s %(state_code)s %(zip)s\n%(country_name)s	f	t	2025-07-20 21:14:37.510818	2025-07-20 21:14:37.510818
104	\N	20	91	1	1	IN	before	{"en_US": "India", "fr_FR": "Inde"}	{"en_US": "GSTIN", "fr_FR": "GSTIN"}	%(street)s\n%(street2)s\n%(city)s %(zip)s\n%(state_name)s %(state_code)s\n%(country_name)s	t	t	2025-07-20 21:14:37.510818	2025-07-20 21:14:37.510818
216	\N	41	228	1	1	TG	before	{"en_US": "Togo", "fr_FR": "Togo"}	\N	%(street)s\n%(street2)s\n%(city)s %(state_code)s %(zip)s\n%(country_name)s	f	t	2025-07-20 21:14:37.510818	2025-07-20 21:14:37.510818
105	\N	1	246	1	1	IO	before	{"en_US": "British Indian Ocean Territory", "fr_FR": "Territoire britannique de l'océan Indien"}	\N	%(street)s\n%(street2)s\n%(city)s %(state_code)s %(zip)s\n%(country_name)s	f	t	2025-07-20 21:14:37.510818	2025-07-20 21:14:37.510818
106	\N	87	964	1	1	IQ	before	{"en_US": "Iraq", "fr_FR": "Irak"}	\N	%(street)s\n%(street2)s\n%(city)s %(state_code)s %(zip)s\n%(country_name)s	f	t	2025-07-20 21:14:37.510818	2025-07-20 21:14:37.510818
107	\N	86	98	1	1	IR	before	{"en_US": "Iran", "fr_FR": "Iran"}	\N	%(street)s\n%(street2)s\n%(city)s %(state_code)s %(zip)s\n%(country_name)s	f	t	2025-07-20 21:14:37.510818	2025-07-20 21:14:37.510818
108	\N	85	354	1	1	IS	before	{"en_US": "Iceland", "fr_FR": "Islande"}	\N	%(street)s\n%(street2)s\n%(city)s %(state_code)s %(zip)s\n%(country_name)s	f	t	2025-07-20 21:14:37.510818	2025-07-20 21:14:37.510818
109	\N	125	39	1	1	IT	before	{"en_US": "Italy", "fr_FR": "Italie"}	{"en_US": "VAT", "fr_FR": "TVA"}	%(street)s\n%(street2)s\n%(city)s %(state_code)s %(zip)s\n%(country_name)s	t	t	2025-07-20 21:14:37.510818	2025-07-20 21:14:37.510818
110	\N	143	44	1	1	JE	before	{"en_US": "Jersey", "fr_FR": "Jersey"}	\N	%(street)s\n%(street2)s\n%(city)s %(state_code)s %(zip)s\n%(country_name)s	f	t	2025-07-20 21:14:37.510818	2025-07-20 21:14:37.510818
111	\N	89	1876	1	1	JM	before	{"en_US": "Jamaica", "fr_FR": "Jamaïque"}	\N	%(street)s\n%(street2)s\n%(city)s %(state_code)s %(zip)s\n%(country_name)s	f	t	2025-07-20 21:14:37.510818	2025-07-20 21:14:37.510818
112	\N	90	962	1	1	JO	before	{"en_US": "Jordan", "fr_FR": "Jordanie"}	\N	%(street)s\n%(street2)s\n%(city)s %(state_code)s %(zip)s\n%(country_name)s	f	t	2025-07-20 21:14:37.510818	2025-07-20 21:14:37.510818
113	\N	25	81	1	1	JP	after	{"en_US": "Japan", "fr_FR": "Japon"}	\N	%(zip)s\n%(state_name)s %(city)s\n%(street)s\n%(street2)s\n%(country_name)s	t	t	2025-07-20 21:14:37.510818	2025-07-20 21:14:37.510818
114	\N	92	254	1	1	KE	before	{"en_US": "Kenya", "fr_FR": "Kenya"}	\N	%(street)s\n%(street2)s\n%(city)s %(state_code)s %(zip)s\n%(country_name)s	f	t	2025-07-20 21:14:37.510818	2025-07-20 21:14:37.510818
115	\N	94	996	1	1	KG	before	{"en_US": "Kyrgyzstan", "fr_FR": "Kirghizistan"}	\N	%(street)s\n%(street2)s\n%(city)s %(state_code)s %(zip)s\n%(country_name)s	f	t	2025-07-20 21:14:37.510818	2025-07-20 21:14:37.510818
116	\N	66	855	1	1	KH	before	{"en_US": "Cambodia", "fr_FR": "Cambodge"}	\N	%(street)s\n%(street2)s\n%(city)s %(state_code)s %(zip)s\n%(country_name)s	f	t	2025-07-20 21:14:37.510818	2025-07-20 21:14:37.510818
117	\N	21	686	1	1	KI	before	{"en_US": "Kiribati", "fr_FR": "Kiribati"}	\N	%(street)s\n%(street2)s\n%(city)s %(state_code)s %(zip)s\n%(country_name)s	f	t	2025-07-20 21:14:37.510818	2025-07-20 21:14:37.510818
118	\N	68	269	1	1	KM	before	{"en_US": "Comoros", "fr_FR": "Comores"}	\N	%(street)s\n%(street2)s\n%(city)s %(state_code)s %(zip)s\n%(country_name)s	f	t	2025-07-20 21:14:37.510818	2025-07-20 21:14:37.510818
119	\N	49	1869	1	1	KN	before	{"en_US": "Saint Kitts and Nevis", "fr_FR": "Saint-Christophe-et-Niévès"}	\N	%(street)s\n%(street2)s\n%(city)s %(state_code)s %(zip)s\n%(country_name)s	f	t	2025-07-20 21:14:37.510818	2025-07-20 21:14:37.510818
120	\N	121	850	1	1	KP	before	{"en_US": "North Korea", "fr_FR": "Corée du Nord"}	\N	%(street)s\n%(street2)s\n%(city)s %(state_code)s %(zip)s\n%(country_name)s	f	t	2025-07-20 21:14:37.510818	2025-07-20 21:14:37.510818
121	\N	32	82	1	1	KR	before	{"en_US": "South Korea", "fr_FR": "Corée du Sud"}	\N	%(street)s\n%(street2)s\n%(city)s %(state_code)s %(zip)s\n%(country_name)s	f	t	2025-07-20 21:14:37.510818	2025-07-20 21:14:37.510818
122	\N	93	965	1	1	KW	before	{"en_US": "Kuwait", "fr_FR": "Koweït"}	\N	%(street)s\n%(street2)s\n%(city)s %(state_code)s %(zip)s\n%(country_name)s	f	t	2025-07-20 21:14:37.510818	2025-07-20 21:14:37.510818
123	\N	67	1345	1	1	KY	before	{"en_US": "Cayman Islands", "fr_FR": "Îles Caïmans"}	\N	%(street)s\n%(street2)s\n%(city)s %(state_code)s %(zip)s\n%(country_name)s	f	t	2025-07-20 21:14:37.510818	2025-07-20 21:14:37.510818
124	\N	91	7	1	1	KZ	before	{"en_US": "Kazakhstan", "fr_FR": "Kazakhstan"}	\N	%(street)s\n%(street2)s\n%(city)s %(state_code)s %(zip)s\n%(country_name)s	f	t	2025-07-20 21:14:37.510818	2025-07-20 21:14:37.510818
125	\N	95	856	1	1	LA	before	{"en_US": "Laos", "fr_FR": "Laos"}	\N	%(street)s\n%(street2)s\n%(city)s %(state_code)s %(zip)s\n%(country_name)s	f	t	2025-07-20 21:14:37.510818	2025-07-20 21:14:37.510818
126	\N	96	961	1	1	LB	before	{"en_US": "Lebanon", "fr_FR": "Liban"}	\N	%(street)s\n%(street2)s\n%(city)s %(state_code)s %(zip)s\n%(country_name)s	f	t	2025-07-20 21:14:37.510818	2025-07-20 21:14:37.510818
127	\N	49	1758	1	1	LC	before	{"en_US": "Saint Lucia", "fr_FR": "Sainte-Lucie"}	\N	%(street)s\n%(street2)s\n%(city)s %(state_code)s %(zip)s\n%(country_name)s	f	t	2025-07-20 21:14:37.510818	2025-07-20 21:14:37.510818
128	\N	4	423	1	1	LI	before	{"en_US": "Liechtenstein", "fr_FR": "Liechtenstein"}	\N	%(street)s\n%(street2)s\n%(zip)s %(city)s\n%(country_name)s	f	t	2025-07-20 21:14:37.510818	2025-07-20 21:14:37.510818
129	\N	141	94	1	1	LK	before	{"en_US": "Sri Lanka", "fr_FR": "Sri Lanka"}	\N	%(street)s\n%(street2)s\n%(city)s %(state_code)s %(zip)s\n%(country_name)s	f	t	2025-07-20 21:14:37.510818	2025-07-20 21:14:37.510818
130	\N	98	231	1	1	LR	before	{"en_US": "Liberia", "fr_FR": "Liberia"}	\N	%(street)s\n%(street2)s\n%(city)s %(state_code)s %(zip)s\n%(country_name)s	f	t	2025-07-20 21:14:37.510818	2025-07-20 21:14:37.510818
131	\N	97	266	1	1	LS	before	{"en_US": "Lesotho", "fr_FR": "Lesotho"}	\N	%(street)s\n%(street2)s\n%(city)s %(state_code)s %(zip)s\n%(country_name)s	f	t	2025-07-20 21:14:37.510818	2025-07-20 21:14:37.510818
132	\N	125	370	1	1	LT	before	{"en_US": "Lithuania", "fr_FR": "Lituanie"}	{"en_US": "VAT", "fr_FR": "TVA"}	%(street)s\n%(street2)s\n%(city)s %(state_code)s %(zip)s\n%(country_name)s	f	t	2025-07-20 21:14:37.510818	2025-07-20 21:14:37.510818
133	\N	125	352	1	1	LU	before	{"en_US": "Luxembourg", "fr_FR": "Luxembourg"}	{"en_US": "VAT", "fr_FR": "TVA"}	%(street)s\n%(street2)s\n%(zip)s %(city)s \n%(country_name)s	f	t	2025-07-20 21:14:37.510818	2025-07-20 21:14:37.510818
134	\N	125	371	1	1	LV	before	{"en_US": "Latvia", "fr_FR": "Lettonie"}	{"en_US": "VAT", "fr_FR": "TVA"}	%(street)s\n%(street2)s\n%(city)s %(state_code)s %(zip)s\n%(country_name)s	f	t	2025-07-20 21:14:37.510818	2025-07-20 21:14:37.510818
135	\N	99	218	1	1	LY	before	{"en_US": "Libya", "fr_FR": "Libye"}	\N	%(street)s\n%(street2)s\n%(city)s %(state_code)s %(zip)s\n%(country_name)s	f	t	2025-07-20 21:14:37.510818	2025-07-20 21:14:37.510818
136	\N	109	212	1	1	MA	before	{"en_US": "Morocco", "fr_FR": "Maroc"}	\N	%(street)s\n%(street2)s\n%(city)s %(state_code)s %(zip)s\n%(country_name)s	f	t	2025-07-20 21:14:37.510818	2025-07-20 21:14:37.510818
137	\N	125	377	1	1	MC	before	{"en_US": "Monaco", "fr_FR": "Monaco"}	\N	%(street)s\n%(street2)s\n%(city)s %(state_code)s %(zip)s\n%(country_name)s	f	t	2025-07-20 21:14:37.510818	2025-07-20 21:14:37.510818
138	\N	107	373	1	1	MD	before	{"en_US": "Moldova", "fr_FR": "Moldavie"}	\N	%(street)s\n%(street2)s\n%(city)s %(state_code)s %(zip)s\n%(country_name)s	f	t	2025-07-20 21:14:37.510818	2025-07-20 21:14:37.510818
139	\N	125	382	1	1	ME	before	{"en_US": "Montenegro", "fr_FR": "Montenegro"}	\N	%(street)s\n%(street2)s\n%(city)s %(state_code)s %(zip)s\n%(country_name)s	f	t	2025-07-20 21:14:37.510818	2025-07-20 21:14:37.510818
140	\N	125	590	1	1	MF	before	{"en_US": "Saint Martin (French part)", "fr_FR": "Saint-Martin (partie française)"}	\N	%(street)s\n%(street2)s\n%(city)s %(state_code)s %(zip)s\n%(country_name)s	f	t	2025-07-20 21:14:37.510818	2025-07-20 21:14:37.510818
141	\N	102	261	1	1	MG	before	{"en_US": "Madagascar", "fr_FR": "Madagascar"}	\N	%(street)s\n%(street2)s\n%(city)s %(state_code)s %(zip)s\n%(country_name)s	f	t	2025-07-20 21:14:37.510818	2025-07-20 21:14:37.510818
142	\N	1	692	1	1	MH	before	{"en_US": "Marshall Islands", "fr_FR": "Îles Marshall"}	\N	%(street)s\n%(street2)s\n%(city)s %(state_code)s %(zip)s\n%(country_name)s	f	t	2025-07-20 21:14:37.510818	2025-07-20 21:14:37.510818
143	\N	101	389	1	1	MK	before	{"en_US": "North Macedonia", "fr_FR": "Macédoine du Nord"}	\N	%(street)s\n%(street2)s\n%(city)s %(state_code)s %(zip)s\n%(country_name)s	f	t	2025-07-20 21:14:37.510818	2025-07-20 21:14:37.510818
144	\N	41	223	1	1	ML	before	{"en_US": "Mali", "fr_FR": "Mali"}	\N	%(street)s\n%(street2)s\n%(city)s %(state_code)s %(zip)s\n%(country_name)s	f	t	2025-07-20 21:14:37.510818	2025-07-20 21:14:37.510818
145	\N	115	95	1	1	MM	before	{"en_US": "Myanmar", "fr_FR": "Birmanie"}	\N	%(street)s\n%(street2)s\n%(city)s %(state_code)s %(zip)s\n%(country_name)s	f	t	2025-07-20 21:14:37.510818	2025-07-20 21:14:37.510818
146	\N	108	976	1	1	MN	before	{"en_US": "Mongolia", "fr_FR": "Mongolie"}	\N	%(street)s\n%(street2)s\n%(city)s %(state_code)s %(zip)s\n%(country_name)s	f	t	2025-07-20 21:14:37.510818	2025-07-20 21:14:37.510818
147	\N	100	853	1	1	MO	before	{"en_US": "Macau", "fr_FR": "Macao"}	\N	%(street)s\n%(street2)s\n%(city)s %(state_code)s %(zip)s\n%(country_name)s	f	f	2025-07-20 21:14:37.510818	2025-07-20 21:14:37.510818
148	\N	1	1670	1	1	MP	before	{"en_US": "Northern Mariana Islands", "fr_FR": "Îles Mariannes du Nord"}	\N	%(street)s\n%(street2)s\n%(city)s %(state_code)s %(zip)s\n%(country_name)s	f	t	2025-07-20 21:14:37.510818	2025-07-20 21:14:37.510818
149	\N	125	596	1	1	MQ	before	{"en_US": "Martinique", "fr_FR": "Martinique"}	\N	%(street)s\n%(street2)s\n%(city)s %(state_code)s %(zip)s\n%(country_name)s	f	t	2025-07-20 21:14:37.510818	2025-07-20 21:14:37.510818
150	\N	106	222	1	1	MR	before	{"en_US": "Mauritania", "fr_FR": "Mauritanie"}	\N	%(street)s\n%(street2)s\n%(city)s %(state_code)s %(zip)s\n%(country_name)s	f	t	2025-07-20 21:14:37.510818	2025-07-20 21:14:37.510818
151	\N	49	1664	1	1	MS	before	{"en_US": "Montserrat", "fr_FR": "Montserrat"}	\N	%(street)s\n%(street2)s\n%(city)s %(state_code)s %(zip)s\n%(country_name)s	f	t	2025-07-20 21:14:37.510818	2025-07-20 21:14:37.510818
152	\N	125	356	1	1	MT	before	{"en_US": "Malta", "fr_FR": "Malte"}	{"en_US": "VAT", "fr_FR": "TVA"}	%(street)s\n%(street2)s\n%(city)s %(state_code)s %(zip)s\n%(country_name)s	f	t	2025-07-20 21:14:37.510818	2025-07-20 21:14:37.510818
153	\N	40	230	1	1	MU	before	{"en_US": "Mauritius", "fr_FR": "Maurice"}	\N	%(street)s\n%(street2)s\n%(city)s %(state_code)s %(zip)s\n%(country_name)s	f	t	2025-07-20 21:14:37.510818	2025-07-20 21:14:37.510818
154	\N	104	960	1	1	MV	before	{"en_US": "Maldives", "fr_FR": "Maldives"}	\N	%(street)s\n%(street2)s\n%(city)s %(state_code)s %(zip)s\n%(country_name)s	f	t	2025-07-20 21:14:37.510818	2025-07-20 21:14:37.510818
155	\N	103	265	1	1	MW	before	{"en_US": "Malawi", "fr_FR": "Malawi"}	\N	%(street)s\n%(street2)s\n%(city)s %(state_code)s %(zip)s\n%(country_name)s	f	t	2025-07-20 21:14:37.510818	2025-07-20 21:14:37.510818
156	\N	33	52	1	1	MX	before	{"en_US": "Mexico", "fr_FR": "Mexique"}	{"en_US": "RFC", "fr_FR": "RFC"}	%(street)s\n%(street2)s\n%(zip)s %(city)s, %(state_code)s\n%(country_name)s	t	t	2025-07-20 21:14:37.510818	2025-07-20 21:14:37.510818
157	\N	34	60	1	1	MY	before	{"en_US": "Malaysia", "fr_FR": "Malaisie"}	\N	%(street)s\n%(street2)s\n%(city)s %(state_name)s %(zip)s\n%(country_name)s	f	t	2025-07-20 21:14:37.510818	2025-07-20 21:14:37.510818
158	\N	114	258	1	1	MZ	before	{"en_US": "Mozambique", "fr_FR": "Mozambique"}	\N	%(street)s\n%(street2)s\n%(city)s %(state_code)s %(zip)s\n%(country_name)s	f	t	2025-07-20 21:14:37.510818	2025-07-20 21:14:37.510818
159	\N	116	264	1	1	NA	before	{"en_US": "Namibia", "fr_FR": "Namibie"}	\N	%(street)s\n%(street2)s\n%(city)s %(state_code)s %(zip)s\n%(country_name)s	f	t	2025-07-20 21:14:37.510818	2025-07-20 21:14:37.510818
160	\N	15	687	1	1	NC	before	{"en_US": "New Caledonia", "fr_FR": "Nouvelle-Calédonie"}	\N	%(street)s\n%(street2)s\n%(city)s %(state_code)s %(zip)s\n%(country_name)s	f	t	2025-07-20 21:14:37.510818	2025-07-20 21:14:37.510818
161	\N	41	227	1	1	NE	before	{"en_US": "Niger", "fr_FR": "Niger"}	\N	%(street)s\n%(street2)s\n%(city)s %(state_code)s %(zip)s\n%(country_name)s	f	t	2025-07-20 21:14:37.510818	2025-07-20 21:14:37.510818
162	\N	21	672	1	1	NF	before	{"en_US": "Norfolk Island", "fr_FR": "Île Norfolk"}	\N	%(street)s\n%(street2)s\n%(city)s %(state_code)s %(zip)s\n%(country_name)s	f	t	2025-07-20 21:14:37.510818	2025-07-20 21:14:37.510818
163	\N	120	234	1	1	NG	before	{"en_US": "Nigeria", "fr_FR": "Nigeria"}	\N	%(street)s\n%(street2)s\n%(city)s %(state_code)s %(zip)s\n%(country_name)s	f	t	2025-07-20 21:14:37.510818	2025-07-20 21:14:37.510818
164	\N	119	505	1	1	NI	before	{"en_US": "Nicaragua", "fr_FR": "Nicaragua"}	\N	%(street)s\n%(street2)s\n%(city)s %(state_code)s %(zip)s\n%(country_name)s	f	t	2025-07-20 21:14:37.510818	2025-07-20 21:14:37.510818
165	\N	125	31	1	1	NL	before	{"en_US": "Netherlands", "fr_FR": "Pays-Bas"}	{"en_US": "VAT", "fr_FR": "TVA"}	%(street)s\n%(street2)s\n%(zip)s %(city)s\n%(country_name)s	f	t	2025-07-20 21:14:37.510818	2025-07-20 21:14:37.510818
166	\N	14	47	1	1	NO	before	{"en_US": "Norway", "fr_FR": "Norvège"}	\N	%(street)s\n%(street2)s\n%(zip)s %(city)s\n%(country_name)s	f	t	2025-07-20 21:14:37.510818	2025-07-20 21:14:37.510818
167	\N	117	977	1	1	NP	before	{"en_US": "Nepal", "fr_FR": "Népal"}	\N	%(street)s\n%(street2)s\n%(city)s %(state_code)s %(zip)s\n%(country_name)s	f	t	2025-07-20 21:14:37.510818	2025-07-20 21:14:37.510818
168	\N	21	674	1	1	NR	before	{"en_US": "Nauru", "fr_FR": "Nauru"}	\N	%(street)s\n%(street2)s\n%(city)s %(state_code)s %(zip)s\n%(country_name)s	f	t	2025-07-20 21:14:37.510818	2025-07-20 21:14:37.510818
169	\N	35	683	1	1	NU	before	{"en_US": "Niue", "fr_FR": "Niué"}	\N	%(street)s\n%(street2)s\n%(city)s %(state_code)s %(zip)s\n%(country_name)s	f	t	2025-07-20 21:14:37.510818	2025-07-20 21:14:37.510818
170	\N	35	64	1	1	NZ	before	{"en_US": "New Zealand", "fr_FR": "Nouvelle-Zélande"}	{"en_US": "GST", "fr_FR": "GST"}	%(street)s\n%(street2)s\n%(city)s %(state_code)s %(zip)s\n%(country_name)s	f	t	2025-07-20 21:14:37.510818	2025-07-20 21:14:37.510818
171	\N	160	968	1	1	OM	before	{"en_US": "Oman", "fr_FR": "Oman"}	\N	%(street)s\n%(street2)s\n%(city)s %(state_name)s %(zip)s\n%(country_name)s	f	t	2025-07-20 21:14:37.510818	2025-07-20 21:14:37.510818
172	\N	16	507	1	1	PA	before	{"en_US": "Panama", "fr_FR": "Panama"}	{"en_US": "RUC", "fr_FR": "RUC"}	%(street)s\n%(street2)s\n%(city)s %(state_name)s %(zip)s\n%(country_name)s	f	t	2025-07-20 21:14:37.510818	2025-07-20 21:14:37.510818
173	\N	156	51	1	1	PE	before	{"en_US": "Peru", "fr_FR": "Pérou"}	{"en_US": "RUC", "fr_FR": "RUC"}	%(street)s\n%(street2)s\n%(city)s %(state_code)s %(zip)s\n%(country_name)s	f	t	2025-07-20 21:14:37.510818	2025-07-20 21:14:37.510818
174	\N	15	689	1	1	PF	before	{"en_US": "French Polynesia", "fr_FR": "Polynésie française"}	{"en_US": "VAT", "fr_FR": "TVA"}	%(street)s\n%(street2)s\n%(city)s %(state_code)s %(zip)s\n%(country_name)s	f	t	2025-07-20 21:14:37.510818	2025-07-20 21:14:37.510818
175	\N	158	675	1	1	PG	before	{"en_US": "Papua New Guinea", "fr_FR": "Papouasie-Nouvelle-Guinée"}	\N	%(street)s\n%(street2)s\n%(city)s %(state_code)s %(zip)s\n%(country_name)s	f	t	2025-07-20 21:14:37.510818	2025-07-20 21:14:37.510818
176	\N	36	63	1	1	PH	before	{"en_US": "Philippines", "fr_FR": "Les Philippines"}	\N	%(street)s\n%(street2)s\n%(city)s %(state_code)s %(zip)s\n%(country_name)s	f	t	2025-07-20 21:14:37.510818	2025-07-20 21:14:37.510818
177	\N	159	92	1	1	PK	before	{"en_US": "Pakistan", "fr_FR": "Pakistan"}	{"en_US": "NTN", "fr_FR": "NTN"}	%(street)s\n%(street2)s\n%(city)s %(state_code)s %(zip)s\n%(country_name)s	f	t	2025-07-20 21:14:37.510818	2025-07-20 21:14:37.510818
178	\N	17	48	1	1	PL	before	{"en_US": "Poland", "fr_FR": "Pologne"}	{"en_US": "VAT", "fr_FR": "TVA"}	%(street)s\n%(street2)s\n%(zip)s %(city)s\n%(country_name)s	f	t	2025-07-20 21:14:37.510818	2025-07-20 21:14:37.510818
179	\N	125	508	1	1	PM	before	{"en_US": "Saint Pierre and Miquelon", "fr_FR": "Saint-Pierre-et-Miquelon"}	\N	%(street)s\n%(street2)s\n%(city)s %(state_code)s %(zip)s\n%(country_name)s	f	t	2025-07-20 21:14:37.510818	2025-07-20 21:14:37.510818
180	\N	35	64	1	1	PN	before	{"en_US": "Pitcairn Islands", "fr_FR": "Îles Pitcairn"}	\N	%(street)s\n%(street2)s\n%(city)s %(state_code)s %(zip)s\n%(country_name)s	f	t	2025-07-20 21:14:37.510818	2025-07-20 21:14:37.510818
181	\N	1	1939	1	1	PR	before	{"en_US": "Puerto Rico", "fr_FR": "Porto Rico"}	\N	%(street)s\n%(street2)s\n%(city)s %(state_code)s %(zip)s\n%(country_name)s	f	t	2025-07-20 21:14:37.510818	2025-07-20 21:14:37.510818
182	\N	88	970	1	1	PS	before	{"en_US": "State of Palestine", "fr_FR": "État de Palestine"}	\N	%(street)s\n%(street2)s\n%(city)s %(state_code)s %(zip)s\n%(country_name)s	f	t	2025-07-20 21:14:37.510818	2025-07-20 21:14:37.510818
183	\N	125	351	1	1	PT	before	{"en_US": "Portugal", "fr_FR": "Portugal"}	{"en_US": "VAT", "fr_FR": "TVA"}	%(street)s\n%(street2)s\n%(city)s %(state_code)s %(zip)s\n%(country_name)s	f	t	2025-07-20 21:14:37.510818	2025-07-20 21:14:37.510818
184	\N	1	680	1	1	PW	before	{"en_US": "Palau", "fr_FR": "Palau"}	\N	%(street)s\n%(street2)s\n%(city)s %(state_code)s %(zip)s\n%(country_name)s	f	t	2025-07-20 21:14:37.510818	2025-07-20 21:14:37.510818
185	\N	157	595	1	1	PY	before	{"en_US": "Paraguay", "fr_FR": "Paraguay"}	\N	%(street)s\n%(street2)s\n%(city)s %(state_code)s %(zip)s\n%(country_name)s	f	t	2025-07-20 21:14:37.510818	2025-07-20 21:14:37.510818
186	\N	155	974	1	1	QA	before	{"en_US": "Qatar", "fr_FR": "Qatar"}	\N	%(street)s\n%(street2)s\n%(city)s %(state_code)s %(zip)s\n%(country_name)s	f	t	2025-07-20 21:14:37.510818	2025-07-20 21:14:37.510818
187	\N	125	262	1	1	RE	before	{"en_US": "Réunion", "fr_FR": "La Réunion"}	\N	%(street)s\n%(street2)s\n%(city)s %(state_code)s %(zip)s\n%(country_name)s	f	t	2025-07-20 21:14:37.510818	2025-07-20 21:14:37.510818
188	\N	28	40	1	1	RO	before	{"en_US": "Romania", "fr_FR": "Roumanie"}	{"en_US": "VAT", "fr_FR": "TVA"}	%(street)s\n%(street2)s\n%(city)s %(state_code)s %(zip)s\n%(country_name)s	f	t	2025-07-20 21:14:37.510818	2025-07-20 21:14:37.510818
189	\N	149	381	1	1	RS	before	{"en_US": "Serbia", "fr_FR": "Serbie"}	\N	%(street)s\n%(street2)s\n%(city)s %(state_code)s %(zip)s\n%(country_name)s	f	t	2025-07-20 21:14:37.510818	2025-07-20 21:14:37.510818
190	\N	30	7	1	1	RU	before	{"en_US": "Russian Federation", "fr_FR": "Fédération de Russie"}	\N	%(street)s\n%(street2)s\n%(city)s %(state_code)s %(zip)s\n%(country_name)s	f	t	2025-07-20 21:14:37.510818	2025-07-20 21:14:37.510818
191	\N	154	250	1	1	RW	before	{"en_US": "Rwanda", "fr_FR": "Rwanda"}	\N	%(street)s\n%(street2)s\n%(city)s %(state_code)s %(zip)s\n%(country_name)s	f	t	2025-07-20 21:14:37.510818	2025-07-20 21:14:37.510818
192	\N	150	966	1	1	SA	before	{"en_US": "Saudi Arabia", "fr_FR": "Arabie saoudite"}	\N	%(street)s\n%(street2)s\n%(city)s %(state_code)s %(zip)s\n%(country_name)s	f	t	2025-07-20 21:14:37.510818	2025-07-20 21:14:37.510818
193	\N	145	677	1	1	SB	before	{"en_US": "Solomon Islands", "fr_FR": "Îles Salomon"}	\N	%(street)s\n%(street2)s\n%(city)s %(state_code)s %(zip)s\n%(country_name)s	f	t	2025-07-20 21:14:37.510818	2025-07-20 21:14:37.510818
194	\N	148	248	1	1	SC	before	{"en_US": "Seychelles", "fr_FR": "Seychelles"}	\N	%(street)s\n%(street2)s\n%(city)s %(state_code)s %(zip)s\n%(country_name)s	f	t	2025-07-20 21:14:37.510818	2025-07-20 21:14:37.510818
195	\N	140	249	1	1	SD	before	{"en_US": "Sudan", "fr_FR": "Soudan"}	\N	%(street)s\n%(street2)s\n%(city)s %(state_code)s %(zip)s\n%(country_name)s	f	t	2025-07-20 21:14:37.510818	2025-07-20 21:14:37.510818
196	\N	18	46	1	1	SE	before	{"en_US": "Sweden", "fr_FR": "Suède"}	{"en_US": "VAT", "fr_FR": "TVA"}	%(street)s\n%(street2)s\n%(zip)s %(city)s\n%(country_name)s	f	t	2025-07-20 21:14:37.510818	2025-07-20 21:14:37.510818
197	\N	37	65	1	1	SG	before	{"en_US": "Singapore", "fr_FR": "Singapour"}	{"en_US": "GST No.", "fr_FR": "N° GST"}	%(street)s\n%(street2)s\n%(city)s %(state_code)s %(zip)s\n%(country_name)s	f	t	2025-07-20 21:14:37.510818	2025-07-20 21:14:37.510818
198	\N	153	290	1	1	SH	before	{"en_US": "Saint Helena, Ascension and Tristan da Cunha", "fr_FR": "Sainte-Hélène, Ascension et Tristan da Cunha"}	\N	%(street)s\n%(street2)s\n%(city)s %(state_code)s %(zip)s\n%(country_name)s	f	t	2025-07-20 21:14:37.510818	2025-07-20 21:14:37.510818
199	\N	125	386	1	1	SI	before	{"en_US": "Slovenia", "fr_FR": "Slovénie"}	{"en_US": "VAT", "fr_FR": "TVA"}	%(street)s\n%(street2)s\n%(city)s %(state_code)s %(zip)s\n%(country_name)s	f	t	2025-07-20 21:14:37.510818	2025-07-20 21:14:37.510818
200	\N	14	47	1	1	SJ	before	{"en_US": "Svalbard and Jan Mayen", "fr_FR": "Svalbard et Jan Mayen"}	\N	%(street)s\n%(street2)s\n%(city)s %(state_code)s %(zip)s\n%(country_name)s	f	t	2025-07-20 21:14:37.510818	2025-07-20 21:14:37.510818
201	\N	125	421	1	1	SK	before	{"en_US": "Slovakia", "fr_FR": "Slovaquie"}	{"en_US": "VAT", "fr_FR": "TVA"}	%(street)s\n%(street2)s\n%(city)s %(state_code)s %(zip)s\n%(country_name)s	f	t	2025-07-20 21:14:37.510818	2025-07-20 21:14:37.510818
202	\N	147	232	1	1	SL	before	{"en_US": "Sierra Leone", "fr_FR": "Sierra Leone"}	\N	%(street)s\n%(street2)s\n%(city)s %(state_code)s %(zip)s\n%(country_name)s	f	t	2025-07-20 21:14:37.510818	2025-07-20 21:14:37.510818
203	\N	125	378	1	1	SM	before	{"en_US": "San Marino", "fr_FR": "Saint-Marin"}	\N	%(street)s\n%(street2)s\n%(city)s %(state_code)s %(zip)s\n%(country_name)s	f	t	2025-07-20 21:14:37.510818	2025-07-20 21:14:37.510818
204	\N	41	221	1	1	SN	before	{"en_US": "Senegal", "fr_FR": "Sénégal"}	\N	%(street)s\n%(street2)s\n%(city)s %(state_code)s %(zip)s\n%(country_name)s	f	t	2025-07-20 21:14:37.510818	2025-07-20 21:14:37.510818
205	\N	144	252	1	1	SO	before	{"en_US": "Somalia", "fr_FR": "Somalie"}	\N	%(street)s\n%(street2)s\n%(city)s %(state_code)s %(zip)s\n%(country_name)s	f	t	2025-07-20 21:14:37.510818	2025-07-20 21:14:37.510818
206	\N	139	597	1	1	SR	before	{"en_US": "Suriname", "fr_FR": "Suriname"}	\N	%(street)s\n%(street2)s\n%(city)s %(state_code)s %(zip)s\n%(country_name)s	f	t	2025-07-20 21:14:37.510818	2025-07-20 21:14:37.510818
207	\N	142	211	1	1	SS	before	{"en_US": "South Sudan", "fr_FR": "Soudan du Sud"}	\N	%(street)s\n%(street2)s\n%(city)s %(state_code)s %(zip)s\n%(country_name)s	f	t	2025-07-20 21:14:37.510818	2025-07-20 21:14:37.510818
208	\N	151	239	1	1	ST	before	{"en_US": "São Tomé and Príncipe", "fr_FR": "Sao Tomé-et-Principe"}	\N	%(street)s\n%(street2)s\n%(city)s %(state_code)s %(zip)s\n%(country_name)s	f	t	2025-07-20 21:14:37.510818	2025-07-20 21:14:37.510818
209	\N	75	503	1	1	SV	before	{"en_US": "El Salvador", "fr_FR": "Le Salvador"}	\N	%(street)s\n%(street2)s\n%(city)s %(state_code)s %(zip)s\n%(country_name)s	f	t	2025-07-20 21:14:37.510818	2025-07-20 21:14:37.510818
210	\N	71	1721	1	1	SX	before	{"en_US": "Sint Maarten (Dutch part)", "fr_FR": "Saint-Martin (partie néerlandaise)"}	\N	%(street)s\n%(street2)s\n%(city)s %(state_code)s %(zip)s\n%(country_name)s	f	t	2025-07-20 21:14:37.510818	2025-07-20 21:14:37.510818
211	\N	137	963	1	1	SY	before	{"en_US": "Syria", "fr_FR": "Syrie"}	\N	%(street)s\n%(street2)s\n%(city)s %(state_code)s %(zip)s\n%(country_name)s	f	t	2025-07-20 21:14:37.510818	2025-07-20 21:14:37.510818
212	\N	138	268	1	1	SZ	before	{"en_US": "Eswatini", "fr_FR": "Eswatini"}	\N	%(street)s\n%(street2)s\n%(city)s %(state_code)s %(zip)s\n%(country_name)s	f	t	2025-07-20 21:14:37.510818	2025-07-20 21:14:37.510818
213	\N	1	1649	1	1	TC	before	{"en_US": "Turks and Caicos Islands", "fr_FR": "Îles Turques-et-Caïques"}	\N	%(street)s\n%(street2)s\n%(city)s %(state_code)s %(zip)s\n%(country_name)s	f	t	2025-07-20 21:14:37.510818	2025-07-20 21:14:37.510818
214	\N	42	235	1	1	TD	before	{"en_US": "Chad", "fr_FR": "Tchad"}	\N	%(street)s\n%(street2)s\n%(city)s %(state_code)s %(zip)s\n%(country_name)s	f	t	2025-07-20 21:14:37.510818	2025-07-20 21:14:37.510818
215	\N	125	262	1	1	TF	before	{"en_US": "French Southern Territories", "fr_FR": "Terres australes et antarctiques françaises"}	\N	%(street)s\n%(street2)s\n%(city)s %(state_code)s %(zip)s\n%(country_name)s	f	t	2025-07-20 21:14:37.510818	2025-07-20 21:14:37.510818
217	\N	133	66	1	1	TH	before	{"en_US": "Thailand", "fr_FR": "Thaïlande"}	\N	%(street)s\n%(street2)s\n%(city)s\n%(state_name)s %(zip)s\n%(country_name)s	f	t	2025-07-20 21:14:37.510818	2025-07-20 21:14:37.510818
218	\N	135	992	1	1	TJ	before	{"en_US": "Tajikistan", "fr_FR": "Tadjikistan"}	\N	%(street)s\n%(street2)s\n%(city)s %(state_code)s %(zip)s\n%(country_name)s	f	t	2025-07-20 21:14:37.510818	2025-07-20 21:14:37.510818
219	\N	35	690	1	1	TK	before	{"en_US": "Tokelau", "fr_FR": "Tokelau"}	\N	%(street)s\n%(street2)s\n%(city)s %(state_code)s %(zip)s\n%(country_name)s	f	t	2025-07-20 21:14:37.510818	2025-07-20 21:14:37.510818
220	\N	129	993	1	1	TM	before	{"en_US": "Turkmenistan", "fr_FR": "Turkménistan"}	\N	%(street)s\n%(street2)s\n%(city)s %(state_code)s %(zip)s\n%(country_name)s	f	t	2025-07-20 21:14:37.510818	2025-07-20 21:14:37.510818
221	\N	130	216	1	1	TN	before	{"en_US": "Tunisia", "fr_FR": "Tunisie"}	\N	%(street)s\n%(street2)s\n%(city)s %(state_code)s %(zip)s\n%(country_name)s	f	t	2025-07-20 21:14:37.510818	2025-07-20 21:14:37.510818
222	\N	132	676	1	1	TO	before	{"en_US": "Tonga", "fr_FR": "Tonga"}	\N	%(street)s\n%(street2)s\n%(city)s %(state_code)s %(zip)s\n%(country_name)s	f	t	2025-07-20 21:14:37.510818	2025-07-20 21:14:37.510818
223	\N	1	670	1	1	TL	before	{"en_US": "Timor-Leste", "fr_FR": "Timor oriental"}	\N	%(street)s\n%(street2)s\n%(city)s %(state_code)s %(zip)s\n%(country_name)s	f	t	2025-07-20 21:14:37.510818	2025-07-20 21:14:37.510818
224	\N	31	90	1	1	TR	before	{"en_US": "Türkiye", "fr_FR": "Turquie"}	\N	%(street)s\n%(street2)s\n%(city)s %(state_name)s %(zip)s\n%(country_name)s	f	t	2025-07-20 21:14:37.510818	2025-07-20 21:14:37.510818
225	\N	131	1868	1	1	TT	before	{"en_US": "Trinidad and Tobago", "fr_FR": "Trinité-et-Tobago"}	\N	%(street)s\n%(street2)s\n%(city)s %(state_code)s %(zip)s\n%(country_name)s	f	t	2025-07-20 21:14:37.510818	2025-07-20 21:14:37.510818
226	\N	21	688	1	1	TV	before	{"en_US": "Tuvalu", "fr_FR": "Tuvalu"}	\N	%(street)s\n%(street2)s\n%(city)s %(state_code)s %(zip)s\n%(country_name)s	f	t	2025-07-20 21:14:37.510818	2025-07-20 21:14:37.510818
227	\N	136	886	1	1	TW	before	{"en_US": "Taiwan", "fr_FR": "Taïwan"}	\N	%(street)s\n%(street2)s\n%(city)s %(state_code)s %(zip)s\n%(country_name)s	f	t	2025-07-20 21:14:37.510818	2025-07-20 21:14:37.510818
228	\N	134	255	1	1	TZ	before	{"en_US": "Tanzania", "fr_FR": "Tanzanie"}	\N	%(street)s\n%(street2)s\n%(city)s %(state_code)s %(zip)s\n%(country_name)s	f	t	2025-07-20 21:14:37.510818	2025-07-20 21:14:37.510818
229	\N	22	380	1	1	UA	before	{"en_US": "Ukraine", "fr_FR": "Ukraine"}	\N	%(street)s\n%(street2)s\n%(city)s %(state_code)s %(zip)s\n%(country_name)s	f	t	2025-07-20 21:14:37.510818	2025-07-20 21:14:37.510818
230	\N	43	256	1	1	UG	before	{"en_US": "Uganda", "fr_FR": "Ouganda"}	{"en_US": "TIN", "fr_FR": "TIN"}	%(street)s\n%(street2)s\n%(city)s %(state_code)s %(zip)s\n%(country_name)s	f	t	2025-07-20 21:14:37.510818	2025-07-20 21:14:37.510818
231	\N	143	44	1	1	GB	before	{"en_US": "United Kingdom", "fr_FR": "Royaume-Uni"}	{"en_US": "VAT", "fr_FR": "TVA"}	%(street)s\n%(street2)s\n%(city)s\n%(state_name)s\n%(zip)s\n%(country_name)s	f	t	2025-07-20 21:14:37.510818	2025-07-20 21:14:37.510818
232	\N	1	699	1	1	UM	before	{"en_US": "USA Minor Outlying Islands", "fr_FR": "Îles mineures éloignées des États-Unis"}	\N	%(street)s\n%(street2)s\n%(city)s %(state_code)s %(zip)s\n%(country_name)s	f	t	2025-07-20 21:14:37.510818	2025-07-20 21:14:37.510818
233	\N	1	1	1	1	US	before	{"en_US": "United States", "fr_FR": "États-Unis"}	{"en_US": ""}	%(street)s\n%(street2)s\n%(city)s %(state_code)s %(zip)s\n%(country_name)s	t	t	2025-07-20 21:14:37.510818	2025-07-20 21:14:37.510818
234	\N	46	598	1	1	UY	before	{"en_US": "Uruguay", "fr_FR": "Uruguay"}	{"en_US": "RUT", "fr_FR": "RUT"}	%(street)s\n%(street2)s\n%(city)s %(state_code)s %(zip)s\n%(country_name)s	f	t	2025-07-20 21:14:37.510818	2025-07-20 21:14:37.510818
235	\N	127	998	1	1	UZ	before	{"en_US": "Uzbekistan", "fr_FR": "Ouzbékistan"}	\N	%(street)s\n%(street2)s\n%(city)s %(state_code)s %(zip)s\n%(country_name)s	f	t	2025-07-20 21:14:37.510818	2025-07-20 21:14:37.510818
236	\N	125	379	1	1	VA	before	{"en_US": "Holy See (Vatican City State)", "fr_FR": "Saint-Siège (État de la Cité du Vatican)"}	\N	%(street)s\n%(street2)s\n%(city)s %(state_code)s %(zip)s\n%(country_name)s	f	t	2025-07-20 21:14:37.510818	2025-07-20 21:14:37.510818
237	\N	49	1784	1	1	VC	before	{"en_US": "Saint Vincent and the Grenadines", "fr_FR": "Saint-Vincent-et-les-Grenadines"}	\N	%(street)s\n%(street2)s\n%(city)s %(state_code)s %(zip)s\n%(country_name)s	f	t	2025-07-20 21:14:37.510818	2025-07-20 21:14:37.510818
238	\N	2	58	1	1	VE	before	{"en_US": "Venezuela", "fr_FR": "Venezuela"}	\N	%(street)s\n%(street2)s\n%(city)s %(state_code)s %(zip)s\n%(country_name)s	f	t	2025-07-20 21:14:37.510818	2025-07-20 21:14:37.510818
239	\N	1	1284	1	1	VG	before	{"en_US": "Virgin Islands (British)", "fr_FR": "Îles Vierges (britanniques)"}	\N	%(street)s\n%(street2)s\n%(city)s %(state_code)s %(zip)s\n%(country_name)s	f	t	2025-07-20 21:14:37.510818	2025-07-20 21:14:37.510818
240	\N	1	1340	1	1	VI	before	{"en_US": "Virgin Islands (USA)", "fr_FR": "Îles Vierges (des États-Unis)"}	\N	%(street)s\n%(street2)s\n%(city)s %(state_code)s %(zip)s\n%(country_name)s	f	t	2025-07-20 21:14:37.510818	2025-07-20 21:14:37.510818
241	\N	23	84	1	1	VN	before	{"en_US": "Vietnam", "fr_FR": "Vietnam"}	\N	%(street)s\n%(street2)s\n%(city)s\n%(state_name)s %(country_name)s	f	f	2025-07-20 21:14:37.510818	2025-07-20 21:14:37.510818
242	\N	126	678	1	1	VU	before	{"en_US": "Vanuatu", "fr_FR": "Vanuatu"}	\N	%(street)s\n%(street2)s\n%(city)s %(state_code)s %(zip)s\n%(country_name)s	f	t	2025-07-20 21:14:37.510818	2025-07-20 21:14:37.510818
243	\N	15	681	1	1	WF	before	{"en_US": "Wallis and Futuna", "fr_FR": "Wallis-et-Futuna"}	\N	%(street)s\n%(street2)s\n%(city)s %(state_code)s %(zip)s\n%(country_name)s	f	t	2025-07-20 21:14:37.510818	2025-07-20 21:14:37.510818
244	\N	152	685	1	1	WS	before	{"en_US": "Samoa", "fr_FR": "Samoa"}	\N	%(street)s\n%(street2)s\n%(city)s %(state_code)s %(zip)s\n%(country_name)s	f	t	2025-07-20 21:14:37.510818	2025-07-20 21:14:37.510818
245	\N	124	967	1	1	YE	before	{"en_US": "Yemen", "fr_FR": "Yémen"}	\N	%(street)s\n%(street2)s\n%(city)s %(state_code)s %(zip)s\n%(country_name)s	f	t	2025-07-20 21:14:37.510818	2025-07-20 21:14:37.510818
246	\N	125	262	1	1	YT	before	{"en_US": "Mayotte", "fr_FR": "Mayotte"}	\N	%(street)s\n%(street2)s\n%(city)s %(state_code)s %(zip)s\n%(country_name)s	f	t	2025-07-20 21:14:37.510818	2025-07-20 21:14:37.510818
247	\N	38	27	1	1	ZA	before	{"en_US": "South Africa", "fr_FR": "Afrique du Sud"}	\N	%(street)s\n%(street2)s\n%(city)s %(state_code)s %(zip)s\n%(country_name)s	f	t	2025-07-20 21:14:37.510818	2025-07-20 21:14:37.510818
248	\N	123	260	1	1	ZM	before	{"en_US": "Zambia", "fr_FR": "Zambie"}	{"en_US": "TPIN", "fr_FR": "TPIN"}	%(street)s\n%(street2)s\n%(city)s %(state_code)s %(zip)s\n%(country_name)s	f	t	2025-07-20 21:14:37.510818	2025-07-20 21:14:37.510818
249	\N	122	263	1	1	ZW	before	{"en_US": "Zimbabwe", "fr_FR": "Zimbabwe"}	\N	%(street)s\n%(street2)s\n%(city)s %(state_code)s %(zip)s\n%(country_name)s	f	t	2025-07-20 21:14:37.510818	2025-07-20 21:14:37.510818
250	\N	125	383	1	1	XK	before	{"en_US": "Kosovo", "fr_FR": "Kosovo"}	\N	%(street)s\n%(street2)s\n%(city)s %(state_code)s %(zip)s\n%(country_name)s	f	t	2025-07-20 21:14:37.510818	2025-07-20 21:14:37.510818
\.


--
-- Data for Name: res_country_group; Type: TABLE DATA; Schema: public; Owner: -
--

COPY public.res_country_group (id, create_uid, write_uid, code, name, create_date, write_date) FROM stdin;
1	1	1	EU	{"en_US": "European Union", "fr_FR": "Union européenne"}	2025-07-20 21:14:37.515532	2025-07-20 21:14:37.515532
2	1	1	EU_PREFIX	{"en_US": "European Union Prefixed Countries", "fr_FR": "Pays avec préfixe Union européenne"}	2025-07-20 21:14:37.515532	2025-07-20 21:14:37.515532
3	1	1	SA	{"en_US": "South America", "fr_FR": "Amérique du Sud"}	2025-07-20 21:14:37.515532	2025-07-20 21:14:37.515532
4	1	1	SEPA	{"en_US": "SEPA Countries", "fr_FR": "Pays SEPA"}	2025-07-20 21:14:37.515532	2025-07-20 21:14:37.515532
5	1	1	GCC	{"en_US": "Gulf Cooperation Council (GCC)", "fr_FR": "Conseil de coopération du Golfe (GCC)"}	2025-07-20 21:14:37.515532	2025-07-20 21:14:37.515532
6	1	1	EEU	{"en_US": "Eurasian Economic Union", "fr_FR": "Union économique eurasiatique"}	2025-07-20 21:14:37.515532	2025-07-20 21:14:37.515532
7	1	1	CH-LI	{"en_US": "Switzerland and Liechtenstein", "fr_FR": "Suisse et le Liechtenstein"}	2025-07-20 21:14:37.515532	2025-07-20 21:14:37.515532
8	1	1	DOM-TOM	{"en_US": "DOM-TOM", "fr_FR": "DOM-TOM"}	2025-07-20 21:14:37.515532	2025-07-20 21:14:37.515532
9	1	1	EU-VAT	{"en_US": "European Union VAT", "fr_FR": "TVA Union européenne"}	2025-07-20 21:22:06.63315	2025-07-20 21:22:06.63315
\.


--
-- Data for Name: res_country_group_pricelist_rel; Type: TABLE DATA; Schema: public; Owner: -
--

COPY public.res_country_group_pricelist_rel (pricelist_id, res_country_group_id) FROM stdin;
\.


--
-- Data for Name: res_country_group_res_country_state_rel; Type: TABLE DATA; Schema: public; Owner: -
--

COPY public.res_country_group_res_country_state_rel (res_country_group_id, res_country_state_id) FROM stdin;
9	432
9	450
9	457
9	444
9	964
9	965
9	966
\.


--
-- Data for Name: res_country_res_country_group_rel; Type: TABLE DATA; Schema: public; Owner: -
--

COPY public.res_country_res_country_group_rel (res_country_id, res_country_group_id) FROM stdin;
12	1
20	1
22	1
97	1
55	1
56	1
59	1
64	1
70	1
75	1
57	1
88	1
99	1
101	1
109	1
134	1
132	1
133	1
152	1
165	1
178	1
183	1
188	1
201	1
199	1
68	1
196	1
12	2
20	2
22	2
97	2
55	2
56	2
59	2
64	2
70	2
75	2
57	2
88	2
99	2
101	2
109	2
134	2
132	2
133	2
152	2
165	2
178	2
183	2
188	2
201	2
199	2
68	2
196	2
43	2
166	2
231	2
203	2
10	3
29	3
31	3
46	3
49	3
63	3
72	3
89	3
79	3
93	3
185	3
173	3
206	3
234	3
238	3
1	4
12	4
15	4
20	4
22	4
26	4
43	4
55	4
56	4
57	4
59	4
64	4
68	4
70	4
75	4
231	4
79	4
82	4
81	4
86	4
88	4
97	4
99	4
101	4
103	4
108	4
109	4
110	4
128	4
132	4
133	4
134	4
137	4
140	4
149	4
152	4
165	4
166	4
178	4
179	4
183	4
187	4
188	4
196	4
199	4
201	4
203	4
236	4
246	4
192	5
2	5
23	5
171	5
186	5
122	5
190	6
36	6
7	6
115	6
124	6
43	7
128	7
246	8
86	8
149	8
79	8
187	8
174	8
179	8
140	8
26	8
160	8
12	9
20	9
22	9
97	9
55	9
56	9
59	9
64	9
70	9
75	9
57	9
88	9
99	9
101	9
109	9
134	9
132	9
133	9
152	9
165	9
178	9
183	9
188	9
201	9
199	9
68	9
196	9
\.


--
-- Data for Name: res_country_state; Type: TABLE DATA; Schema: public; Owner: -
--

COPY public.res_country_state (id, country_id, create_uid, write_uid, name, code, create_date, write_date) FROM stdin;
442	68	1	1	Jaén	J	2025-07-20 21:14:37.516207	2025-07-20 21:14:37.516207
27	233	1	1	Louisiana	LA	2025-07-20 21:14:37.516207	2025-07-20 21:14:37.516207
28	233	1	1	Maine	ME	2025-07-20 21:14:37.516207	2025-07-20 21:14:37.516207
29	233	1	1	Montana	MT	2025-07-20 21:14:37.516207	2025-07-20 21:14:37.516207
30	233	1	1	Nebraska	NE	2025-07-20 21:14:37.516207	2025-07-20 21:14:37.516207
31	233	1	1	Nevada	NV	2025-07-20 21:14:37.516207	2025-07-20 21:14:37.516207
32	233	1	1	New Hampshire	NH	2025-07-20 21:14:37.516207	2025-07-20 21:14:37.516207
33	233	1	1	New Jersey	NJ	2025-07-20 21:14:37.516207	2025-07-20 21:14:37.516207
34	233	1	1	New Mexico	NM	2025-07-20 21:14:37.516207	2025-07-20 21:14:37.516207
35	233	1	1	New York	NY	2025-07-20 21:14:37.516207	2025-07-20 21:14:37.516207
36	233	1	1	North Carolina	NC	2025-07-20 21:14:37.516207	2025-07-20 21:14:37.516207
37	233	1	1	North Dakota	ND	2025-07-20 21:14:37.516207	2025-07-20 21:14:37.516207
38	233	1	1	Ohio	OH	2025-07-20 21:14:37.516207	2025-07-20 21:14:37.516207
39	233	1	1	Oklahoma	OK	2025-07-20 21:14:37.516207	2025-07-20 21:14:37.516207
40	233	1	1	Oregon	OR	2025-07-20 21:14:37.516207	2025-07-20 21:14:37.516207
41	233	1	1	Maryland	MD	2025-07-20 21:14:37.516207	2025-07-20 21:14:37.516207
42	233	1	1	Massachusetts	MA	2025-07-20 21:14:37.516207	2025-07-20 21:14:37.516207
43	233	1	1	Michigan	MI	2025-07-20 21:14:37.516207	2025-07-20 21:14:37.516207
44	233	1	1	Minnesota	MN	2025-07-20 21:14:37.516207	2025-07-20 21:14:37.516207
45	233	1	1	Mississippi	MS	2025-07-20 21:14:37.516207	2025-07-20 21:14:37.516207
46	233	1	1	Missouri	MO	2025-07-20 21:14:37.516207	2025-07-20 21:14:37.516207
47	233	1	1	Pennsylvania	PA	2025-07-20 21:14:37.516207	2025-07-20 21:14:37.516207
48	233	1	1	Rhode Island	RI	2025-07-20 21:14:37.516207	2025-07-20 21:14:37.516207
49	233	1	1	South Carolina	SC	2025-07-20 21:14:37.516207	2025-07-20 21:14:37.516207
50	233	1	1	South Dakota	SD	2025-07-20 21:14:37.516207	2025-07-20 21:14:37.516207
51	233	1	1	Tennessee	TN	2025-07-20 21:14:37.516207	2025-07-20 21:14:37.516207
52	233	1	1	Texas	TX	2025-07-20 21:14:37.516207	2025-07-20 21:14:37.516207
53	233	1	1	Utah	UT	2025-07-20 21:14:37.516207	2025-07-20 21:14:37.516207
54	233	1	1	Vermont	VT	2025-07-20 21:14:37.516207	2025-07-20 21:14:37.516207
55	233	1	1	Virginia	VA	2025-07-20 21:14:37.516207	2025-07-20 21:14:37.516207
56	233	1	1	Washington	WA	2025-07-20 21:14:37.516207	2025-07-20 21:14:37.516207
57	233	1	1	West Virginia	WV	2025-07-20 21:14:37.516207	2025-07-20 21:14:37.516207
58	233	1	1	Wisconsin	WI	2025-07-20 21:14:37.516207	2025-07-20 21:14:37.516207
59	233	1	1	Wyoming	WY	2025-07-20 21:14:37.516207	2025-07-20 21:14:37.516207
60	233	1	1	American Samoa	AS	2025-07-20 21:14:37.516207	2025-07-20 21:14:37.516207
61	233	1	1	Federated States of Micronesia	FM	2025-07-20 21:14:37.516207	2025-07-20 21:14:37.516207
62	233	1	1	Guam	GU	2025-07-20 21:14:37.516207	2025-07-20 21:14:37.516207
63	233	1	1	Marshall Islands	MH	2025-07-20 21:14:37.516207	2025-07-20 21:14:37.516207
64	233	1	1	Northern Mariana Islands	MP	2025-07-20 21:14:37.516207	2025-07-20 21:14:37.516207
65	233	1	1	Palau	PW	2025-07-20 21:14:37.516207	2025-07-20 21:14:37.516207
66	233	1	1	Puerto Rico	PR	2025-07-20 21:14:37.516207	2025-07-20 21:14:37.516207
67	233	1	1	Virgin Islands	VI	2025-07-20 21:14:37.516207	2025-07-20 21:14:37.516207
68	233	1	1	Armed Forces Americas	AA	2025-07-20 21:14:37.516207	2025-07-20 21:14:37.516207
69	233	1	1	Armed Forces Europe	AE	2025-07-20 21:14:37.516207	2025-07-20 21:14:37.516207
70	233	1	1	Armed Forces Pacific	AP	2025-07-20 21:14:37.516207	2025-07-20 21:14:37.516207
71	31	1	1	Acre	AC	2025-07-20 21:14:37.516207	2025-07-20 21:14:37.516207
72	31	1	1	Alagoas	AL	2025-07-20 21:14:37.516207	2025-07-20 21:14:37.516207
73	31	1	1	Amapá	AP	2025-07-20 21:14:37.516207	2025-07-20 21:14:37.516207
74	31	1	1	Amazonas	AM	2025-07-20 21:14:37.516207	2025-07-20 21:14:37.516207
75	31	1	1	Bahia	BA	2025-07-20 21:14:37.516207	2025-07-20 21:14:37.516207
76	31	1	1	Ceará	CE	2025-07-20 21:14:37.516207	2025-07-20 21:14:37.516207
77	31	1	1	Distrito Federal	DF	2025-07-20 21:14:37.516207	2025-07-20 21:14:37.516207
78	31	1	1	Espírito Santo	ES	2025-07-20 21:14:37.516207	2025-07-20 21:14:37.516207
79	31	1	1	Goiás	GO	2025-07-20 21:14:37.516207	2025-07-20 21:14:37.516207
80	31	1	1	Maranhão	MA	2025-07-20 21:14:37.516207	2025-07-20 21:14:37.516207
81	31	1	1	Mato Grosso	MT	2025-07-20 21:14:37.516207	2025-07-20 21:14:37.516207
82	31	1	1	Mato Grosso do Sul	MS	2025-07-20 21:14:37.516207	2025-07-20 21:14:37.516207
83	31	1	1	Minas Gerais	MG	2025-07-20 21:14:37.516207	2025-07-20 21:14:37.516207
84	31	1	1	Pará	PA	2025-07-20 21:14:37.516207	2025-07-20 21:14:37.516207
85	31	1	1	Paraíba	PB	2025-07-20 21:14:37.516207	2025-07-20 21:14:37.516207
86	31	1	1	Paraná	PR	2025-07-20 21:14:37.516207	2025-07-20 21:14:37.516207
87	31	1	1	Pernambuco	PE	2025-07-20 21:14:37.516207	2025-07-20 21:14:37.516207
88	31	1	1	Piauí	PI	2025-07-20 21:14:37.516207	2025-07-20 21:14:37.516207
89	31	1	1	Rio de Janeiro	RJ	2025-07-20 21:14:37.516207	2025-07-20 21:14:37.516207
90	31	1	1	Rio Grande do Norte	RN	2025-07-20 21:14:37.516207	2025-07-20 21:14:37.516207
91	31	1	1	Rio Grande do Sul	RS	2025-07-20 21:14:37.516207	2025-07-20 21:14:37.516207
92	31	1	1	Rondônia	RO	2025-07-20 21:14:37.516207	2025-07-20 21:14:37.516207
93	31	1	1	Roraima	RR	2025-07-20 21:14:37.516207	2025-07-20 21:14:37.516207
94	31	1	1	Santa Catarina	SC	2025-07-20 21:14:37.516207	2025-07-20 21:14:37.516207
95	31	1	1	São Paulo	SP	2025-07-20 21:14:37.516207	2025-07-20 21:14:37.516207
96	31	1	1	Sergipe	SE	2025-07-20 21:14:37.516207	2025-07-20 21:14:37.516207
97	31	1	1	Tocantins	TO	2025-07-20 21:14:37.516207	2025-07-20 21:14:37.516207
98	190	1	1	Republic of Adygeya	AD	2025-07-20 21:14:37.516207	2025-07-20 21:14:37.516207
99	190	1	1	Altai Republic	AL	2025-07-20 21:14:37.516207	2025-07-20 21:14:37.516207
100	190	1	1	Altai Krai	ALT	2025-07-20 21:14:37.516207	2025-07-20 21:14:37.516207
101	190	1	1	Amur Oblast	AMU	2025-07-20 21:14:37.516207	2025-07-20 21:14:37.516207
102	190	1	1	Arkhangelsk Oblast	ARK	2025-07-20 21:14:37.516207	2025-07-20 21:14:37.516207
103	190	1	1	Astrakhan Oblast	AST	2025-07-20 21:14:37.516207	2025-07-20 21:14:37.516207
104	190	1	1	Republic of Bashkortostan	BA	2025-07-20 21:14:37.516207	2025-07-20 21:14:37.516207
105	190	1	1	Belgorod Oblast	BEL	2025-07-20 21:14:37.516207	2025-07-20 21:14:37.516207
106	190	1	1	Bryansk Oblast	BRY	2025-07-20 21:14:37.516207	2025-07-20 21:14:37.516207
107	190	1	1	Republic of Buryatia	BU	2025-07-20 21:14:37.516207	2025-07-20 21:14:37.516207
108	190	1	1	Chechen Republic	CE	2025-07-20 21:14:37.516207	2025-07-20 21:14:37.516207
109	190	1	1	Chelyabinsk Oblast	CHE	2025-07-20 21:14:37.516207	2025-07-20 21:14:37.516207
110	190	1	1	Chukotka Autonomous Okrug	CHU	2025-07-20 21:14:37.516207	2025-07-20 21:14:37.516207
111	190	1	1	Chuvash Republic	CU	2025-07-20 21:14:37.516207	2025-07-20 21:14:37.516207
112	190	1	1	Republic of Dagestan	DA	2025-07-20 21:14:37.516207	2025-07-20 21:14:37.516207
113	190	1	1	Republic of Ingushetia	IN	2025-07-20 21:14:37.516207	2025-07-20 21:14:37.516207
114	190	1	1	Irkutsk Oblast	IRK	2025-07-20 21:14:37.516207	2025-07-20 21:14:37.516207
115	190	1	1	Ivanovo Oblast	IVA	2025-07-20 21:14:37.516207	2025-07-20 21:14:37.516207
116	190	1	1	Kamchatka Krai	KAM	2025-07-20 21:14:37.516207	2025-07-20 21:14:37.516207
117	190	1	1	Kabardino-Balkarian Republic	KB	2025-07-20 21:14:37.516207	2025-07-20 21:14:37.516207
118	190	1	1	Kaliningrad Oblast	KGD	2025-07-20 21:14:37.516207	2025-07-20 21:14:37.516207
119	190	1	1	Republic of Kalmykia	KL	2025-07-20 21:14:37.516207	2025-07-20 21:14:37.516207
120	190	1	1	Kaluga Oblast	KLU	2025-07-20 21:14:37.516207	2025-07-20 21:14:37.516207
121	190	1	1	Karachay–Cherkess Republic	KC	2025-07-20 21:14:37.516207	2025-07-20 21:14:37.516207
122	190	1	1	Republic of Karelia	KR	2025-07-20 21:14:37.516207	2025-07-20 21:14:37.516207
123	190	1	1	Kemerovo Oblast	KEM	2025-07-20 21:14:37.516207	2025-07-20 21:14:37.516207
124	190	1	1	Khabarovsk Krai	KHA	2025-07-20 21:14:37.516207	2025-07-20 21:14:37.516207
125	190	1	1	Republic of Khakassia	KK	2025-07-20 21:14:37.516207	2025-07-20 21:14:37.516207
126	190	1	1	Khanty-Mansi Autonomous Okrug	KHM	2025-07-20 21:14:37.516207	2025-07-20 21:14:37.516207
127	190	1	1	Kirov Oblast	KIR	2025-07-20 21:14:37.516207	2025-07-20 21:14:37.516207
230	113	1	1	Oita	44	2025-07-20 21:14:37.516207	2025-07-20 21:14:37.516207
128	190	1	1	Komi Republic	KO	2025-07-20 21:14:37.516207	2025-07-20 21:14:37.516207
129	190	1	1	Kostroma Oblast	KOS	2025-07-20 21:14:37.516207	2025-07-20 21:14:37.516207
130	190	1	1	Krasnodar Krai	KDA	2025-07-20 21:14:37.516207	2025-07-20 21:14:37.516207
131	190	1	1	Krasnoyarsk Krai	KYA	2025-07-20 21:14:37.516207	2025-07-20 21:14:37.516207
132	190	1	1	Kurgan Oblast	KGN	2025-07-20 21:14:37.516207	2025-07-20 21:14:37.516207
133	190	1	1	Kursk Oblast	KRS	2025-07-20 21:14:37.516207	2025-07-20 21:14:37.516207
134	190	1	1	Leningrad Oblast	LEN	2025-07-20 21:14:37.516207	2025-07-20 21:14:37.516207
135	190	1	1	Lipetsk Oblast	LIP	2025-07-20 21:14:37.516207	2025-07-20 21:14:37.516207
136	190	1	1	Magadan Oblast	MAG	2025-07-20 21:14:37.516207	2025-07-20 21:14:37.516207
137	190	1	1	Mari El Republic	ME	2025-07-20 21:14:37.516207	2025-07-20 21:14:37.516207
138	190	1	1	Republic of Mordovia	MO	2025-07-20 21:14:37.516207	2025-07-20 21:14:37.516207
139	190	1	1	Moscow Oblast	MOS	2025-07-20 21:14:37.516207	2025-07-20 21:14:37.516207
140	190	1	1	Moscow	MOW	2025-07-20 21:14:37.516207	2025-07-20 21:14:37.516207
141	190	1	1	Murmansk Oblast	MUR	2025-07-20 21:14:37.516207	2025-07-20 21:14:37.516207
142	190	1	1	Nizhny Novgorod Oblast	NIZ	2025-07-20 21:14:37.516207	2025-07-20 21:14:37.516207
143	190	1	1	Novgorod Oblast	NGR	2025-07-20 21:14:37.516207	2025-07-20 21:14:37.516207
144	190	1	1	Novosibirsk Oblast	NVS	2025-07-20 21:14:37.516207	2025-07-20 21:14:37.516207
145	190	1	1	Omsk Oblast	OMS	2025-07-20 21:14:37.516207	2025-07-20 21:14:37.516207
146	190	1	1	Orenburg Oblast	ORE	2025-07-20 21:14:37.516207	2025-07-20 21:14:37.516207
147	190	1	1	Oryol Oblast	ORL	2025-07-20 21:14:37.516207	2025-07-20 21:14:37.516207
148	190	1	1	Penza Oblast	PNZ	2025-07-20 21:14:37.516207	2025-07-20 21:14:37.516207
149	190	1	1	Perm Krai	PER	2025-07-20 21:14:37.516207	2025-07-20 21:14:37.516207
150	190	1	1	Primorsky Krai	PRI	2025-07-20 21:14:37.516207	2025-07-20 21:14:37.516207
151	190	1	1	Pskov Oblast	PSK	2025-07-20 21:14:37.516207	2025-07-20 21:14:37.516207
152	190	1	1	Rostov Oblast	ROS	2025-07-20 21:14:37.516207	2025-07-20 21:14:37.516207
153	190	1	1	Ryazan Oblast	RYA	2025-07-20 21:14:37.516207	2025-07-20 21:14:37.516207
154	190	1	1	Sakha Republic (Yakutia)	SA	2025-07-20 21:14:37.516207	2025-07-20 21:14:37.516207
155	190	1	1	Sakhalin Oblast	SAK	2025-07-20 21:14:37.516207	2025-07-20 21:14:37.516207
156	190	1	1	Samara Oblast	SAM	2025-07-20 21:14:37.516207	2025-07-20 21:14:37.516207
157	190	1	1	Saint Petersburg	SPE	2025-07-20 21:14:37.516207	2025-07-20 21:14:37.516207
158	190	1	1	Saratov Oblast	SAR	2025-07-20 21:14:37.516207	2025-07-20 21:14:37.516207
159	190	1	1	Republic of North Ossetia–Alania	SE	2025-07-20 21:14:37.516207	2025-07-20 21:14:37.516207
160	190	1	1	Smolensk Oblast	SMO	2025-07-20 21:14:37.516207	2025-07-20 21:14:37.516207
161	190	1	1	Stavropol Krai	STA	2025-07-20 21:14:37.516207	2025-07-20 21:14:37.516207
162	190	1	1	Sverdlovsk Oblast	SVE	2025-07-20 21:14:37.516207	2025-07-20 21:14:37.516207
163	190	1	1	Tambov Oblast	TAM	2025-07-20 21:14:37.516207	2025-07-20 21:14:37.516207
164	190	1	1	Republic of Tatarstan	TA	2025-07-20 21:14:37.516207	2025-07-20 21:14:37.516207
165	190	1	1	Tomsk Oblast	TOM	2025-07-20 21:14:37.516207	2025-07-20 21:14:37.516207
166	190	1	1	Tula Oblast	TUL	2025-07-20 21:14:37.516207	2025-07-20 21:14:37.516207
167	190	1	1	Tver Oblast	TVE	2025-07-20 21:14:37.516207	2025-07-20 21:14:37.516207
168	190	1	1	Tyumen Oblast	TYU	2025-07-20 21:14:37.516207	2025-07-20 21:14:37.516207
169	190	1	1	Tyva Republic	TY	2025-07-20 21:14:37.516207	2025-07-20 21:14:37.516207
170	190	1	1	Udmurtia	UD	2025-07-20 21:14:37.516207	2025-07-20 21:14:37.516207
171	190	1	1	Ulyanovsk Oblast	ULY	2025-07-20 21:14:37.516207	2025-07-20 21:14:37.516207
172	190	1	1	Vladimir Oblast	VLA	2025-07-20 21:14:37.516207	2025-07-20 21:14:37.516207
173	190	1	1	Volgograd Oblast	VGG	2025-07-20 21:14:37.516207	2025-07-20 21:14:37.516207
174	190	1	1	Vologda Oblast	VLG	2025-07-20 21:14:37.516207	2025-07-20 21:14:37.516207
175	190	1	1	Voronezh Oblast	VOR	2025-07-20 21:14:37.516207	2025-07-20 21:14:37.516207
176	190	1	1	Yamalo-Nenets Autonomous Okrug	YAN	2025-07-20 21:14:37.516207	2025-07-20 21:14:37.516207
177	190	1	1	Yaroslavl Oblast	YAR	2025-07-20 21:14:37.516207	2025-07-20 21:14:37.516207
178	190	1	1	Jewish Autonomous Oblast	YEV	2025-07-20 21:14:37.516207	2025-07-20 21:14:37.516207
179	90	1	1	Alta Verapaz	AVE	2025-07-20 21:14:37.516207	2025-07-20 21:14:37.516207
180	90	1	1	Baja Verapaz	BVE	2025-07-20 21:14:37.516207	2025-07-20 21:14:37.516207
181	90	1	1	Chimaltenango	CMT	2025-07-20 21:14:37.516207	2025-07-20 21:14:37.516207
182	90	1	1	Chiquimula	CQM	2025-07-20 21:14:37.516207	2025-07-20 21:14:37.516207
183	90	1	1	El Progreso	EPR	2025-07-20 21:14:37.516207	2025-07-20 21:14:37.516207
184	90	1	1	Escuintla	ESC	2025-07-20 21:14:37.516207	2025-07-20 21:14:37.516207
185	90	1	1	Guatemala	GUA	2025-07-20 21:14:37.516207	2025-07-20 21:14:37.516207
186	90	1	1	Huehuetenango	HUE	2025-07-20 21:14:37.516207	2025-07-20 21:14:37.516207
187	90	1	1	Izabal	IZA	2025-07-20 21:14:37.516207	2025-07-20 21:14:37.516207
188	90	1	1	Jalapa	JAL	2025-07-20 21:14:37.516207	2025-07-20 21:14:37.516207
189	90	1	1	Jutiapa	JUT	2025-07-20 21:14:37.516207	2025-07-20 21:14:37.516207
190	90	1	1	Petén	PET	2025-07-20 21:14:37.516207	2025-07-20 21:14:37.516207
191	90	1	1	Quetzaltenango	QUE	2025-07-20 21:14:37.516207	2025-07-20 21:14:37.516207
192	90	1	1	Quiché	QUI	2025-07-20 21:14:37.516207	2025-07-20 21:14:37.516207
193	90	1	1	Retalhuleu	RET	2025-07-20 21:14:37.516207	2025-07-20 21:14:37.516207
194	90	1	1	Sacatepéquez	SAC	2025-07-20 21:14:37.516207	2025-07-20 21:14:37.516207
195	90	1	1	San Marcos	SMA	2025-07-20 21:14:37.516207	2025-07-20 21:14:37.516207
196	90	1	1	Santa Rosa	SRO	2025-07-20 21:14:37.516207	2025-07-20 21:14:37.516207
197	90	1	1	Sololá	SOL	2025-07-20 21:14:37.516207	2025-07-20 21:14:37.516207
198	90	1	1	Suchitepéquez	SUC	2025-07-20 21:14:37.516207	2025-07-20 21:14:37.516207
199	90	1	1	Totonicapán	TOT	2025-07-20 21:14:37.516207	2025-07-20 21:14:37.516207
200	90	1	1	Zacapa	ZAC	2025-07-20 21:14:37.516207	2025-07-20 21:14:37.516207
201	113	1	1	Aichi	23	2025-07-20 21:14:37.516207	2025-07-20 21:14:37.516207
202	113	1	1	Akita	05	2025-07-20 21:14:37.516207	2025-07-20 21:14:37.516207
203	113	1	1	Aomori	02	2025-07-20 21:14:37.516207	2025-07-20 21:14:37.516207
204	113	1	1	Chiba	12	2025-07-20 21:14:37.516207	2025-07-20 21:14:37.516207
205	113	1	1	Ehime	38	2025-07-20 21:14:37.516207	2025-07-20 21:14:37.516207
206	113	1	1	Fukui	18	2025-07-20 21:14:37.516207	2025-07-20 21:14:37.516207
207	113	1	1	Fukuoka	40	2025-07-20 21:14:37.516207	2025-07-20 21:14:37.516207
208	113	1	1	Fukushima	07	2025-07-20 21:14:37.516207	2025-07-20 21:14:37.516207
210	113	1	1	Gunma	10	2025-07-20 21:14:37.516207	2025-07-20 21:14:37.516207
211	113	1	1	Hiroshima	34	2025-07-20 21:14:37.516207	2025-07-20 21:14:37.516207
212	113	1	1	Hokkaido	01	2025-07-20 21:14:37.516207	2025-07-20 21:14:37.516207
213	113	1	1	Hyogo	28	2025-07-20 21:14:37.516207	2025-07-20 21:14:37.516207
214	113	1	1	Ibaraki	08	2025-07-20 21:14:37.516207	2025-07-20 21:14:37.516207
215	113	1	1	Ishikawa	17	2025-07-20 21:14:37.516207	2025-07-20 21:14:37.516207
216	113	1	1	Iwate	03	2025-07-20 21:14:37.516207	2025-07-20 21:14:37.516207
217	113	1	1	Kagawa	37	2025-07-20 21:14:37.516207	2025-07-20 21:14:37.516207
218	113	1	1	Kagoshima	46	2025-07-20 21:14:37.516207	2025-07-20 21:14:37.516207
219	113	1	1	Kanagawa	14	2025-07-20 21:14:37.516207	2025-07-20 21:14:37.516207
220	113	1	1	Kochi	39	2025-07-20 21:14:37.516207	2025-07-20 21:14:37.516207
221	113	1	1	Kumamoto	43	2025-07-20 21:14:37.516207	2025-07-20 21:14:37.516207
222	113	1	1	Kyoto	26	2025-07-20 21:14:37.516207	2025-07-20 21:14:37.516207
223	113	1	1	Mie	24	2025-07-20 21:14:37.516207	2025-07-20 21:14:37.516207
224	113	1	1	Miyagi	04	2025-07-20 21:14:37.516207	2025-07-20 21:14:37.516207
225	113	1	1	Miyazaki	45	2025-07-20 21:14:37.516207	2025-07-20 21:14:37.516207
226	113	1	1	Nagano	20	2025-07-20 21:14:37.516207	2025-07-20 21:14:37.516207
227	113	1	1	Nagasaki	42	2025-07-20 21:14:37.516207	2025-07-20 21:14:37.516207
228	113	1	1	Nara	29	2025-07-20 21:14:37.516207	2025-07-20 21:14:37.516207
229	113	1	1	Niigata	15	2025-07-20 21:14:37.516207	2025-07-20 21:14:37.516207
231	113	1	1	Okayama	33	2025-07-20 21:14:37.516207	2025-07-20 21:14:37.516207
232	113	1	1	Okinawa	47	2025-07-20 21:14:37.516207	2025-07-20 21:14:37.516207
233	113	1	1	Osaka	27	2025-07-20 21:14:37.516207	2025-07-20 21:14:37.516207
234	113	1	1	Saga	41	2025-07-20 21:14:37.516207	2025-07-20 21:14:37.516207
235	113	1	1	Saitama	11	2025-07-20 21:14:37.516207	2025-07-20 21:14:37.516207
236	113	1	1	Shiga	25	2025-07-20 21:14:37.516207	2025-07-20 21:14:37.516207
237	113	1	1	Shimane	32	2025-07-20 21:14:37.516207	2025-07-20 21:14:37.516207
238	113	1	1	Shizuoka	22	2025-07-20 21:14:37.516207	2025-07-20 21:14:37.516207
239	113	1	1	Tochigi	09	2025-07-20 21:14:37.516207	2025-07-20 21:14:37.516207
240	113	1	1	Tokushima	36	2025-07-20 21:14:37.516207	2025-07-20 21:14:37.516207
241	113	1	1	Tottori	31	2025-07-20 21:14:37.516207	2025-07-20 21:14:37.516207
242	113	1	1	Toyama	16	2025-07-20 21:14:37.516207	2025-07-20 21:14:37.516207
243	113	1	1	Tokyo	13	2025-07-20 21:14:37.516207	2025-07-20 21:14:37.516207
244	113	1	1	Wakayama	30	2025-07-20 21:14:37.516207	2025-07-20 21:14:37.516207
245	113	1	1	Yamagata	06	2025-07-20 21:14:37.516207	2025-07-20 21:14:37.516207
246	113	1	1	Yamaguchi	35	2025-07-20 21:14:37.516207	2025-07-20 21:14:37.516207
247	113	1	1	Yamanashi	19	2025-07-20 21:14:37.516207	2025-07-20 21:14:37.516207
248	183	1	1	Aveiro	01	2025-07-20 21:14:37.516207	2025-07-20 21:14:37.516207
249	183	1	1	Beja	02	2025-07-20 21:14:37.516207	2025-07-20 21:14:37.516207
250	183	1	1	Braga	03	2025-07-20 21:14:37.516207	2025-07-20 21:14:37.516207
251	183	1	1	Bragança	04	2025-07-20 21:14:37.516207	2025-07-20 21:14:37.516207
252	183	1	1	Castelo Branco	05	2025-07-20 21:14:37.516207	2025-07-20 21:14:37.516207
253	183	1	1	Coimbra	06	2025-07-20 21:14:37.516207	2025-07-20 21:14:37.516207
254	183	1	1	Évora	07	2025-07-20 21:14:37.516207	2025-07-20 21:14:37.516207
255	183	1	1	Faro	08	2025-07-20 21:14:37.516207	2025-07-20 21:14:37.516207
256	183	1	1	Guarda	09	2025-07-20 21:14:37.516207	2025-07-20 21:14:37.516207
257	183	1	1	Leiria	10	2025-07-20 21:14:37.516207	2025-07-20 21:14:37.516207
258	183	1	1	Lisboa	11	2025-07-20 21:14:37.516207	2025-07-20 21:14:37.516207
259	183	1	1	Portalegre	12	2025-07-20 21:14:37.516207	2025-07-20 21:14:37.516207
260	183	1	1	Porto	13	2025-07-20 21:14:37.516207	2025-07-20 21:14:37.516207
261	183	1	1	Santarém	14	2025-07-20 21:14:37.516207	2025-07-20 21:14:37.516207
262	183	1	1	Setúbal	15	2025-07-20 21:14:37.516207	2025-07-20 21:14:37.516207
263	183	1	1	Viana do Castelo	16	2025-07-20 21:14:37.516207	2025-07-20 21:14:37.516207
264	183	1	1	Vila Real	17	2025-07-20 21:14:37.516207	2025-07-20 21:14:37.516207
265	183	1	1	Viseu	18	2025-07-20 21:14:37.516207	2025-07-20 21:14:37.516207
266	183	1	1	Açores	20	2025-07-20 21:14:37.516207	2025-07-20 21:14:37.516207
267	183	1	1	Madeira	30	2025-07-20 21:14:37.516207	2025-07-20 21:14:37.516207
268	65	1	1	Dakahlia	DK	2025-07-20 21:14:37.516207	2025-07-20 21:14:37.516207
269	65	1	1	Red Sea	BA	2025-07-20 21:14:37.516207	2025-07-20 21:14:37.516207
270	65	1	1	Beheira	BH	2025-07-20 21:14:37.516207	2025-07-20 21:14:37.516207
271	65	1	1	Faiyum	FYM	2025-07-20 21:14:37.516207	2025-07-20 21:14:37.516207
272	65	1	1	Gharbia	GH	2025-07-20 21:14:37.516207	2025-07-20 21:14:37.516207
273	65	1	1	Alexandria	ALX	2025-07-20 21:14:37.516207	2025-07-20 21:14:37.516207
274	65	1	1	Ismailia	IS	2025-07-20 21:14:37.516207	2025-07-20 21:14:37.516207
276	65	1	1	Monufia	MNF	2025-07-20 21:14:37.516207	2025-07-20 21:14:37.516207
277	65	1	1	Minya	MN	2025-07-20 21:14:37.516207	2025-07-20 21:14:37.516207
278	65	1	1	Cairo	C	2025-07-20 21:14:37.516207	2025-07-20 21:14:37.516207
279	65	1	1	Qalyubia	KB	2025-07-20 21:14:37.516207	2025-07-20 21:14:37.516207
280	65	1	1	Luxor	LX	2025-07-20 21:14:37.516207	2025-07-20 21:14:37.516207
281	65	1	1	New Valley	WAD	2025-07-20 21:14:37.516207	2025-07-20 21:14:37.516207
282	65	1	1	Al Sharqia	SHR	2025-07-20 21:14:37.516207	2025-07-20 21:14:37.516207
283	65	1	1	6th of October	SU	2025-07-20 21:14:37.516207	2025-07-20 21:14:37.516207
284	65	1	1	Suez	SUZ	2025-07-20 21:14:37.516207	2025-07-20 21:14:37.516207
285	65	1	1	Aswan	ASN	2025-07-20 21:14:37.516207	2025-07-20 21:14:37.516207
286	65	1	1	Asyut	AST	2025-07-20 21:14:37.516207	2025-07-20 21:14:37.516207
287	65	1	1	Beni Suef	BNS	2025-07-20 21:14:37.516207	2025-07-20 21:14:37.516207
288	65	1	1	Port Said	PTS	2025-07-20 21:14:37.516207	2025-07-20 21:14:37.516207
289	65	1	1	Damietta	DT	2025-07-20 21:14:37.516207	2025-07-20 21:14:37.516207
290	65	1	1	Helwan	HU	2025-07-20 21:14:37.516207	2025-07-20 21:14:37.516207
291	65	1	1	South Sinai	JS	2025-07-20 21:14:37.516207	2025-07-20 21:14:37.516207
292	65	1	1	Kafr el-Sheikh	KFS	2025-07-20 21:14:37.516207	2025-07-20 21:14:37.516207
293	65	1	1	Matrouh	MT	2025-07-20 21:14:37.516207	2025-07-20 21:14:37.516207
294	65	1	1	Qena	KN	2025-07-20 21:14:37.516207	2025-07-20 21:14:37.516207
295	65	1	1	North Sinai	SIN	2025-07-20 21:14:37.516207	2025-07-20 21:14:37.516207
296	65	1	1	Sohag	SHG	2025-07-20 21:14:37.516207	2025-07-20 21:14:37.516207
297	247	1	1	Eastern Cape	EC	2025-07-20 21:14:37.516207	2025-07-20 21:14:37.516207
298	247	1	1	Free State	FS	2025-07-20 21:14:37.516207	2025-07-20 21:14:37.516207
299	247	1	1	Gauteng	GP	2025-07-20 21:14:37.516207	2025-07-20 21:14:37.516207
300	247	1	1	KwaZulu-Natal	KZN	2025-07-20 21:14:37.516207	2025-07-20 21:14:37.516207
301	247	1	1	Limpopo	LP	2025-07-20 21:14:37.516207	2025-07-20 21:14:37.516207
302	247	1	1	Mpumalanga	MP	2025-07-20 21:14:37.516207	2025-07-20 21:14:37.516207
303	247	1	1	Northern Cape	NC	2025-07-20 21:14:37.516207	2025-07-20 21:14:37.516207
304	247	1	1	North West	NW	2025-07-20 21:14:37.516207	2025-07-20 21:14:37.516207
305	247	1	1	Western Cape	WC	2025-07-20 21:14:37.516207	2025-07-20 21:14:37.516207
306	109	1	1	Agrigento	AG	2025-07-20 21:14:37.516207	2025-07-20 21:14:37.516207
307	109	1	1	Alessandria	AL	2025-07-20 21:14:37.516207	2025-07-20 21:14:37.516207
308	109	1	1	Ancona	AN	2025-07-20 21:14:37.516207	2025-07-20 21:14:37.516207
309	109	1	1	Aosta	AO	2025-07-20 21:14:37.516207	2025-07-20 21:14:37.516207
310	109	1	1	Arezzo	AR	2025-07-20 21:14:37.516207	2025-07-20 21:14:37.516207
311	109	1	1	Ascoli Piceno	AP	2025-07-20 21:14:37.516207	2025-07-20 21:14:37.516207
312	109	1	1	Asti	AT	2025-07-20 21:14:37.516207	2025-07-20 21:14:37.516207
313	109	1	1	Avellino	AV	2025-07-20 21:14:37.516207	2025-07-20 21:14:37.516207
314	109	1	1	Bari	BA	2025-07-20 21:14:37.516207	2025-07-20 21:14:37.516207
315	109	1	1	Barletta-Andria-Trani	BT	2025-07-20 21:14:37.516207	2025-07-20 21:14:37.516207
316	109	1	1	Belluno	BL	2025-07-20 21:14:37.516207	2025-07-20 21:14:37.516207
317	109	1	1	Benevento	BN	2025-07-20 21:14:37.516207	2025-07-20 21:14:37.516207
318	109	1	1	Bergamo	BG	2025-07-20 21:14:37.516207	2025-07-20 21:14:37.516207
319	109	1	1	Biella	BI	2025-07-20 21:14:37.516207	2025-07-20 21:14:37.516207
320	109	1	1	Bologna	BO	2025-07-20 21:14:37.516207	2025-07-20 21:14:37.516207
321	109	1	1	Bolzano	BZ	2025-07-20 21:14:37.516207	2025-07-20 21:14:37.516207
322	109	1	1	Brescia	BS	2025-07-20 21:14:37.516207	2025-07-20 21:14:37.516207
323	109	1	1	Brindisi	BR	2025-07-20 21:14:37.516207	2025-07-20 21:14:37.516207
324	109	1	1	Cagliari	CA	2025-07-20 21:14:37.516207	2025-07-20 21:14:37.516207
325	109	1	1	Caltanissetta	CL	2025-07-20 21:14:37.516207	2025-07-20 21:14:37.516207
326	109	1	1	Campobasso	CB	2025-07-20 21:14:37.516207	2025-07-20 21:14:37.516207
327	109	1	1	Carbonia-Iglesias	CI	2025-07-20 21:14:37.516207	2025-07-20 21:14:37.516207
328	109	1	1	Caserta	CE	2025-07-20 21:14:37.516207	2025-07-20 21:14:37.516207
329	109	1	1	Catania	CT	2025-07-20 21:14:37.516207	2025-07-20 21:14:37.516207
330	109	1	1	Catanzaro	CZ	2025-07-20 21:14:37.516207	2025-07-20 21:14:37.516207
331	109	1	1	Chieti	CH	2025-07-20 21:14:37.516207	2025-07-20 21:14:37.516207
332	109	1	1	Como	CO	2025-07-20 21:14:37.516207	2025-07-20 21:14:37.516207
333	109	1	1	Cosenza	CS	2025-07-20 21:14:37.516207	2025-07-20 21:14:37.516207
334	109	1	1	Cremona	CR	2025-07-20 21:14:37.516207	2025-07-20 21:14:37.516207
335	109	1	1	Crotone	KR	2025-07-20 21:14:37.516207	2025-07-20 21:14:37.516207
336	109	1	1	Cuneo	CN	2025-07-20 21:14:37.516207	2025-07-20 21:14:37.516207
337	109	1	1	Enna	EN	2025-07-20 21:14:37.516207	2025-07-20 21:14:37.516207
338	109	1	1	Fermo	FM	2025-07-20 21:14:37.516207	2025-07-20 21:14:37.516207
339	109	1	1	Ferrara	FE	2025-07-20 21:14:37.516207	2025-07-20 21:14:37.516207
340	109	1	1	Firenze	FI	2025-07-20 21:14:37.516207	2025-07-20 21:14:37.516207
341	109	1	1	Foggia	FG	2025-07-20 21:14:37.516207	2025-07-20 21:14:37.516207
342	109	1	1	Forlì-Cesena	FC	2025-07-20 21:14:37.516207	2025-07-20 21:14:37.516207
343	109	1	1	Frosinone	FR	2025-07-20 21:14:37.516207	2025-07-20 21:14:37.516207
344	109	1	1	Genova	GE	2025-07-20 21:14:37.516207	2025-07-20 21:14:37.516207
345	109	1	1	Gorizia	GO	2025-07-20 21:14:37.516207	2025-07-20 21:14:37.516207
346	109	1	1	Grosseto	GR	2025-07-20 21:14:37.516207	2025-07-20 21:14:37.516207
347	109	1	1	Imperia	IM	2025-07-20 21:14:37.516207	2025-07-20 21:14:37.516207
348	109	1	1	Isernia	IS	2025-07-20 21:14:37.516207	2025-07-20 21:14:37.516207
349	109	1	1	La Spezia	SP	2025-07-20 21:14:37.516207	2025-07-20 21:14:37.516207
350	109	1	1	L'Aquila	AQ	2025-07-20 21:14:37.516207	2025-07-20 21:14:37.516207
351	109	1	1	Latina	LT	2025-07-20 21:14:37.516207	2025-07-20 21:14:37.516207
352	109	1	1	Lecce	LE	2025-07-20 21:14:37.516207	2025-07-20 21:14:37.516207
353	109	1	1	Lecco	LC	2025-07-20 21:14:37.516207	2025-07-20 21:14:37.516207
354	109	1	1	Livorno	LI	2025-07-20 21:14:37.516207	2025-07-20 21:14:37.516207
355	109	1	1	Lodi	LO	2025-07-20 21:14:37.516207	2025-07-20 21:14:37.516207
356	109	1	1	Lucca	LU	2025-07-20 21:14:37.516207	2025-07-20 21:14:37.516207
357	109	1	1	Macerata	MC	2025-07-20 21:14:37.516207	2025-07-20 21:14:37.516207
358	109	1	1	Mantova	MN	2025-07-20 21:14:37.516207	2025-07-20 21:14:37.516207
359	109	1	1	Massa-Carrara	MS	2025-07-20 21:14:37.516207	2025-07-20 21:14:37.516207
360	109	1	1	Matera	MT	2025-07-20 21:14:37.516207	2025-07-20 21:14:37.516207
361	109	1	1	Medio Campidano	VS	2025-07-20 21:14:37.516207	2025-07-20 21:14:37.516207
362	109	1	1	Messina	ME	2025-07-20 21:14:37.516207	2025-07-20 21:14:37.516207
363	109	1	1	Milano	MI	2025-07-20 21:14:37.516207	2025-07-20 21:14:37.516207
364	109	1	1	Modena	MO	2025-07-20 21:14:37.516207	2025-07-20 21:14:37.516207
365	109	1	1	Monza e Brianza	MB	2025-07-20 21:14:37.516207	2025-07-20 21:14:37.516207
366	109	1	1	Napoli	NA	2025-07-20 21:14:37.516207	2025-07-20 21:14:37.516207
367	109	1	1	Novara	NO	2025-07-20 21:14:37.516207	2025-07-20 21:14:37.516207
368	109	1	1	Nuoro	NU	2025-07-20 21:14:37.516207	2025-07-20 21:14:37.516207
369	109	1	1	Ogliastra	OG	2025-07-20 21:14:37.516207	2025-07-20 21:14:37.516207
370	109	1	1	Olbia-Tempio	OT	2025-07-20 21:14:37.516207	2025-07-20 21:14:37.516207
371	109	1	1	Oristano	OR	2025-07-20 21:14:37.516207	2025-07-20 21:14:37.516207
372	109	1	1	Padova	PD	2025-07-20 21:14:37.516207	2025-07-20 21:14:37.516207
373	109	1	1	Palermo	PA	2025-07-20 21:14:37.516207	2025-07-20 21:14:37.516207
374	109	1	1	Parma	PR	2025-07-20 21:14:37.516207	2025-07-20 21:14:37.516207
375	109	1	1	Pavia	PV	2025-07-20 21:14:37.516207	2025-07-20 21:14:37.516207
376	109	1	1	Perugia	PG	2025-07-20 21:14:37.516207	2025-07-20 21:14:37.516207
377	109	1	1	Pesaro e Urbino	PU	2025-07-20 21:14:37.516207	2025-07-20 21:14:37.516207
378	109	1	1	Pescara	PE	2025-07-20 21:14:37.516207	2025-07-20 21:14:37.516207
379	109	1	1	Piacenza	PC	2025-07-20 21:14:37.516207	2025-07-20 21:14:37.516207
380	109	1	1	Pisa	PI	2025-07-20 21:14:37.516207	2025-07-20 21:14:37.516207
381	109	1	1	Pistoia	PT	2025-07-20 21:14:37.516207	2025-07-20 21:14:37.516207
382	109	1	1	Pordenone	PN	2025-07-20 21:14:37.516207	2025-07-20 21:14:37.516207
383	109	1	1	Potenza	PZ	2025-07-20 21:14:37.516207	2025-07-20 21:14:37.516207
384	109	1	1	Prato	PO	2025-07-20 21:14:37.516207	2025-07-20 21:14:37.516207
385	109	1	1	Ragusa	RG	2025-07-20 21:14:37.516207	2025-07-20 21:14:37.516207
386	109	1	1	Ravenna	RA	2025-07-20 21:14:37.516207	2025-07-20 21:14:37.516207
387	109	1	1	Reggio Calabria	RC	2025-07-20 21:14:37.516207	2025-07-20 21:14:37.516207
388	109	1	1	Reggio Emilia	RE	2025-07-20 21:14:37.516207	2025-07-20 21:14:37.516207
389	109	1	1	Rieti	RI	2025-07-20 21:14:37.516207	2025-07-20 21:14:37.516207
390	109	1	1	Rimini	RN	2025-07-20 21:14:37.516207	2025-07-20 21:14:37.516207
391	109	1	1	Roma	RM	2025-07-20 21:14:37.516207	2025-07-20 21:14:37.516207
392	109	1	1	Rovigo	RO	2025-07-20 21:14:37.516207	2025-07-20 21:14:37.516207
393	109	1	1	Salerno	SA	2025-07-20 21:14:37.516207	2025-07-20 21:14:37.516207
394	109	1	1	Sassari	SS	2025-07-20 21:14:37.516207	2025-07-20 21:14:37.516207
395	109	1	1	Savona	SV	2025-07-20 21:14:37.516207	2025-07-20 21:14:37.516207
396	109	1	1	Siena	SI	2025-07-20 21:14:37.516207	2025-07-20 21:14:37.516207
397	109	1	1	Siracusa	SR	2025-07-20 21:14:37.516207	2025-07-20 21:14:37.516207
398	109	1	1	Sondrio	SO	2025-07-20 21:14:37.516207	2025-07-20 21:14:37.516207
399	109	1	1	Sud Sardegna	SU	2025-07-20 21:14:37.516207	2025-07-20 21:14:37.516207
400	109	1	1	Taranto	TA	2025-07-20 21:14:37.516207	2025-07-20 21:14:37.516207
401	109	1	1	Teramo	TE	2025-07-20 21:14:37.516207	2025-07-20 21:14:37.516207
402	109	1	1	Terni	TR	2025-07-20 21:14:37.516207	2025-07-20 21:14:37.516207
403	109	1	1	Torino	TO	2025-07-20 21:14:37.516207	2025-07-20 21:14:37.516207
404	109	1	1	Trapani	TP	2025-07-20 21:14:37.516207	2025-07-20 21:14:37.516207
405	109	1	1	Trento	TN	2025-07-20 21:14:37.516207	2025-07-20 21:14:37.516207
406	109	1	1	Treviso	TV	2025-07-20 21:14:37.516207	2025-07-20 21:14:37.516207
407	109	1	1	Trieste	TS	2025-07-20 21:14:37.516207	2025-07-20 21:14:37.516207
408	109	1	1	Udine	UD	2025-07-20 21:14:37.516207	2025-07-20 21:14:37.516207
409	109	1	1	Varese	VA	2025-07-20 21:14:37.516207	2025-07-20 21:14:37.516207
410	109	1	1	Venezia	VE	2025-07-20 21:14:37.516207	2025-07-20 21:14:37.516207
411	109	1	1	Verbano-Cusio-Ossola	VB	2025-07-20 21:14:37.516207	2025-07-20 21:14:37.516207
412	109	1	1	Vercelli	VC	2025-07-20 21:14:37.516207	2025-07-20 21:14:37.516207
413	109	1	1	Verona	VR	2025-07-20 21:14:37.516207	2025-07-20 21:14:37.516207
414	109	1	1	Vibo Valentia	VV	2025-07-20 21:14:37.516207	2025-07-20 21:14:37.516207
415	109	1	1	Vicenza	VI	2025-07-20 21:14:37.516207	2025-07-20 21:14:37.516207
416	109	1	1	Viterbo	VT	2025-07-20 21:14:37.516207	2025-07-20 21:14:37.516207
417	68	1	1	A Coruña (La Coruña)	C	2025-07-20 21:14:37.516207	2025-07-20 21:14:37.516207
418	68	1	1	Araba/Álava	VI	2025-07-20 21:14:37.516207	2025-07-20 21:14:37.516207
419	68	1	1	Albacete	AB	2025-07-20 21:14:37.516207	2025-07-20 21:14:37.516207
420	68	1	1	Alacant (Alicante)	A	2025-07-20 21:14:37.516207	2025-07-20 21:14:37.516207
421	68	1	1	Almería	AL	2025-07-20 21:14:37.516207	2025-07-20 21:14:37.516207
422	68	1	1	Asturias	O	2025-07-20 21:14:37.516207	2025-07-20 21:14:37.516207
423	68	1	1	Ávila	AV	2025-07-20 21:14:37.516207	2025-07-20 21:14:37.516207
424	68	1	1	Badajoz	BA	2025-07-20 21:14:37.516207	2025-07-20 21:14:37.516207
425	68	1	1	Illes Balears (Islas Baleares)	PM	2025-07-20 21:14:37.516207	2025-07-20 21:14:37.516207
426	68	1	1	Barcelona	B	2025-07-20 21:14:37.516207	2025-07-20 21:14:37.516207
427	68	1	1	Burgos	BU	2025-07-20 21:14:37.516207	2025-07-20 21:14:37.516207
428	68	1	1	Cáceres	CC	2025-07-20 21:14:37.516207	2025-07-20 21:14:37.516207
429	68	1	1	Cádiz	CA	2025-07-20 21:14:37.516207	2025-07-20 21:14:37.516207
430	68	1	1	Cantabria	S	2025-07-20 21:14:37.516207	2025-07-20 21:14:37.516207
431	68	1	1	Castelló (Castellón)	CS	2025-07-20 21:14:37.516207	2025-07-20 21:14:37.516207
432	68	1	1	Ceuta	CE	2025-07-20 21:14:37.516207	2025-07-20 21:14:37.516207
433	68	1	1	Ciudad Real	CR	2025-07-20 21:14:37.516207	2025-07-20 21:14:37.516207
434	68	1	1	Córdoba	CO	2025-07-20 21:14:37.516207	2025-07-20 21:14:37.516207
435	68	1	1	Cuenca	CU	2025-07-20 21:14:37.516207	2025-07-20 21:14:37.516207
436	68	1	1	Girona (Gerona)	GI	2025-07-20 21:14:37.516207	2025-07-20 21:14:37.516207
437	68	1	1	Granada	GR	2025-07-20 21:14:37.516207	2025-07-20 21:14:37.516207
438	68	1	1	Guadalajara	GU	2025-07-20 21:14:37.516207	2025-07-20 21:14:37.516207
439	68	1	1	Gipuzkoa (Guipúzcoa)	SS	2025-07-20 21:14:37.516207	2025-07-20 21:14:37.516207
275	65	1	1	Giza	GZ	2025-07-20 21:14:37.516207	2025-07-20 21:14:37.516207
440	68	1	1	Huelva	H	2025-07-20 21:14:37.516207	2025-07-20 21:14:37.516207
441	68	1	1	Huesca	HU	2025-07-20 21:14:37.516207	2025-07-20 21:14:37.516207
443	68	1	1	La Rioja	LO	2025-07-20 21:14:37.516207	2025-07-20 21:14:37.516207
444	68	1	1	Las Palmas	GC	2025-07-20 21:14:37.516207	2025-07-20 21:14:37.516207
445	68	1	1	León	LE	2025-07-20 21:14:37.516207	2025-07-20 21:14:37.516207
446	68	1	1	Lleida (Lérida)	L	2025-07-20 21:14:37.516207	2025-07-20 21:14:37.516207
447	68	1	1	Lugo	LU	2025-07-20 21:14:37.516207	2025-07-20 21:14:37.516207
448	68	1	1	Madrid	M	2025-07-20 21:14:37.516207	2025-07-20 21:14:37.516207
449	68	1	1	Málaga	MA	2025-07-20 21:14:37.516207	2025-07-20 21:14:37.516207
450	68	1	1	Melilla	ME	2025-07-20 21:14:37.516207	2025-07-20 21:14:37.516207
451	68	1	1	Murcia	MU	2025-07-20 21:14:37.516207	2025-07-20 21:14:37.516207
452	68	1	1	Navarra (Nafarroa)	NA	2025-07-20 21:14:37.516207	2025-07-20 21:14:37.516207
453	68	1	1	Ourense (Orense)	OR	2025-07-20 21:14:37.516207	2025-07-20 21:14:37.516207
454	68	1	1	Palencia	P	2025-07-20 21:14:37.516207	2025-07-20 21:14:37.516207
455	68	1	1	Pontevedra	PO	2025-07-20 21:14:37.516207	2025-07-20 21:14:37.516207
456	68	1	1	Salamanca	SA	2025-07-20 21:14:37.516207	2025-07-20 21:14:37.516207
457	68	1	1	Santa Cruz de Tenerife	TF	2025-07-20 21:14:37.516207	2025-07-20 21:14:37.516207
458	68	1	1	Segovia	SG	2025-07-20 21:14:37.516207	2025-07-20 21:14:37.516207
459	68	1	1	Sevilla	SE	2025-07-20 21:14:37.516207	2025-07-20 21:14:37.516207
460	68	1	1	Soria	SO	2025-07-20 21:14:37.516207	2025-07-20 21:14:37.516207
461	68	1	1	Tarragona	T	2025-07-20 21:14:37.516207	2025-07-20 21:14:37.516207
462	68	1	1	Teruel	TE	2025-07-20 21:14:37.516207	2025-07-20 21:14:37.516207
463	68	1	1	Toledo	TO	2025-07-20 21:14:37.516207	2025-07-20 21:14:37.516207
464	68	1	1	València (Valencia)	V	2025-07-20 21:14:37.516207	2025-07-20 21:14:37.516207
465	68	1	1	Valladolid	VA	2025-07-20 21:14:37.516207	2025-07-20 21:14:37.516207
466	68	1	1	Bizkaia (Vizcaya)	BI	2025-07-20 21:14:37.516207	2025-07-20 21:14:37.516207
467	68	1	1	Zamora	ZA	2025-07-20 21:14:37.516207	2025-07-20 21:14:37.516207
468	68	1	1	Zaragoza	Z	2025-07-20 21:14:37.516207	2025-07-20 21:14:37.516207
469	157	1	1	Johor	MY-01	2025-07-20 21:14:37.516207	2025-07-20 21:14:37.516207
470	157	1	1	Kedah	MY-02	2025-07-20 21:14:37.516207	2025-07-20 21:14:37.516207
471	157	1	1	Kelantan	MY-03	2025-07-20 21:14:37.516207	2025-07-20 21:14:37.516207
472	157	1	1	Kuala Lumpur	MY-14	2025-07-20 21:14:37.516207	2025-07-20 21:14:37.516207
473	157	1	1	Labuan	MY-15	2025-07-20 21:14:37.516207	2025-07-20 21:14:37.516207
474	157	1	1	Melaka	MY-04	2025-07-20 21:14:37.516207	2025-07-20 21:14:37.516207
475	157	1	1	Negeri Sembilan	MY-05	2025-07-20 21:14:37.516207	2025-07-20 21:14:37.516207
476	157	1	1	Pahang	MY-06	2025-07-20 21:14:37.516207	2025-07-20 21:14:37.516207
477	157	1	1	Perak	MY-08	2025-07-20 21:14:37.516207	2025-07-20 21:14:37.516207
478	157	1	1	Perlis	MY-09	2025-07-20 21:14:37.516207	2025-07-20 21:14:37.516207
479	157	1	1	Pulau Pinang	MY-07	2025-07-20 21:14:37.516207	2025-07-20 21:14:37.516207
481	157	1	1	Sabah	MY-12	2025-07-20 21:14:37.516207	2025-07-20 21:14:37.516207
482	157	1	1	Sarawak	MY-13	2025-07-20 21:14:37.516207	2025-07-20 21:14:37.516207
483	157	1	1	Selangor	MY-10	2025-07-20 21:14:37.516207	2025-07-20 21:14:37.516207
484	157	1	1	Terengganu	MY-11	2025-07-20 21:14:37.516207	2025-07-20 21:14:37.516207
485	156	1	1	Aguascalientes	AGU	2025-07-20 21:14:37.516207	2025-07-20 21:14:37.516207
486	156	1	1	Baja California	BCN	2025-07-20 21:14:37.516207	2025-07-20 21:14:37.516207
487	156	1	1	Baja California Sur	BCS	2025-07-20 21:14:37.516207	2025-07-20 21:14:37.516207
488	156	1	1	Chihuahua	CHH	2025-07-20 21:14:37.516207	2025-07-20 21:14:37.516207
489	156	1	1	Colima	COL	2025-07-20 21:14:37.516207	2025-07-20 21:14:37.516207
490	156	1	1	Campeche	CAM	2025-07-20 21:14:37.516207	2025-07-20 21:14:37.516207
491	156	1	1	Coahuila	COA	2025-07-20 21:14:37.516207	2025-07-20 21:14:37.516207
492	156	1	1	Chiapas	CHP	2025-07-20 21:14:37.516207	2025-07-20 21:14:37.516207
493	156	1	1	Ciudad de México	CMX	2025-07-20 21:14:37.516207	2025-07-20 21:14:37.516207
494	156	1	1	Durango	DUR	2025-07-20 21:14:37.516207	2025-07-20 21:14:37.516207
495	156	1	1	Guerrero	GRO	2025-07-20 21:14:37.516207	2025-07-20 21:14:37.516207
496	156	1	1	Guanajuato	GUA	2025-07-20 21:14:37.516207	2025-07-20 21:14:37.516207
497	156	1	1	Hidalgo	HID	2025-07-20 21:14:37.516207	2025-07-20 21:14:37.516207
498	156	1	1	Jalisco	JAL	2025-07-20 21:14:37.516207	2025-07-20 21:14:37.516207
499	156	1	1	Michoacán	MIC	2025-07-20 21:14:37.516207	2025-07-20 21:14:37.516207
500	156	1	1	Morelos	MOR	2025-07-20 21:14:37.516207	2025-07-20 21:14:37.516207
501	156	1	1	México	MEX	2025-07-20 21:14:37.516207	2025-07-20 21:14:37.516207
502	156	1	1	Nayarit	NAY	2025-07-20 21:14:37.516207	2025-07-20 21:14:37.516207
503	156	1	1	Nuevo León	NLE	2025-07-20 21:14:37.516207	2025-07-20 21:14:37.516207
504	156	1	1	Oaxaca	OAX	2025-07-20 21:14:37.516207	2025-07-20 21:14:37.516207
505	156	1	1	Puebla	PUE	2025-07-20 21:14:37.516207	2025-07-20 21:14:37.516207
506	156	1	1	Quintana Roo	ROO	2025-07-20 21:14:37.516207	2025-07-20 21:14:37.516207
507	156	1	1	Querétaro	QUE	2025-07-20 21:14:37.516207	2025-07-20 21:14:37.516207
508	156	1	1	Sinaloa	SIN	2025-07-20 21:14:37.516207	2025-07-20 21:14:37.516207
509	156	1	1	San Luis Potosí	SLP	2025-07-20 21:14:37.516207	2025-07-20 21:14:37.516207
510	156	1	1	Sonora	SON	2025-07-20 21:14:37.516207	2025-07-20 21:14:37.516207
511	156	1	1	Tabasco	TAB	2025-07-20 21:14:37.516207	2025-07-20 21:14:37.516207
512	156	1	1	Tlaxcala	TLA	2025-07-20 21:14:37.516207	2025-07-20 21:14:37.516207
513	156	1	1	Tamaulipas	TAM	2025-07-20 21:14:37.516207	2025-07-20 21:14:37.516207
514	156	1	1	Veracruz	VER	2025-07-20 21:14:37.516207	2025-07-20 21:14:37.516207
515	156	1	1	Yucatán	YUC	2025-07-20 21:14:37.516207	2025-07-20 21:14:37.516207
516	156	1	1	Zacatecas	ZAC	2025-07-20 21:14:37.516207	2025-07-20 21:14:37.516207
517	170	1	1	Auckland	AUK	2025-07-20 21:14:37.516207	2025-07-20 21:14:37.516207
518	170	1	1	Bay of Plenty	BOP	2025-07-20 21:14:37.516207	2025-07-20 21:14:37.516207
519	170	1	1	Canterbury	CAN	2025-07-20 21:14:37.516207	2025-07-20 21:14:37.516207
520	170	1	1	Gisborne	GIS	2025-07-20 21:14:37.516207	2025-07-20 21:14:37.516207
521	170	1	1	Hawke's Bay	HKB	2025-07-20 21:14:37.516207	2025-07-20 21:14:37.516207
522	170	1	1	Manawatu-Wanganui	MWT	2025-07-20 21:14:37.516207	2025-07-20 21:14:37.516207
523	170	1	1	Marlborough	MBH	2025-07-20 21:14:37.516207	2025-07-20 21:14:37.516207
524	170	1	1	Nelson	NSN	2025-07-20 21:14:37.516207	2025-07-20 21:14:37.516207
525	170	1	1	Northland	NTL	2025-07-20 21:14:37.516207	2025-07-20 21:14:37.516207
526	170	1	1	Otago	OTA	2025-07-20 21:14:37.516207	2025-07-20 21:14:37.516207
527	170	1	1	Southland	STL	2025-07-20 21:14:37.516207	2025-07-20 21:14:37.516207
528	170	1	1	Taranaki	TKI	2025-07-20 21:14:37.516207	2025-07-20 21:14:37.516207
529	170	1	1	Tasman	TAS	2025-07-20 21:14:37.516207	2025-07-20 21:14:37.516207
530	170	1	1	Waikato	WKO	2025-07-20 21:14:37.516207	2025-07-20 21:14:37.516207
531	170	1	1	Wellington	WGN	2025-07-20 21:14:37.516207	2025-07-20 21:14:37.516207
532	170	1	1	West Coast	WTC	2025-07-20 21:14:37.516207	2025-07-20 21:14:37.516207
533	38	1	1	Alberta	AB	2025-07-20 21:14:37.516207	2025-07-20 21:14:37.516207
534	38	1	1	British Columbia	BC	2025-07-20 21:14:37.516207	2025-07-20 21:14:37.516207
535	38	1	1	Manitoba	MB	2025-07-20 21:14:37.516207	2025-07-20 21:14:37.516207
536	38	1	1	New Brunswick	NB	2025-07-20 21:14:37.516207	2025-07-20 21:14:37.516207
537	38	1	1	Newfoundland and Labrador	NL	2025-07-20 21:14:37.516207	2025-07-20 21:14:37.516207
538	38	1	1	Northwest Territories	NT	2025-07-20 21:14:37.516207	2025-07-20 21:14:37.516207
539	38	1	1	Nova Scotia	NS	2025-07-20 21:14:37.516207	2025-07-20 21:14:37.516207
540	38	1	1	Nunavut	NU	2025-07-20 21:14:37.516207	2025-07-20 21:14:37.516207
541	38	1	1	Ontario	ON	2025-07-20 21:14:37.516207	2025-07-20 21:14:37.516207
542	38	1	1	Prince Edward Island	PE	2025-07-20 21:14:37.516207	2025-07-20 21:14:37.516207
543	38	1	1	Quebec	QC	2025-07-20 21:14:37.516207	2025-07-20 21:14:37.516207
544	38	1	1	Saskatchewan	SK	2025-07-20 21:14:37.516207	2025-07-20 21:14:37.516207
545	38	1	1	Yukon	YT	2025-07-20 21:14:37.516207	2025-07-20 21:14:37.516207
546	2	1	1	Abu Dhabi	AZ	2025-07-20 21:14:37.516207	2025-07-20 21:14:37.516207
547	2	1	1	Ajman	AJ	2025-07-20 21:14:37.516207	2025-07-20 21:14:37.516207
548	2	1	1	Dubai	DU	2025-07-20 21:14:37.516207	2025-07-20 21:14:37.516207
549	2	1	1	Fujairah	FU	2025-07-20 21:14:37.516207	2025-07-20 21:14:37.516207
550	2	1	1	Ras al-Khaimah	RK	2025-07-20 21:14:37.516207	2025-07-20 21:14:37.516207
551	2	1	1	Sharjah	SH	2025-07-20 21:14:37.516207	2025-07-20 21:14:37.516207
552	2	1	1	Umm al-Quwain	UQ	2025-07-20 21:14:37.516207	2025-07-20 21:14:37.516207
553	10	1	1	Ciudad Autónoma de Buenos Aires	C	2025-07-20 21:14:37.516207	2025-07-20 21:14:37.516207
554	10	1	1	Buenos Aires	B	2025-07-20 21:14:37.516207	2025-07-20 21:14:37.516207
555	10	1	1	Catamarca	K	2025-07-20 21:14:37.516207	2025-07-20 21:14:37.516207
556	10	1	1	Chaco	H	2025-07-20 21:14:37.516207	2025-07-20 21:14:37.516207
557	10	1	1	Chubut	U	2025-07-20 21:14:37.516207	2025-07-20 21:14:37.516207
558	10	1	1	Córdoba	X	2025-07-20 21:14:37.516207	2025-07-20 21:14:37.516207
559	10	1	1	Corrientes	W	2025-07-20 21:14:37.516207	2025-07-20 21:14:37.516207
560	10	1	1	Entre Ríos	E	2025-07-20 21:14:37.516207	2025-07-20 21:14:37.516207
561	10	1	1	Formosa	P	2025-07-20 21:14:37.516207	2025-07-20 21:14:37.516207
562	10	1	1	Jujuy	Y	2025-07-20 21:14:37.516207	2025-07-20 21:14:37.516207
563	10	1	1	La Pampa	L	2025-07-20 21:14:37.516207	2025-07-20 21:14:37.516207
564	10	1	1	La Rioja	F	2025-07-20 21:14:37.516207	2025-07-20 21:14:37.516207
565	10	1	1	Mendoza	M	2025-07-20 21:14:37.516207	2025-07-20 21:14:37.516207
566	10	1	1	Misiones	N	2025-07-20 21:14:37.516207	2025-07-20 21:14:37.516207
567	10	1	1	Neuquén	Q	2025-07-20 21:14:37.516207	2025-07-20 21:14:37.516207
568	10	1	1	Río Negro	R	2025-07-20 21:14:37.516207	2025-07-20 21:14:37.516207
569	10	1	1	Salta	A	2025-07-20 21:14:37.516207	2025-07-20 21:14:37.516207
570	10	1	1	San Juan	J	2025-07-20 21:14:37.516207	2025-07-20 21:14:37.516207
571	10	1	1	San Luis	D	2025-07-20 21:14:37.516207	2025-07-20 21:14:37.516207
572	10	1	1	Santa Cruz	Z	2025-07-20 21:14:37.516207	2025-07-20 21:14:37.516207
573	10	1	1	Santa Fe	S	2025-07-20 21:14:37.516207	2025-07-20 21:14:37.516207
574	10	1	1	Santiago Del Estero	G	2025-07-20 21:14:37.516207	2025-07-20 21:14:37.516207
575	10	1	1	Tierra del Fuego	V	2025-07-20 21:14:37.516207	2025-07-20 21:14:37.516207
576	10	1	1	Tucumán	T	2025-07-20 21:14:37.516207	2025-07-20 21:14:37.516207
577	104	1	1	Andaman and Nicobar	AN	2025-07-20 21:14:37.516207	2025-07-20 21:14:37.516207
578	104	1	1	Andhra Pradesh	AP	2025-07-20 21:14:37.516207	2025-07-20 21:14:37.516207
579	104	1	1	Arunachal Pradesh	AR	2025-07-20 21:14:37.516207	2025-07-20 21:14:37.516207
580	104	1	1	Assam	AS	2025-07-20 21:14:37.516207	2025-07-20 21:14:37.516207
581	104	1	1	Bihar	BR	2025-07-20 21:14:37.516207	2025-07-20 21:14:37.516207
582	104	1	1	Chandigarh	CH	2025-07-20 21:14:37.516207	2025-07-20 21:14:37.516207
583	104	1	1	Chattisgarh	CG	2025-07-20 21:14:37.516207	2025-07-20 21:14:37.516207
584	104	1	1	Dadra and Nagar Haveli	DN	2025-07-20 21:14:37.516207	2025-07-20 21:14:37.516207
585	104	1	1	Daman and Diu	DD	2025-07-20 21:14:37.516207	2025-07-20 21:14:37.516207
586	104	1	1	Delhi	DL	2025-07-20 21:14:37.516207	2025-07-20 21:14:37.516207
587	104	1	1	Goa	GA	2025-07-20 21:14:37.516207	2025-07-20 21:14:37.516207
588	104	1	1	Gujarat	GJ	2025-07-20 21:14:37.516207	2025-07-20 21:14:37.516207
589	104	1	1	Haryana	HR	2025-07-20 21:14:37.516207	2025-07-20 21:14:37.516207
590	104	1	1	Himachal Pradesh	HP	2025-07-20 21:14:37.516207	2025-07-20 21:14:37.516207
591	104	1	1	Jammu and Kashmir	JK	2025-07-20 21:14:37.516207	2025-07-20 21:14:37.516207
592	104	1	1	Jharkhand	JH	2025-07-20 21:14:37.516207	2025-07-20 21:14:37.516207
593	104	1	1	Karnataka	KA	2025-07-20 21:14:37.516207	2025-07-20 21:14:37.516207
594	104	1	1	Kerala	KL	2025-07-20 21:14:37.516207	2025-07-20 21:14:37.516207
595	104	1	1	Lakshadweep	LD	2025-07-20 21:14:37.516207	2025-07-20 21:14:37.516207
596	104	1	1	Madhya Pradesh	MP	2025-07-20 21:14:37.516207	2025-07-20 21:14:37.516207
597	104	1	1	Maharashtra	MH	2025-07-20 21:14:37.516207	2025-07-20 21:14:37.516207
598	104	1	1	Manipur	MN	2025-07-20 21:14:37.516207	2025-07-20 21:14:37.516207
599	104	1	1	Meghalaya	ML	2025-07-20 21:14:37.516207	2025-07-20 21:14:37.516207
600	104	1	1	Mizoram	MZ	2025-07-20 21:14:37.516207	2025-07-20 21:14:37.516207
601	104	1	1	Nagaland	NL	2025-07-20 21:14:37.516207	2025-07-20 21:14:37.516207
602	104	1	1	Odisha	OR	2025-07-20 21:14:37.516207	2025-07-20 21:14:37.516207
603	104	1	1	Puducherry	PY	2025-07-20 21:14:37.516207	2025-07-20 21:14:37.516207
604	104	1	1	Punjab	PB	2025-07-20 21:14:37.516207	2025-07-20 21:14:37.516207
605	104	1	1	Rajasthan	RJ	2025-07-20 21:14:37.516207	2025-07-20 21:14:37.516207
606	104	1	1	Sikkim	SK	2025-07-20 21:14:37.516207	2025-07-20 21:14:37.516207
607	104	1	1	Tamil Nadu	TN	2025-07-20 21:14:37.516207	2025-07-20 21:14:37.516207
608	104	1	1	Telangana	TS	2025-07-20 21:14:37.516207	2025-07-20 21:14:37.516207
609	104	1	1	Tripura	TR	2025-07-20 21:14:37.516207	2025-07-20 21:14:37.516207
610	104	1	1	Uttar Pradesh	UP	2025-07-20 21:14:37.516207	2025-07-20 21:14:37.516207
611	104	1	1	Uttarakhand	UK	2025-07-20 21:14:37.516207	2025-07-20 21:14:37.516207
612	104	1	1	West Bengal	WB	2025-07-20 21:14:37.516207	2025-07-20 21:14:37.516207
613	100	1	1	Aceh	AC	2025-07-20 21:14:37.516207	2025-07-20 21:14:37.516207
614	100	1	1	Bali	BA	2025-07-20 21:14:37.516207	2025-07-20 21:14:37.516207
615	100	1	1	Bangka Belitung	BB	2025-07-20 21:14:37.516207	2025-07-20 21:14:37.516207
616	100	1	1	Banten	BT	2025-07-20 21:14:37.516207	2025-07-20 21:14:37.516207
617	100	1	1	Bengkulu	BE	2025-07-20 21:14:37.516207	2025-07-20 21:14:37.516207
618	100	1	1	Gorontalo	GO	2025-07-20 21:14:37.516207	2025-07-20 21:14:37.516207
619	100	1	1	Jakarta	JK	2025-07-20 21:14:37.516207	2025-07-20 21:14:37.516207
620	100	1	1	Jambi	JA	2025-07-20 21:14:37.516207	2025-07-20 21:14:37.516207
621	100	1	1	Jawa Barat	JB	2025-07-20 21:14:37.516207	2025-07-20 21:14:37.516207
622	100	1	1	Jawa Tengah	JT	2025-07-20 21:14:37.516207	2025-07-20 21:14:37.516207
623	100	1	1	Jawa Timur	JI	2025-07-20 21:14:37.516207	2025-07-20 21:14:37.516207
624	100	1	1	Kalimantan Barat	KB	2025-07-20 21:14:37.516207	2025-07-20 21:14:37.516207
625	100	1	1	Kalimantan Selatan	KS	2025-07-20 21:14:37.516207	2025-07-20 21:14:37.516207
626	100	1	1	Kalimantan Tengah	KT	2025-07-20 21:14:37.516207	2025-07-20 21:14:37.516207
627	100	1	1	Kalimantan Timur	KI	2025-07-20 21:14:37.516207	2025-07-20 21:14:37.516207
628	100	1	1	Kalimantan Utara	KU	2025-07-20 21:14:37.516207	2025-07-20 21:14:37.516207
629	100	1	1	Kepulauan Riau	KR	2025-07-20 21:14:37.516207	2025-07-20 21:14:37.516207
630	100	1	1	Lampung	LA	2025-07-20 21:14:37.516207	2025-07-20 21:14:37.516207
631	100	1	1	Maluku	MA	2025-07-20 21:14:37.516207	2025-07-20 21:14:37.516207
632	100	1	1	Maluku Utara	MU	2025-07-20 21:14:37.516207	2025-07-20 21:14:37.516207
633	100	1	1	Nusa Tenggara Barat	NB	2025-07-20 21:14:37.516207	2025-07-20 21:14:37.516207
634	100	1	1	Nusa Tenggara Timur	NT	2025-07-20 21:14:37.516207	2025-07-20 21:14:37.516207
635	100	1	1	Papua	PA	2025-07-20 21:14:37.516207	2025-07-20 21:14:37.516207
636	100	1	1	Papua Barat	PB	2025-07-20 21:14:37.516207	2025-07-20 21:14:37.516207
637	100	1	1	Papua Barat Daya	PD	2025-07-20 21:14:37.516207	2025-07-20 21:14:37.516207
638	100	1	1	Papua Selatan	PS	2025-07-20 21:14:37.516207	2025-07-20 21:14:37.516207
639	100	1	1	Papua Tengah	PT	2025-07-20 21:14:37.516207	2025-07-20 21:14:37.516207
640	100	1	1	Papua Pegunungan	PE	2025-07-20 21:14:37.516207	2025-07-20 21:14:37.516207
641	100	1	1	Riau	RI	2025-07-20 21:14:37.516207	2025-07-20 21:14:37.516207
642	100	1	1	Sulawesi Barat	SR	2025-07-20 21:14:37.516207	2025-07-20 21:14:37.516207
643	100	1	1	Sulawesi Selatan	SN	2025-07-20 21:14:37.516207	2025-07-20 21:14:37.516207
644	100	1	1	Sulawesi Tengah	ST	2025-07-20 21:14:37.516207	2025-07-20 21:14:37.516207
645	100	1	1	Sulawesi Tenggara	SG	2025-07-20 21:14:37.516207	2025-07-20 21:14:37.516207
646	100	1	1	Sulawesi Utara	SA	2025-07-20 21:14:37.516207	2025-07-20 21:14:37.516207
647	100	1	1	Sumatra Barat	SB	2025-07-20 21:14:37.516207	2025-07-20 21:14:37.516207
648	100	1	1	Sumatra Selatan	SS	2025-07-20 21:14:37.516207	2025-07-20 21:14:37.516207
649	100	1	1	Sumatra Utara	SU	2025-07-20 21:14:37.516207	2025-07-20 21:14:37.516207
650	100	1	1	Yogyakarta	YO	2025-07-20 21:14:37.516207	2025-07-20 21:14:37.516207
651	49	1	1	Antioquia	ANT	2025-07-20 21:14:37.516207	2025-07-20 21:14:37.516207
652	49	1	1	Atlántico	ATL	2025-07-20 21:14:37.516207	2025-07-20 21:14:37.516207
653	49	1	1	Bogotá	DC	2025-07-20 21:14:37.516207	2025-07-20 21:14:37.516207
654	49	1	1	Bolívar	BOL	2025-07-20 21:14:37.516207	2025-07-20 21:14:37.516207
655	49	1	1	Boyacá	BOY	2025-07-20 21:14:37.516207	2025-07-20 21:14:37.516207
656	49	1	1	Caldas	CAL	2025-07-20 21:14:37.516207	2025-07-20 21:14:37.516207
657	49	1	1	Caquetá	CAQ	2025-07-20 21:14:37.516207	2025-07-20 21:14:37.516207
658	49	1	1	Cauca	CAU	2025-07-20 21:14:37.516207	2025-07-20 21:14:37.516207
659	49	1	1	Cesar	CES	2025-07-20 21:14:37.516207	2025-07-20 21:14:37.516207
660	49	1	1	Córdoba	COR	2025-07-20 21:14:37.516207	2025-07-20 21:14:37.516207
661	49	1	1	Cundinamarca	CUN	2025-07-20 21:14:37.516207	2025-07-20 21:14:37.516207
662	49	1	1	Chocó	CHO	2025-07-20 21:14:37.516207	2025-07-20 21:14:37.516207
663	49	1	1	Huila	HUI	2025-07-20 21:14:37.516207	2025-07-20 21:14:37.516207
664	49	1	1	La Guajira	LAG	2025-07-20 21:14:37.516207	2025-07-20 21:14:37.516207
665	49	1	1	Magdalena	MAG	2025-07-20 21:14:37.516207	2025-07-20 21:14:37.516207
666	49	1	1	Meta	MET	2025-07-20 21:14:37.516207	2025-07-20 21:14:37.516207
667	49	1	1	Nariño	NAR	2025-07-20 21:14:37.516207	2025-07-20 21:14:37.516207
668	49	1	1	Norte de Santander	NSA	2025-07-20 21:14:37.516207	2025-07-20 21:14:37.516207
669	49	1	1	Quindío	QUI	2025-07-20 21:14:37.516207	2025-07-20 21:14:37.516207
670	49	1	1	Risaralda	RIS	2025-07-20 21:14:37.516207	2025-07-20 21:14:37.516207
671	49	1	1	Santander	SAN	2025-07-20 21:14:37.516207	2025-07-20 21:14:37.516207
672	49	1	1	Sucre	SUC	2025-07-20 21:14:37.516207	2025-07-20 21:14:37.516207
673	49	1	1	Tolima	TOL	2025-07-20 21:14:37.516207	2025-07-20 21:14:37.516207
674	49	1	1	Valle del Cauca	VAC	2025-07-20 21:14:37.516207	2025-07-20 21:14:37.516207
675	49	1	1	Arauca	ARA	2025-07-20 21:14:37.516207	2025-07-20 21:14:37.516207
676	49	1	1	Casanare	CAS	2025-07-20 21:14:37.516207	2025-07-20 21:14:37.516207
677	49	1	1	Putumayo	PUT	2025-07-20 21:14:37.516207	2025-07-20 21:14:37.516207
678	49	1	1	San Andrés y Providencia	SAP	2025-07-20 21:14:37.516207	2025-07-20 21:14:37.516207
679	49	1	1	Amazonas	AMA	2025-07-20 21:14:37.516207	2025-07-20 21:14:37.516207
680	49	1	1	Guainía	GUA	2025-07-20 21:14:37.516207	2025-07-20 21:14:37.516207
681	49	1	1	Guaviare	GUV	2025-07-20 21:14:37.516207	2025-07-20 21:14:37.516207
682	49	1	1	Vaupés	VAU	2025-07-20 21:14:37.516207	2025-07-20 21:14:37.516207
683	49	1	1	Vichada	VID	2025-07-20 21:14:37.516207	2025-07-20 21:14:37.516207
684	146	1	1	Архангай	01	2025-07-20 21:14:37.516207	2025-07-20 21:14:37.516207
685	146	1	1	Баян-Өлгий	02	2025-07-20 21:14:37.516207	2025-07-20 21:14:37.516207
686	146	1	1	Баянхонгор	03	2025-07-20 21:14:37.516207	2025-07-20 21:14:37.516207
687	146	1	1	Булган	04	2025-07-20 21:14:37.516207	2025-07-20 21:14:37.516207
688	146	1	1	Говь-Алтай	05	2025-07-20 21:14:37.516207	2025-07-20 21:14:37.516207
689	146	1	1	Дорноговь	06	2025-07-20 21:14:37.516207	2025-07-20 21:14:37.516207
690	146	1	1	Дорнод	07	2025-07-20 21:14:37.516207	2025-07-20 21:14:37.516207
691	146	1	1	Дундговь	08	2025-07-20 21:14:37.516207	2025-07-20 21:14:37.516207
692	146	1	1	Завхан	09	2025-07-20 21:14:37.516207	2025-07-20 21:14:37.516207
693	146	1	1	Өвөрхангай	10	2025-07-20 21:14:37.516207	2025-07-20 21:14:37.516207
694	146	1	1	Өмнөговь	11	2025-07-20 21:14:37.516207	2025-07-20 21:14:37.516207
695	146	1	1	Сүхбаатар	12	2025-07-20 21:14:37.516207	2025-07-20 21:14:37.516207
696	146	1	1	Сэлэнгэ	13	2025-07-20 21:14:37.516207	2025-07-20 21:14:37.516207
697	146	1	1	Төв	14	2025-07-20 21:14:37.516207	2025-07-20 21:14:37.516207
698	146	1	1	Увс	15	2025-07-20 21:14:37.516207	2025-07-20 21:14:37.516207
699	146	1	1	Ховд	16	2025-07-20 21:14:37.516207	2025-07-20 21:14:37.516207
700	146	1	1	Хөвсгөл	17	2025-07-20 21:14:37.516207	2025-07-20 21:14:37.516207
701	146	1	1	Хэнтий	18	2025-07-20 21:14:37.516207	2025-07-20 21:14:37.516207
702	146	1	1	Дархан-Уул	19	2025-07-20 21:14:37.516207	2025-07-20 21:14:37.516207
703	146	1	1	Орхон	20	2025-07-20 21:14:37.516207	2025-07-20 21:14:37.516207
704	146	1	1	УБ - Хан Уул	23	2025-07-20 21:14:37.516207	2025-07-20 21:14:37.516207
705	146	1	1	УБ - Баянзүрх	24	2025-07-20 21:14:37.516207	2025-07-20 21:14:37.516207
706	146	1	1	УБ - Сүхбаатар	25	2025-07-20 21:14:37.516207	2025-07-20 21:14:37.516207
707	146	1	1	УБ - Баянгол	26	2025-07-20 21:14:37.516207	2025-07-20 21:14:37.516207
708	146	1	1	УБ - Багануур	27	2025-07-20 21:14:37.516207	2025-07-20 21:14:37.516207
709	146	1	1	УБ - Багахангай	28	2025-07-20 21:14:37.516207	2025-07-20 21:14:37.516207
710	146	1	1	УБ - Налайх	29	2025-07-20 21:14:37.516207	2025-07-20 21:14:37.516207
711	146	1	1	Говьсүмбэр	32	2025-07-20 21:14:37.516207	2025-07-20 21:14:37.516207
712	146	1	1	УБ - Сонгино Хайрхан	34	2025-07-20 21:14:37.516207	2025-07-20 21:14:37.516207
713	146	1	1	УБ - Чингэлтэй	35	2025-07-20 21:14:37.516207	2025-07-20 21:14:37.516207
714	231	1	1	Aberdeenshire	A1	2025-07-20 21:14:37.516207	2025-07-20 21:14:37.516207
715	231	1	1	Angus	A5	2025-07-20 21:14:37.516207	2025-07-20 21:14:37.516207
716	231	1	1	Argyll	A7	2025-07-20 21:14:37.516207	2025-07-20 21:14:37.516207
717	231	1	1	Avon	A9	2025-07-20 21:14:37.516207	2025-07-20 21:14:37.516207
718	231	1	1	Ayrshire	B1	2025-07-20 21:14:37.516207	2025-07-20 21:14:37.516207
719	231	1	1	Banffshire	B3	2025-07-20 21:14:37.516207	2025-07-20 21:14:37.516207
720	231	1	1	Bedfordshire	B5	2025-07-20 21:14:37.516207	2025-07-20 21:14:37.516207
721	231	1	1	Berkshire	B7	2025-07-20 21:14:37.516207	2025-07-20 21:14:37.516207
722	231	1	1	Berwickshire	B9	2025-07-20 21:14:37.516207	2025-07-20 21:14:37.516207
723	231	1	1	Buckinghamshire	C1	2025-07-20 21:14:37.516207	2025-07-20 21:14:37.516207
724	231	1	1	Caithness	C3	2025-07-20 21:14:37.516207	2025-07-20 21:14:37.516207
725	231	1	1	Cambridgeshire	C5	2025-07-20 21:14:37.516207	2025-07-20 21:14:37.516207
726	231	1	1	Channel Islands	C6	2025-07-20 21:14:37.516207	2025-07-20 21:14:37.516207
727	231	1	1	Cheshire	C7	2025-07-20 21:14:37.516207	2025-07-20 21:14:37.516207
728	231	1	1	Clackmannanshire	C9	2025-07-20 21:14:37.516207	2025-07-20 21:14:37.516207
729	231	1	1	Cleveland	D1	2025-07-20 21:14:37.516207	2025-07-20 21:14:37.516207
730	231	1	1	Clwyd	D3	2025-07-20 21:14:37.516207	2025-07-20 21:14:37.516207
731	231	1	1	County Antrim	D5	2025-07-20 21:14:37.516207	2025-07-20 21:14:37.516207
732	231	1	1	County Armagh	D7	2025-07-20 21:14:37.516207	2025-07-20 21:14:37.516207
733	231	1	1	County Down	D9	2025-07-20 21:14:37.516207	2025-07-20 21:14:37.516207
734	231	1	1	County Durham	E1	2025-07-20 21:14:37.516207	2025-07-20 21:14:37.516207
735	231	1	1	County Fermanagh	E3	2025-07-20 21:14:37.516207	2025-07-20 21:14:37.516207
736	231	1	1	County Londonderry	E5	2025-07-20 21:14:37.516207	2025-07-20 21:14:37.516207
737	231	1	1	County Tyrone	E7	2025-07-20 21:14:37.516207	2025-07-20 21:14:37.516207
738	231	1	1	Cornwall	E9	2025-07-20 21:14:37.516207	2025-07-20 21:14:37.516207
739	231	1	1	Cumbria	F1	2025-07-20 21:14:37.516207	2025-07-20 21:14:37.516207
740	231	1	1	Derbyshire	F3	2025-07-20 21:14:37.516207	2025-07-20 21:14:37.516207
741	231	1	1	Devon	F5	2025-07-20 21:14:37.516207	2025-07-20 21:14:37.516207
742	231	1	1	Dorset	F7	2025-07-20 21:14:37.516207	2025-07-20 21:14:37.516207
743	231	1	1	Dumfriesshire	F9	2025-07-20 21:14:37.516207	2025-07-20 21:14:37.516207
744	231	1	1	Dunbartonshire	G1	2025-07-20 21:14:37.516207	2025-07-20 21:14:37.516207
745	231	1	1	Dyfed	G3	2025-07-20 21:14:37.516207	2025-07-20 21:14:37.516207
746	231	1	1	East Lothian	G5	2025-07-20 21:14:37.516207	2025-07-20 21:14:37.516207
747	231	1	1	East Sussex	G7	2025-07-20 21:14:37.516207	2025-07-20 21:14:37.516207
748	231	1	1	Essex	G9	2025-07-20 21:14:37.516207	2025-07-20 21:14:37.516207
749	231	1	1	Fife	H1	2025-07-20 21:14:37.516207	2025-07-20 21:14:37.516207
750	231	1	1	Gloucestershire	H3	2025-07-20 21:14:37.516207	2025-07-20 21:14:37.516207
751	231	1	1	Gwent	H7	2025-07-20 21:14:37.516207	2025-07-20 21:14:37.516207
752	231	1	1	Gwynedd	H9	2025-07-20 21:14:37.516207	2025-07-20 21:14:37.516207
753	231	1	1	Hampshire	I1	2025-07-20 21:14:37.516207	2025-07-20 21:14:37.516207
754	231	1	1	Herefordshire	I3	2025-07-20 21:14:37.516207	2025-07-20 21:14:37.516207
755	231	1	1	Hertfordshire	I5	2025-07-20 21:14:37.516207	2025-07-20 21:14:37.516207
756	231	1	1	Inverness-Shire	I7	2025-07-20 21:14:37.516207	2025-07-20 21:14:37.516207
757	231	1	1	Isle of Arran	I9	2025-07-20 21:14:37.516207	2025-07-20 21:14:37.516207
758	231	1	1	Isle of Barra	J1	2025-07-20 21:14:37.516207	2025-07-20 21:14:37.516207
759	231	1	1	Isle of Benbecula	J3	2025-07-20 21:14:37.516207	2025-07-20 21:14:37.516207
760	231	1	1	Isle of Bute	J5	2025-07-20 21:14:37.516207	2025-07-20 21:14:37.516207
761	231	1	1	Isle of Canna	J7	2025-07-20 21:14:37.516207	2025-07-20 21:14:37.516207
762	231	1	1	Isle of Coll	J9	2025-07-20 21:14:37.516207	2025-07-20 21:14:37.516207
763	231	1	1	Isle of Colonsay	K1	2025-07-20 21:14:37.516207	2025-07-20 21:14:37.516207
764	231	1	1	Isle of Cumbrae	K3	2025-07-20 21:14:37.516207	2025-07-20 21:14:37.516207
765	231	1	1	Isle of Eigg	K5	2025-07-20 21:14:37.516207	2025-07-20 21:14:37.516207
766	231	1	1	Isle of Gigha	K7	2025-07-20 21:14:37.516207	2025-07-20 21:14:37.516207
767	231	1	1	Isle of Harris	K9	2025-07-20 21:14:37.516207	2025-07-20 21:14:37.516207
768	231	1	1	Isle of Iona	L1	2025-07-20 21:14:37.516207	2025-07-20 21:14:37.516207
769	231	1	1	Isle of Islay	L2	2025-07-20 21:14:37.516207	2025-07-20 21:14:37.516207
770	231	1	1	Isle of Jura	L5	2025-07-20 21:14:37.516207	2025-07-20 21:14:37.516207
771	231	1	1	Isle of Lewis	L7	2025-07-20 21:14:37.516207	2025-07-20 21:14:37.516207
772	231	1	1	Isle of Man	L9	2025-07-20 21:14:37.516207	2025-07-20 21:14:37.516207
773	231	1	1	Isle of Mull	M1	2025-07-20 21:14:37.516207	2025-07-20 21:14:37.516207
774	231	1	1	Isle of North Uist	M3	2025-07-20 21:14:37.516207	2025-07-20 21:14:37.516207
775	231	1	1	Isle of Rhum	M7	2025-07-20 21:14:37.516207	2025-07-20 21:14:37.516207
776	231	1	1	Isle of Scalpay	M9	2025-07-20 21:14:37.516207	2025-07-20 21:14:37.516207
777	231	1	1	Shetland Islands	N1	2025-07-20 21:14:37.516207	2025-07-20 21:14:37.516207
778	231	1	1	Isle of Skye	N3	2025-07-20 21:14:37.516207	2025-07-20 21:14:37.516207
779	231	1	1	Isle of South Uist	N5	2025-07-20 21:14:37.516207	2025-07-20 21:14:37.516207
780	231	1	1	Isle of Tiree	N7	2025-07-20 21:14:37.516207	2025-07-20 21:14:37.516207
781	231	1	1	Isle of Wight	N9	2025-07-20 21:14:37.516207	2025-07-20 21:14:37.516207
782	231	1	1	Kent	O5	2025-07-20 21:14:37.516207	2025-07-20 21:14:37.516207
783	231	1	1	Kincardineshire	O7	2025-07-20 21:14:37.516207	2025-07-20 21:14:37.516207
784	231	1	1	Kinross-Shire	O9	2025-07-20 21:14:37.516207	2025-07-20 21:14:37.516207
785	231	1	1	Kirkcudbrightshire	P1	2025-07-20 21:14:37.516207	2025-07-20 21:14:37.516207
786	231	1	1	Lancashire	P5	2025-07-20 21:14:37.516207	2025-07-20 21:14:37.516207
787	231	1	1	Leicestershire	P7	2025-07-20 21:14:37.516207	2025-07-20 21:14:37.516207
788	231	1	1	Lincolnshire	P9	2025-07-20 21:14:37.516207	2025-07-20 21:14:37.516207
789	231	1	1	Merseyside	Q3	2025-07-20 21:14:37.516207	2025-07-20 21:14:37.516207
790	231	1	1	Mid Glamorgan	Q5	2025-07-20 21:14:37.516207	2025-07-20 21:14:37.516207
791	231	1	1	Middlesex	Q9	2025-07-20 21:14:37.516207	2025-07-20 21:14:37.516207
792	231	1	1	Morayshire	R1	2025-07-20 21:14:37.516207	2025-07-20 21:14:37.516207
793	231	1	1	Nairnshire	R3	2025-07-20 21:14:37.516207	2025-07-20 21:14:37.516207
794	231	1	1	North Humberside	R7	2025-07-20 21:14:37.516207	2025-07-20 21:14:37.516207
795	231	1	1	North Yorkshire	R9	2025-07-20 21:14:37.516207	2025-07-20 21:14:37.516207
796	231	1	1	Northamptonshire	S1	2025-07-20 21:14:37.516207	2025-07-20 21:14:37.516207
797	231	1	1	Northumberland	S3	2025-07-20 21:14:37.516207	2025-07-20 21:14:37.516207
798	231	1	1	Nottinghamshire	S5	2025-07-20 21:14:37.516207	2025-07-20 21:14:37.516207
799	231	1	1	Oxfordshire	S7	2025-07-20 21:14:37.516207	2025-07-20 21:14:37.516207
800	231	1	1	Peeblesshire	S9	2025-07-20 21:14:37.516207	2025-07-20 21:14:37.516207
801	231	1	1	Perthshire	T1	2025-07-20 21:14:37.516207	2025-07-20 21:14:37.516207
802	231	1	1	Powys	T3	2025-07-20 21:14:37.516207	2025-07-20 21:14:37.516207
803	231	1	1	Renfrewshire	T5	2025-07-20 21:14:37.516207	2025-07-20 21:14:37.516207
804	231	1	1	Ross-Shire	T7	2025-07-20 21:14:37.516207	2025-07-20 21:14:37.516207
805	231	1	1	Roxburghshire	T9	2025-07-20 21:14:37.516207	2025-07-20 21:14:37.516207
806	231	1	1	Selkirkshire	U3	2025-07-20 21:14:37.516207	2025-07-20 21:14:37.516207
807	231	1	1	Shropshire	U5	2025-07-20 21:14:37.516207	2025-07-20 21:14:37.516207
808	231	1	1	Somerset	U7	2025-07-20 21:14:37.516207	2025-07-20 21:14:37.516207
809	231	1	1	South Glamorgan	U9	2025-07-20 21:14:37.516207	2025-07-20 21:14:37.516207
810	231	1	1	South Humberside	V1	2025-07-20 21:14:37.516207	2025-07-20 21:14:37.516207
811	231	1	1	South Yorkshire	V3	2025-07-20 21:14:37.516207	2025-07-20 21:14:37.516207
812	231	1	1	Staffordshire	V5	2025-07-20 21:14:37.516207	2025-07-20 21:14:37.516207
813	231	1	1	Stirlingshire	V7	2025-07-20 21:14:37.516207	2025-07-20 21:14:37.516207
814	231	1	1	Suffolk	V9	2025-07-20 21:14:37.516207	2025-07-20 21:14:37.516207
815	231	1	1	Surrey	W1	2025-07-20 21:14:37.516207	2025-07-20 21:14:37.516207
816	231	1	1	Sutherland	W3	2025-07-20 21:14:37.516207	2025-07-20 21:14:37.516207
817	231	1	1	Tyne and Wear	W5	2025-07-20 21:14:37.516207	2025-07-20 21:14:37.516207
818	231	1	1	Warwickshire	W7	2025-07-20 21:14:37.516207	2025-07-20 21:14:37.516207
819	231	1	1	West Glamorgan	W9	2025-07-20 21:14:37.516207	2025-07-20 21:14:37.516207
820	231	1	1	West Lothian	X1	2025-07-20 21:14:37.516207	2025-07-20 21:14:37.516207
821	231	1	1	West Midlands	X3	2025-07-20 21:14:37.516207	2025-07-20 21:14:37.516207
822	231	1	1	West Sussex	X5	2025-07-20 21:14:37.516207	2025-07-20 21:14:37.516207
823	231	1	1	West Yorkshire	X7	2025-07-20 21:14:37.516207	2025-07-20 21:14:37.516207
824	231	1	1	Wigtownshire	X9	2025-07-20 21:14:37.516207	2025-07-20 21:14:37.516207
825	231	1	1	Wiltshire	Y1	2025-07-20 21:14:37.516207	2025-07-20 21:14:37.516207
826	231	1	1	Worcestershire	Y3	2025-07-20 21:14:37.516207	2025-07-20 21:14:37.516207
827	231	1	1	Orkney	M5	2025-07-20 21:14:37.516207	2025-07-20 21:14:37.516207
828	231	1	1	Isles of Scilly	O1	2025-07-20 21:14:37.516207	2025-07-20 21:14:37.516207
829	231	1	1	Lanarkshire	P3	2025-07-20 21:14:37.516207	2025-07-20 21:14:37.516207
830	231	1	1	London	Q1	2025-07-20 21:14:37.516207	2025-07-20 21:14:37.516207
831	231	1	1	Midlothian	Q7	2025-07-20 21:14:37.516207	2025-07-20 21:14:37.516207
832	231	1	1	Norfolk	R5	2025-07-20 21:14:37.516207	2025-07-20 21:14:37.516207
834	188	1	1	Argeș	AG	2025-07-20 21:14:37.516207	2025-07-20 21:14:37.516207
835	188	1	1	Arad	AR	2025-07-20 21:14:37.516207	2025-07-20 21:14:37.516207
836	188	1	1	București	B	2025-07-20 21:14:37.516207	2025-07-20 21:14:37.516207
837	188	1	1	Bacău	BC	2025-07-20 21:14:37.516207	2025-07-20 21:14:37.516207
838	188	1	1	Bihor	BH	2025-07-20 21:14:37.516207	2025-07-20 21:14:37.516207
839	188	1	1	Bistrița-Năsăud	BN	2025-07-20 21:14:37.516207	2025-07-20 21:14:37.516207
840	188	1	1	Brăila	BR	2025-07-20 21:14:37.516207	2025-07-20 21:14:37.516207
841	188	1	1	Botoșani	BT	2025-07-20 21:14:37.516207	2025-07-20 21:14:37.516207
842	188	1	1	Brașov	BV	2025-07-20 21:14:37.516207	2025-07-20 21:14:37.516207
843	188	1	1	Buzău	BZ	2025-07-20 21:14:37.516207	2025-07-20 21:14:37.516207
844	188	1	1	Cluj	CJ	2025-07-20 21:14:37.516207	2025-07-20 21:14:37.516207
845	188	1	1	Călărași	CL	2025-07-20 21:14:37.516207	2025-07-20 21:14:37.516207
846	188	1	1	Caraș Severin	CS	2025-07-20 21:14:37.516207	2025-07-20 21:14:37.516207
847	188	1	1	Constanța	CT	2025-07-20 21:14:37.516207	2025-07-20 21:14:37.516207
848	188	1	1	Covasna	CV	2025-07-20 21:14:37.516207	2025-07-20 21:14:37.516207
849	188	1	1	Dâmbovița	DB	2025-07-20 21:14:37.516207	2025-07-20 21:14:37.516207
850	188	1	1	Dolj	DJ	2025-07-20 21:14:37.516207	2025-07-20 21:14:37.516207
851	188	1	1	Gorj	GJ	2025-07-20 21:14:37.516207	2025-07-20 21:14:37.516207
852	188	1	1	Galați	GL	2025-07-20 21:14:37.516207	2025-07-20 21:14:37.516207
853	188	1	1	Giurgiu	GR	2025-07-20 21:14:37.516207	2025-07-20 21:14:37.516207
854	188	1	1	Hunedoara	HD	2025-07-20 21:14:37.516207	2025-07-20 21:14:37.516207
855	188	1	1	Harghita	HR	2025-07-20 21:14:37.516207	2025-07-20 21:14:37.516207
856	188	1	1	Ilfov	IF	2025-07-20 21:14:37.516207	2025-07-20 21:14:37.516207
857	188	1	1	Ialomița	IL	2025-07-20 21:14:37.516207	2025-07-20 21:14:37.516207
858	188	1	1	Iași	IS	2025-07-20 21:14:37.516207	2025-07-20 21:14:37.516207
859	188	1	1	Mehedinți	MH	2025-07-20 21:14:37.516207	2025-07-20 21:14:37.516207
860	188	1	1	Maramureș	MM	2025-07-20 21:14:37.516207	2025-07-20 21:14:37.516207
861	188	1	1	Mureș	MS	2025-07-20 21:14:37.516207	2025-07-20 21:14:37.516207
862	188	1	1	Neamț	NT	2025-07-20 21:14:37.516207	2025-07-20 21:14:37.516207
863	188	1	1	Olt	OT	2025-07-20 21:14:37.516207	2025-07-20 21:14:37.516207
864	188	1	1	Prahova	PH	2025-07-20 21:14:37.516207	2025-07-20 21:14:37.516207
865	188	1	1	Sibiu	SB	2025-07-20 21:14:37.516207	2025-07-20 21:14:37.516207
866	188	1	1	Sălaj	SJ	2025-07-20 21:14:37.516207	2025-07-20 21:14:37.516207
867	188	1	1	Satu Mare	SM	2025-07-20 21:14:37.516207	2025-07-20 21:14:37.516207
868	188	1	1	Suceava	SV	2025-07-20 21:14:37.516207	2025-07-20 21:14:37.516207
869	188	1	1	Tulcea	TL	2025-07-20 21:14:37.516207	2025-07-20 21:14:37.516207
870	188	1	1	Timiș	TM	2025-07-20 21:14:37.516207	2025-07-20 21:14:37.516207
871	188	1	1	Teleorman	TR	2025-07-20 21:14:37.516207	2025-07-20 21:14:37.516207
872	188	1	1	Vâlcea	VL	2025-07-20 21:14:37.516207	2025-07-20 21:14:37.516207
873	188	1	1	Vrancea	VN	2025-07-20 21:14:37.516207	2025-07-20 21:14:37.516207
874	188	1	1	Vaslui	VS	2025-07-20 21:14:37.516207	2025-07-20 21:14:37.516207
875	48	1	1	北京市	京	2025-07-20 21:14:37.516207	2025-07-20 21:14:37.516207
876	48	1	1	上海市	沪	2025-07-20 21:14:37.516207	2025-07-20 21:14:37.516207
877	48	1	1	浙江省	浙	2025-07-20 21:14:37.516207	2025-07-20 21:14:37.516207
878	48	1	1	天津市	津	2025-07-20 21:14:37.516207	2025-07-20 21:14:37.516207
879	48	1	1	安徽省	皖	2025-07-20 21:14:37.516207	2025-07-20 21:14:37.516207
880	48	1	1	福建省	闽	2025-07-20 21:14:37.516207	2025-07-20 21:14:37.516207
881	48	1	1	重庆市	渝	2025-07-20 21:14:37.516207	2025-07-20 21:14:37.516207
882	48	1	1	江西省	赣	2025-07-20 21:14:37.516207	2025-07-20 21:14:37.516207
883	48	1	1	山东省	鲁	2025-07-20 21:14:37.516207	2025-07-20 21:14:37.516207
884	48	1	1	河南省	豫	2025-07-20 21:14:37.516207	2025-07-20 21:14:37.516207
885	48	1	1	内蒙古自治区	蒙	2025-07-20 21:14:37.516207	2025-07-20 21:14:37.516207
886	48	1	1	湖北省	鄂	2025-07-20 21:14:37.516207	2025-07-20 21:14:37.516207
887	48	1	1	新疆维吾尔自治区	新	2025-07-20 21:14:37.516207	2025-07-20 21:14:37.516207
888	48	1	1	湖南省	湘	2025-07-20 21:14:37.516207	2025-07-20 21:14:37.516207
889	48	1	1	宁夏回族自治区	宁	2025-07-20 21:14:37.516207	2025-07-20 21:14:37.516207
890	48	1	1	广东省	粤	2025-07-20 21:14:37.516207	2025-07-20 21:14:37.516207
891	48	1	1	西藏自治区	藏	2025-07-20 21:14:37.516207	2025-07-20 21:14:37.516207
892	48	1	1	海南省	琼	2025-07-20 21:14:37.516207	2025-07-20 21:14:37.516207
893	48	1	1	广西壮族自治区	桂	2025-07-20 21:14:37.516207	2025-07-20 21:14:37.516207
894	48	1	1	四川省	蜀	2025-07-20 21:14:37.516207	2025-07-20 21:14:37.516207
895	48	1	1	河北省	冀	2025-07-20 21:14:37.516207	2025-07-20 21:14:37.516207
896	48	1	1	贵州省	黔	2025-07-20 21:14:37.516207	2025-07-20 21:14:37.516207
897	48	1	1	山西省	晋	2025-07-20 21:14:37.516207	2025-07-20 21:14:37.516207
898	48	1	1	云南省	滇	2025-07-20 21:14:37.516207	2025-07-20 21:14:37.516207
899	48	1	1	辽宁省	辽	2025-07-20 21:14:37.516207	2025-07-20 21:14:37.516207
900	48	1	1	陕西省	陕	2025-07-20 21:14:37.516207	2025-07-20 21:14:37.516207
901	48	1	1	吉林省	吉	2025-07-20 21:14:37.516207	2025-07-20 21:14:37.516207
902	48	1	1	甘肃省	甘	2025-07-20 21:14:37.516207	2025-07-20 21:14:37.516207
903	48	1	1	黑龙江省	黑	2025-07-20 21:14:37.516207	2025-07-20 21:14:37.516207
904	48	1	1	青海省	青	2025-07-20 21:14:37.516207	2025-07-20 21:14:37.516207
905	48	1	1	江苏省	苏	2025-07-20 21:14:37.516207	2025-07-20 21:14:37.516207
906	48	1	1	台湾省	台	2025-07-20 21:14:37.516207	2025-07-20 21:14:37.516207
907	48	1	1	香港特别行政区	港	2025-07-20 21:14:37.516207	2025-07-20 21:14:37.516207
908	48	1	1	澳门特别行政区	澳	2025-07-20 21:14:37.516207	2025-07-20 21:14:37.516207
909	69	1	1	Addis Ababa	AA	2025-07-20 21:14:37.516207	2025-07-20 21:14:37.516207
910	69	1	1	Afar	AF	2025-07-20 21:14:37.516207	2025-07-20 21:14:37.516207
911	69	1	1	Amhara	AM	2025-07-20 21:14:37.516207	2025-07-20 21:14:37.516207
912	69	1	1	Benishangul-Gumuz	BN	2025-07-20 21:14:37.516207	2025-07-20 21:14:37.516207
913	69	1	1	Dire Dawa	DR	2025-07-20 21:14:37.516207	2025-07-20 21:14:37.516207
914	69	1	1	Gambella Peoples	GM	2025-07-20 21:14:37.516207	2025-07-20 21:14:37.516207
915	69	1	1	Harrari Peoples	HR	2025-07-20 21:14:37.516207	2025-07-20 21:14:37.516207
916	69	1	1	Oromia	OR	2025-07-20 21:14:37.516207	2025-07-20 21:14:37.516207
917	69	1	1	Somali	SM	2025-07-20 21:14:37.516207	2025-07-20 21:14:37.516207
918	69	1	1	Southern Peoples, Nations, and Nationalities	SP	2025-07-20 21:14:37.516207	2025-07-20 21:14:37.516207
919	69	1	1	Tigray	TG	2025-07-20 21:14:37.516207	2025-07-20 21:14:37.516207
920	101	1	1	Carlow	CW	2025-07-20 21:14:37.516207	2025-07-20 21:14:37.516207
921	101	1	1	Cavan	CN	2025-07-20 21:14:37.516207	2025-07-20 21:14:37.516207
922	101	1	1	Clare	CE	2025-07-20 21:14:37.516207	2025-07-20 21:14:37.516207
923	101	1	1	Cork	C	2025-07-20 21:14:37.516207	2025-07-20 21:14:37.516207
924	101	1	1	Limerick	LK	2025-07-20 21:14:37.516207	2025-07-20 21:14:37.516207
925	101	1	1	Waterford	WD	2025-07-20 21:14:37.516207	2025-07-20 21:14:37.516207
926	101	1	1	Donegal	DL	2025-07-20 21:14:37.516207	2025-07-20 21:14:37.516207
927	101	1	1	Dublin	D	2025-07-20 21:14:37.516207	2025-07-20 21:14:37.516207
928	101	1	1	Galway	G	2025-07-20 21:14:37.516207	2025-07-20 21:14:37.516207
929	101	1	1	Kerry	KY	2025-07-20 21:14:37.516207	2025-07-20 21:14:37.516207
930	101	1	1	Kildare	KE	2025-07-20 21:14:37.516207	2025-07-20 21:14:37.516207
931	101	1	1	Kilkenny	KK	2025-07-20 21:14:37.516207	2025-07-20 21:14:37.516207
932	101	1	1	Laois	LS	2025-07-20 21:14:37.516207	2025-07-20 21:14:37.516207
933	101	1	1	Leitrim	LM	2025-07-20 21:14:37.516207	2025-07-20 21:14:37.516207
934	101	1	1	Longford	LD	2025-07-20 21:14:37.516207	2025-07-20 21:14:37.516207
935	101	1	1	Louth	LH	2025-07-20 21:14:37.516207	2025-07-20 21:14:37.516207
936	101	1	1	Mayo	MO	2025-07-20 21:14:37.516207	2025-07-20 21:14:37.516207
937	101	1	1	Meath	MH	2025-07-20 21:14:37.516207	2025-07-20 21:14:37.516207
938	101	1	1	Monaghan	MN	2025-07-20 21:14:37.516207	2025-07-20 21:14:37.516207
939	101	1	1	Offaly	OY	2025-07-20 21:14:37.516207	2025-07-20 21:14:37.516207
940	101	1	1	Roscommon	RN	2025-07-20 21:14:37.516207	2025-07-20 21:14:37.516207
941	101	1	1	Sligo	SO	2025-07-20 21:14:37.516207	2025-07-20 21:14:37.516207
942	101	1	1	Tipperary	TR	2025-07-20 21:14:37.516207	2025-07-20 21:14:37.516207
943	101	1	1	Westmeath	WH	2025-07-20 21:14:37.516207	2025-07-20 21:14:37.516207
944	101	1	1	Wexford	WX	2025-07-20 21:14:37.516207	2025-07-20 21:14:37.516207
945	101	1	1	Wicklow	WW	2025-07-20 21:14:37.516207	2025-07-20 21:14:37.516207
946	101	1	1	Antrim	AM	2025-07-20 21:14:37.516207	2025-07-20 21:14:37.516207
947	101	1	1	Armagh	AH	2025-07-20 21:14:37.516207	2025-07-20 21:14:37.516207
948	101	1	1	Down	DN	2025-07-20 21:14:37.516207	2025-07-20 21:14:37.516207
949	101	1	1	Fermanagh	FH	2025-07-20 21:14:37.516207	2025-07-20 21:14:37.516207
950	101	1	1	Londonderry	LY	2025-07-20 21:14:37.516207	2025-07-20 21:14:37.516207
951	101	1	1	Tyrone	TE	2025-07-20 21:14:37.516207	2025-07-20 21:14:37.516207
952	165	1	1	Drenthe	DR	2025-07-20 21:14:37.516207	2025-07-20 21:14:37.516207
953	165	1	1	Flevoland	FL	2025-07-20 21:14:37.516207	2025-07-20 21:14:37.516207
954	165	1	1	Friesland	FR	2025-07-20 21:14:37.516207	2025-07-20 21:14:37.516207
955	165	1	1	Gelderland	GE	2025-07-20 21:14:37.516207	2025-07-20 21:14:37.516207
956	165	1	1	Groningen	GR	2025-07-20 21:14:37.516207	2025-07-20 21:14:37.516207
957	165	1	1	Limburg	LI	2025-07-20 21:14:37.516207	2025-07-20 21:14:37.516207
958	165	1	1	Noord-Brabant	NB	2025-07-20 21:14:37.516207	2025-07-20 21:14:37.516207
959	165	1	1	Noord-Holland	NH	2025-07-20 21:14:37.516207	2025-07-20 21:14:37.516207
960	165	1	1	Overijssel	OV	2025-07-20 21:14:37.516207	2025-07-20 21:14:37.516207
961	165	1	1	Utrecht	UT	2025-07-20 21:14:37.516207	2025-07-20 21:14:37.516207
962	165	1	1	Zeeland	ZE	2025-07-20 21:14:37.516207	2025-07-20 21:14:37.516207
963	165	1	1	Zuid-Holland	ZH	2025-07-20 21:14:37.516207	2025-07-20 21:14:37.516207
964	165	1	1	Bonaire	BQ1	2025-07-20 21:14:37.516207	2025-07-20 21:14:37.516207
965	165	1	1	Saba	BQ2	2025-07-20 21:14:37.516207	2025-07-20 21:14:37.516207
966	165	1	1	Sint Eustatius	BQ3	2025-07-20 21:14:37.516207	2025-07-20 21:14:37.516207
967	224	1	1	Adana	01	2025-07-20 21:14:37.516207	2025-07-20 21:14:37.516207
968	224	1	1	Adıyaman	02	2025-07-20 21:14:37.516207	2025-07-20 21:14:37.516207
969	224	1	1	Afyonkarahisar	03	2025-07-20 21:14:37.516207	2025-07-20 21:14:37.516207
970	224	1	1	Ağrı	04	2025-07-20 21:14:37.516207	2025-07-20 21:14:37.516207
971	224	1	1	Amasya	05	2025-07-20 21:14:37.516207	2025-07-20 21:14:37.516207
972	224	1	1	Ankara	06	2025-07-20 21:14:37.516207	2025-07-20 21:14:37.516207
973	224	1	1	Antalya	07	2025-07-20 21:14:37.516207	2025-07-20 21:14:37.516207
974	224	1	1	Artvin	08	2025-07-20 21:14:37.516207	2025-07-20 21:14:37.516207
975	224	1	1	Aydın	09	2025-07-20 21:14:37.516207	2025-07-20 21:14:37.516207
976	224	1	1	Balıkesir	10	2025-07-20 21:14:37.516207	2025-07-20 21:14:37.516207
977	224	1	1	Bilecik	11	2025-07-20 21:14:37.516207	2025-07-20 21:14:37.516207
978	224	1	1	Bingöl	12	2025-07-20 21:14:37.516207	2025-07-20 21:14:37.516207
979	224	1	1	Bitlis	13	2025-07-20 21:14:37.516207	2025-07-20 21:14:37.516207
980	224	1	1	Bolu	14	2025-07-20 21:14:37.516207	2025-07-20 21:14:37.516207
981	224	1	1	Burdur	15	2025-07-20 21:14:37.516207	2025-07-20 21:14:37.516207
982	224	1	1	Bursa	16	2025-07-20 21:14:37.516207	2025-07-20 21:14:37.516207
983	224	1	1	Çanakkale	17	2025-07-20 21:14:37.516207	2025-07-20 21:14:37.516207
984	224	1	1	Çankırı	18	2025-07-20 21:14:37.516207	2025-07-20 21:14:37.516207
985	224	1	1	Çorum	19	2025-07-20 21:14:37.516207	2025-07-20 21:14:37.516207
986	224	1	1	Denizli	20	2025-07-20 21:14:37.516207	2025-07-20 21:14:37.516207
987	224	1	1	Diyarbakır	21	2025-07-20 21:14:37.516207	2025-07-20 21:14:37.516207
988	224	1	1	Edirne	22	2025-07-20 21:14:37.516207	2025-07-20 21:14:37.516207
989	224	1	1	Elazığ	23	2025-07-20 21:14:37.516207	2025-07-20 21:14:37.516207
990	224	1	1	Erzincan	24	2025-07-20 21:14:37.516207	2025-07-20 21:14:37.516207
991	224	1	1	Erzurum	25	2025-07-20 21:14:37.516207	2025-07-20 21:14:37.516207
992	224	1	1	Eskişehir	26	2025-07-20 21:14:37.516207	2025-07-20 21:14:37.516207
993	224	1	1	Gaziantep	27	2025-07-20 21:14:37.516207	2025-07-20 21:14:37.516207
994	224	1	1	Giresun	28	2025-07-20 21:14:37.516207	2025-07-20 21:14:37.516207
995	224	1	1	Gümüşhane	29	2025-07-20 21:14:37.516207	2025-07-20 21:14:37.516207
996	224	1	1	Hakkari	30	2025-07-20 21:14:37.516207	2025-07-20 21:14:37.516207
997	224	1	1	Hatay	31	2025-07-20 21:14:37.516207	2025-07-20 21:14:37.516207
998	224	1	1	Isparta	32	2025-07-20 21:14:37.516207	2025-07-20 21:14:37.516207
999	224	1	1	Mersin	33	2025-07-20 21:14:37.516207	2025-07-20 21:14:37.516207
1000	224	1	1	İstanbul	34	2025-07-20 21:14:37.516207	2025-07-20 21:14:37.516207
1001	224	1	1	İzmir	35	2025-07-20 21:14:37.516207	2025-07-20 21:14:37.516207
1002	224	1	1	Kars	36	2025-07-20 21:14:37.516207	2025-07-20 21:14:37.516207
1003	224	1	1	Kastamonu	37	2025-07-20 21:14:37.516207	2025-07-20 21:14:37.516207
1004	224	1	1	Kayseri	38	2025-07-20 21:14:37.516207	2025-07-20 21:14:37.516207
1005	224	1	1	Kırklareli	39	2025-07-20 21:14:37.516207	2025-07-20 21:14:37.516207
1006	224	1	1	Kırşehir	40	2025-07-20 21:14:37.516207	2025-07-20 21:14:37.516207
1007	224	1	1	Kocaeli	41	2025-07-20 21:14:37.516207	2025-07-20 21:14:37.516207
1008	224	1	1	Konya	42	2025-07-20 21:14:37.516207	2025-07-20 21:14:37.516207
1009	224	1	1	Kütahya	43	2025-07-20 21:14:37.516207	2025-07-20 21:14:37.516207
1010	224	1	1	Malatya	44	2025-07-20 21:14:37.516207	2025-07-20 21:14:37.516207
1011	224	1	1	Manisa	45	2025-07-20 21:14:37.516207	2025-07-20 21:14:37.516207
1012	224	1	1	Kahramanmaraş	46	2025-07-20 21:14:37.516207	2025-07-20 21:14:37.516207
1013	224	1	1	Mardin	47	2025-07-20 21:14:37.516207	2025-07-20 21:14:37.516207
1014	224	1	1	Muğla	48	2025-07-20 21:14:37.516207	2025-07-20 21:14:37.516207
1015	224	1	1	Muş	49	2025-07-20 21:14:37.516207	2025-07-20 21:14:37.516207
1016	224	1	1	Nevşehir	50	2025-07-20 21:14:37.516207	2025-07-20 21:14:37.516207
1017	224	1	1	Niğde	51	2025-07-20 21:14:37.516207	2025-07-20 21:14:37.516207
1018	224	1	1	Ordu	52	2025-07-20 21:14:37.516207	2025-07-20 21:14:37.516207
1019	224	1	1	Rize	53	2025-07-20 21:14:37.516207	2025-07-20 21:14:37.516207
1020	224	1	1	Sakarya	54	2025-07-20 21:14:37.516207	2025-07-20 21:14:37.516207
1021	224	1	1	Samsun	55	2025-07-20 21:14:37.516207	2025-07-20 21:14:37.516207
1022	224	1	1	Siirt	56	2025-07-20 21:14:37.516207	2025-07-20 21:14:37.516207
1023	224	1	1	Sinop	57	2025-07-20 21:14:37.516207	2025-07-20 21:14:37.516207
1024	224	1	1	Sivas	58	2025-07-20 21:14:37.516207	2025-07-20 21:14:37.516207
1025	224	1	1	Tekirdağ	59	2025-07-20 21:14:37.516207	2025-07-20 21:14:37.516207
1026	224	1	1	Tokat	60	2025-07-20 21:14:37.516207	2025-07-20 21:14:37.516207
1027	224	1	1	Trabzon	61	2025-07-20 21:14:37.516207	2025-07-20 21:14:37.516207
1028	224	1	1	Tunceli	62	2025-07-20 21:14:37.516207	2025-07-20 21:14:37.516207
1029	224	1	1	Şanlıurfa	63	2025-07-20 21:14:37.516207	2025-07-20 21:14:37.516207
1030	224	1	1	Uşak	64	2025-07-20 21:14:37.516207	2025-07-20 21:14:37.516207
1031	224	1	1	Van	65	2025-07-20 21:14:37.516207	2025-07-20 21:14:37.516207
1032	224	1	1	Yozgat	66	2025-07-20 21:14:37.516207	2025-07-20 21:14:37.516207
1033	224	1	1	Zonguldak	67	2025-07-20 21:14:37.516207	2025-07-20 21:14:37.516207
1034	224	1	1	Aksaray	68	2025-07-20 21:14:37.516207	2025-07-20 21:14:37.516207
1035	224	1	1	Bayburt	69	2025-07-20 21:14:37.516207	2025-07-20 21:14:37.516207
1036	224	1	1	Karaman	70	2025-07-20 21:14:37.516207	2025-07-20 21:14:37.516207
1037	224	1	1	Kırıkkale	71	2025-07-20 21:14:37.516207	2025-07-20 21:14:37.516207
1038	224	1	1	Batman	72	2025-07-20 21:14:37.516207	2025-07-20 21:14:37.516207
1039	224	1	1	Şırnak	73	2025-07-20 21:14:37.516207	2025-07-20 21:14:37.516207
1040	224	1	1	Bartın	74	2025-07-20 21:14:37.516207	2025-07-20 21:14:37.516207
1041	224	1	1	Ardahan	75	2025-07-20 21:14:37.516207	2025-07-20 21:14:37.516207
1042	224	1	1	Iğdır	76	2025-07-20 21:14:37.516207	2025-07-20 21:14:37.516207
1043	224	1	1	Yalova	77	2025-07-20 21:14:37.516207	2025-07-20 21:14:37.516207
1044	224	1	1	Karabük	78	2025-07-20 21:14:37.516207	2025-07-20 21:14:37.516207
1045	224	1	1	Kilis	79	2025-07-20 21:14:37.516207	2025-07-20 21:14:37.516207
1046	224	1	1	Osmaniye	80	2025-07-20 21:14:37.516207	2025-07-20 21:14:37.516207
1047	224	1	1	Düzce	81	2025-07-20 21:14:37.516207	2025-07-20 21:14:37.516207
1048	241	1	1	An Giang	VN-44	2025-07-20 21:14:37.516207	2025-07-20 21:14:37.516207
1049	241	1	1	Bắc Ninh	VN-56	2025-07-20 21:14:37.516207	2025-07-20 21:14:37.516207
1050	241	1	1	Cao Bằng	VN-04	2025-07-20 21:14:37.516207	2025-07-20 21:14:37.516207
1051	241	1	1	Cà Mau	VN-59	2025-07-20 21:14:37.516207	2025-07-20 21:14:37.516207
1052	241	1	1	TP Cần Thơ	VN-CT	2025-07-20 21:14:37.516207	2025-07-20 21:14:37.516207
1053	241	1	1	Điện Biên	VN-71	2025-07-20 21:14:37.516207	2025-07-20 21:14:37.516207
1054	241	1	1	Đắk Lắk	VN-33	2025-07-20 21:14:37.516207	2025-07-20 21:14:37.516207
1055	241	1	1	TP Đà Nẵng	VN-DN	2025-07-20 21:14:37.516207	2025-07-20 21:14:37.516207
1056	241	1	1	Đồng Nai	VN-39	2025-07-20 21:14:37.516207	2025-07-20 21:14:37.516207
1057	241	1	1	Đồng Tháp	VN-45	2025-07-20 21:14:37.516207	2025-07-20 21:14:37.516207
1058	241	1	1	Gia Lai	VN-30	2025-07-20 21:14:37.516207	2025-07-20 21:14:37.516207
1059	241	1	1	TP Hồ Chí Minh	VN-SG	2025-07-20 21:14:37.516207	2025-07-20 21:14:37.516207
1060	241	1	1	Hà Nội	VN-HN	2025-07-20 21:14:37.516207	2025-07-20 21:14:37.516207
1061	241	1	1	TP Hải Phòng	VN-HP	2025-07-20 21:14:37.516207	2025-07-20 21:14:37.516207
1062	241	1	1	Hà Tĩnh	VN-23	2025-07-20 21:14:37.516207	2025-07-20 21:14:37.516207
1063	241	1	1	Hưng Yên	VN-66	2025-07-20 21:14:37.516207	2025-07-20 21:14:37.516207
1064	241	1	1	Khánh Hòa	VN-34	2025-07-20 21:14:37.516207	2025-07-20 21:14:37.516207
1065	241	1	1	Lào Cai	VN-02	2025-07-20 21:14:37.516207	2025-07-20 21:14:37.516207
1066	241	1	1	Lai Châu	VN-01	2025-07-20 21:14:37.516207	2025-07-20 21:14:37.516207
1067	241	1	1	Lâm Đồng	VN-35	2025-07-20 21:14:37.516207	2025-07-20 21:14:37.516207
1068	241	1	1	Lạng Sơn	VN-09	2025-07-20 21:14:37.516207	2025-07-20 21:14:37.516207
1069	241	1	1	Nghệ An	VN-22	2025-07-20 21:14:37.516207	2025-07-20 21:14:37.516207
1070	241	1	1	Ninh Bình	VN-18	2025-07-20 21:14:37.516207	2025-07-20 21:14:37.516207
1071	241	1	1	Phú Thọ	VN-68	2025-07-20 21:14:37.516207	2025-07-20 21:14:37.516207
1072	241	1	1	Quảng Ninh	VN-13	2025-07-20 21:14:37.516207	2025-07-20 21:14:37.516207
1073	241	1	1	Quảng Ngãi	VN-29	2025-07-20 21:14:37.516207	2025-07-20 21:14:37.516207
1074	241	1	1	Quảng Trị	VN-25	2025-07-20 21:14:37.516207	2025-07-20 21:14:37.516207
1075	241	1	1	Sơn La	VN-05	2025-07-20 21:14:37.516207	2025-07-20 21:14:37.516207
1076	241	1	1	Thanh Hóa	VN-21	2025-07-20 21:14:37.516207	2025-07-20 21:14:37.516207
1077	241	1	1	Thái Nguyên	VN-69	2025-07-20 21:14:37.516207	2025-07-20 21:14:37.516207
1078	241	1	1	Tây Ninh	VN-37	2025-07-20 21:14:37.516207	2025-07-20 21:14:37.516207
1079	241	1	1	Tuyên Quang	VN-07	2025-07-20 21:14:37.516207	2025-07-20 21:14:37.516207
1080	241	1	1	Thừa Thiên - Huế	VN-26	2025-07-20 21:14:37.516207	2025-07-20 21:14:37.516207
1081	241	1	1	Vĩnh Long	VN-49	2025-07-20 21:14:37.516207	2025-07-20 21:14:37.516207
1082	50	1	1	San José	1	2025-07-20 21:14:37.516207	2025-07-20 21:14:37.516207
1083	50	1	1	Alajuela	2	2025-07-20 21:14:37.516207	2025-07-20 21:14:37.516207
1084	50	1	1	Heredia	4	2025-07-20 21:14:37.516207	2025-07-20 21:14:37.516207
1085	50	1	1	Cartago	3	2025-07-20 21:14:37.516207	2025-07-20 21:14:37.516207
1086	50	1	1	Puntarenas	6	2025-07-20 21:14:37.516207	2025-07-20 21:14:37.516207
1087	50	1	1	Guanacaste	5	2025-07-20 21:14:37.516207	2025-07-20 21:14:37.516207
1088	50	1	1	Limón	7	2025-07-20 21:14:37.516207	2025-07-20 21:14:37.516207
1089	61	1	1	Distrito Nacional	DN	2025-07-20 21:14:37.516207	2025-07-20 21:14:37.516207
1090	61	1	1	Azua	AZU	2025-07-20 21:14:37.516207	2025-07-20 21:14:37.516207
1091	61	1	1	Bahoruco	BAH	2025-07-20 21:14:37.516207	2025-07-20 21:14:37.516207
1092	61	1	1	Barahona	BAR	2025-07-20 21:14:37.516207	2025-07-20 21:14:37.516207
1093	61	1	1	Dajabón	DAJ	2025-07-20 21:14:37.516207	2025-07-20 21:14:37.516207
1094	61	1	1	Duarte	DUA	2025-07-20 21:14:37.516207	2025-07-20 21:14:37.516207
1095	61	1	1	Elías Piña	ELP	2025-07-20 21:14:37.516207	2025-07-20 21:14:37.516207
1096	61	1	1	El Seibo	ELS	2025-07-20 21:14:37.516207	2025-07-20 21:14:37.516207
1097	61	1	1	Espaillat	ESP	2025-07-20 21:14:37.516207	2025-07-20 21:14:37.516207
1098	61	1	1	Independencia	IND	2025-07-20 21:14:37.516207	2025-07-20 21:14:37.516207
1099	61	1	1	La Altagracia	LA	2025-07-20 21:14:37.516207	2025-07-20 21:14:37.516207
1100	61	1	1	La Romana	LR	2025-07-20 21:14:37.516207	2025-07-20 21:14:37.516207
1101	61	1	1	La Vega	LV	2025-07-20 21:14:37.516207	2025-07-20 21:14:37.516207
1102	61	1	1	María Trinidad Sánchez	MTS	2025-07-20 21:14:37.516207	2025-07-20 21:14:37.516207
1103	61	1	1	Monte Cristi	MC	2025-07-20 21:14:37.516207	2025-07-20 21:14:37.516207
1104	61	1	1	Pedernales	PED	2025-07-20 21:14:37.516207	2025-07-20 21:14:37.516207
1105	61	1	1	Peravia	PER	2025-07-20 21:14:37.516207	2025-07-20 21:14:37.516207
1106	61	1	1	Puerto Plata	PP	2025-07-20 21:14:37.516207	2025-07-20 21:14:37.516207
1107	61	1	1	Hermanas Mirabal	HEM	2025-07-20 21:14:37.516207	2025-07-20 21:14:37.516207
1108	61	1	1	Samaná	SAM	2025-07-20 21:14:37.516207	2025-07-20 21:14:37.516207
1109	61	1	1	San Cristóbal	SC	2025-07-20 21:14:37.516207	2025-07-20 21:14:37.516207
1110	61	1	1	San Juan	SJ	2025-07-20 21:14:37.516207	2025-07-20 21:14:37.516207
1111	61	1	1	San Pedro de Macorís	SPM	2025-07-20 21:14:37.516207	2025-07-20 21:14:37.516207
1112	61	1	1	Sánchez Ramírez	SRA	2025-07-20 21:14:37.516207	2025-07-20 21:14:37.516207
1113	61	1	1	Santiago	STGO	2025-07-20 21:14:37.516207	2025-07-20 21:14:37.516207
1114	61	1	1	Santiago Rodríguez	SRO	2025-07-20 21:14:37.516207	2025-07-20 21:14:37.516207
1115	61	1	1	Valverde	VAL	2025-07-20 21:14:37.516207	2025-07-20 21:14:37.516207
1116	61	1	1	Monseñor Nouel	MON	2025-07-20 21:14:37.516207	2025-07-20 21:14:37.516207
1117	61	1	1	Monte Plata	MP	2025-07-20 21:14:37.516207	2025-07-20 21:14:37.516207
1118	61	1	1	Hato Mayor	HAM	2025-07-20 21:14:37.516207	2025-07-20 21:14:37.516207
1119	61	1	1	San José de Ocoa	SJO	2025-07-20 21:14:37.516207	2025-07-20 21:14:37.516207
1120	61	1	1	Santo Domingo	SD	2025-07-20 21:14:37.516207	2025-07-20 21:14:37.516207
1121	173	1	1	Amazonas	01	2025-07-20 21:14:37.516207	2025-07-20 21:14:37.516207
1122	173	1	1	Áncash	02	2025-07-20 21:14:37.516207	2025-07-20 21:14:37.516207
1123	173	1	1	Apurímac	03	2025-07-20 21:14:37.516207	2025-07-20 21:14:37.516207
1124	173	1	1	Arequipa	04	2025-07-20 21:14:37.516207	2025-07-20 21:14:37.516207
1125	173	1	1	Ayacucho	05	2025-07-20 21:14:37.516207	2025-07-20 21:14:37.516207
1126	173	1	1	Cajamarca	06	2025-07-20 21:14:37.516207	2025-07-20 21:14:37.516207
1127	173	1	1	Callao	07	2025-07-20 21:14:37.516207	2025-07-20 21:14:37.516207
1128	173	1	1	Cusco	08	2025-07-20 21:14:37.516207	2025-07-20 21:14:37.516207
1129	173	1	1	Huancavelica	09	2025-07-20 21:14:37.516207	2025-07-20 21:14:37.516207
1130	173	1	1	Huánuco	10	2025-07-20 21:14:37.516207	2025-07-20 21:14:37.516207
1131	173	1	1	Ica	11	2025-07-20 21:14:37.516207	2025-07-20 21:14:37.516207
1132	173	1	1	Junin	12	2025-07-20 21:14:37.516207	2025-07-20 21:14:37.516207
1133	173	1	1	La Libertad	13	2025-07-20 21:14:37.516207	2025-07-20 21:14:37.516207
1134	173	1	1	Lambayeque	14	2025-07-20 21:14:37.516207	2025-07-20 21:14:37.516207
1135	173	1	1	Lima	15	2025-07-20 21:14:37.516207	2025-07-20 21:14:37.516207
1136	173	1	1	Loreto	16	2025-07-20 21:14:37.516207	2025-07-20 21:14:37.516207
1137	173	1	1	Madre de Dios	17	2025-07-20 21:14:37.516207	2025-07-20 21:14:37.516207
1138	173	1	1	Moquegua	18	2025-07-20 21:14:37.516207	2025-07-20 21:14:37.516207
1139	173	1	1	Pasco	19	2025-07-20 21:14:37.516207	2025-07-20 21:14:37.516207
1140	173	1	1	Piura	20	2025-07-20 21:14:37.516207	2025-07-20 21:14:37.516207
1141	173	1	1	Puno	21	2025-07-20 21:14:37.516207	2025-07-20 21:14:37.516207
1142	173	1	1	San Martín	22	2025-07-20 21:14:37.516207	2025-07-20 21:14:37.516207
1143	173	1	1	Tacna	23	2025-07-20 21:14:37.516207	2025-07-20 21:14:37.516207
1144	173	1	1	Tumbes	24	2025-07-20 21:14:37.516207	2025-07-20 21:14:37.516207
1145	173	1	1	Ucayali	25	2025-07-20 21:14:37.516207	2025-07-20 21:14:37.516207
1146	46	1	1	Tarapacá	01	2025-07-20 21:14:37.516207	2025-07-20 21:14:37.516207
1147	46	1	1	Antofagasta	02	2025-07-20 21:14:37.516207	2025-07-20 21:14:37.516207
1148	46	1	1	Atacama	03	2025-07-20 21:14:37.516207	2025-07-20 21:14:37.516207
1149	46	1	1	Coquimbo	04	2025-07-20 21:14:37.516207	2025-07-20 21:14:37.516207
1150	46	1	1	Valparaíso	05	2025-07-20 21:14:37.516207	2025-07-20 21:14:37.516207
1151	46	1	1	del Libertador Gral. Bernardo O'Higgins	06	2025-07-20 21:14:37.516207	2025-07-20 21:14:37.516207
1152	46	1	1	del Maule	07	2025-07-20 21:14:37.516207	2025-07-20 21:14:37.516207
1153	46	1	1	del BíoBio	08	2025-07-20 21:14:37.516207	2025-07-20 21:14:37.516207
1154	46	1	1	de la Araucania	09	2025-07-20 21:14:37.516207	2025-07-20 21:14:37.516207
1155	46	1	1	de los Lagos	10	2025-07-20 21:14:37.516207	2025-07-20 21:14:37.516207
1156	46	1	1	Aysén del Gral. Carlos Ibáñez del Campo	11	2025-07-20 21:14:37.516207	2025-07-20 21:14:37.516207
1157	46	1	1	Magallanes	12	2025-07-20 21:14:37.516207	2025-07-20 21:14:37.516207
1158	46	1	1	Metropolitana	13	2025-07-20 21:14:37.516207	2025-07-20 21:14:37.516207
1159	46	1	1	Los Ríos	14	2025-07-20 21:14:37.516207	2025-07-20 21:14:37.516207
1160	46	1	1	Arica y Parinacota	15	2025-07-20 21:14:37.516207	2025-07-20 21:14:37.516207
1161	46	1	1	del Ñuble	16	2025-07-20 21:14:37.516207	2025-07-20 21:14:37.516207
1162	64	1	1	Harjumaa	EE-37	2025-07-20 21:14:37.516207	2025-07-20 21:14:37.516207
1163	64	1	1	Hiiumaa	EE-39	2025-07-20 21:14:37.516207	2025-07-20 21:14:37.516207
1164	64	1	1	Ida-Virumaa	EE-44	2025-07-20 21:14:37.516207	2025-07-20 21:14:37.516207
1165	64	1	1	Jõgevamaa	EE-49	2025-07-20 21:14:37.516207	2025-07-20 21:14:37.516207
1166	64	1	1	Järvamaa	EE-51	2025-07-20 21:14:37.516207	2025-07-20 21:14:37.516207
1167	64	1	1	Läänemaa	EE-57	2025-07-20 21:14:37.516207	2025-07-20 21:14:37.516207
1168	64	1	1	Lääne-Virumaa	EE-59	2025-07-20 21:14:37.516207	2025-07-20 21:14:37.516207
1169	64	1	1	Põlvamaa	EE-65	2025-07-20 21:14:37.516207	2025-07-20 21:14:37.516207
1170	64	1	1	Pärnumaa	EE-67	2025-07-20 21:14:37.516207	2025-07-20 21:14:37.516207
1171	64	1	1	Raplamaa	EE-70	2025-07-20 21:14:37.516207	2025-07-20 21:14:37.516207
1172	64	1	1	Saaremaa	EE-74	2025-07-20 21:14:37.516207	2025-07-20 21:14:37.516207
1173	64	1	1	Tartumaa	EE-78	2025-07-20 21:14:37.516207	2025-07-20 21:14:37.516207
1174	64	1	1	Valgamaa	EE-82	2025-07-20 21:14:37.516207	2025-07-20 21:14:37.516207
1175	64	1	1	Viljandimaa	EE-84	2025-07-20 21:14:37.516207	2025-07-20 21:14:37.516207
1176	64	1	1	Võrumaa	EE-86	2025-07-20 21:14:37.516207	2025-07-20 21:14:37.516207
1177	134	1	1	Aglonas novads	LV-001	2025-07-20 21:14:37.516207	2025-07-20 21:14:37.516207
1178	134	1	1	Aizkraukles novads	LV-002	2025-07-20 21:14:37.516207	2025-07-20 21:14:37.516207
1179	134	1	1	Aizputes novads	LV-003	2025-07-20 21:14:37.516207	2025-07-20 21:14:37.516207
1180	134	1	1	Aknīstes novads	LV-004	2025-07-20 21:14:37.516207	2025-07-20 21:14:37.516207
1181	134	1	1	Alojas novads	LV-005	2025-07-20 21:14:37.516207	2025-07-20 21:14:37.516207
1182	134	1	1	Alsungas novads	LV-006	2025-07-20 21:14:37.516207	2025-07-20 21:14:37.516207
1183	134	1	1	Alūksnes novads	LV-007	2025-07-20 21:14:37.516207	2025-07-20 21:14:37.516207
1184	134	1	1	Amatas novads	LV-008	2025-07-20 21:14:37.516207	2025-07-20 21:14:37.516207
1185	134	1	1	Apes novads	LV-009	2025-07-20 21:14:37.516207	2025-07-20 21:14:37.516207
1186	134	1	1	Auces novads	LV-010	2025-07-20 21:14:37.516207	2025-07-20 21:14:37.516207
1187	134	1	1	Ādažu novads	LV-011	2025-07-20 21:14:37.516207	2025-07-20 21:14:37.516207
1188	134	1	1	Babītes novads	LV-012	2025-07-20 21:14:37.516207	2025-07-20 21:14:37.516207
1189	134	1	1	Baldones novads	LV-013	2025-07-20 21:14:37.516207	2025-07-20 21:14:37.516207
1190	134	1	1	Baltinavas novads	LV-014	2025-07-20 21:14:37.516207	2025-07-20 21:14:37.516207
1191	134	1	1	Balvu novads	LV-015	2025-07-20 21:14:37.516207	2025-07-20 21:14:37.516207
1192	134	1	1	Bauskas novads	LV-016	2025-07-20 21:14:37.516207	2025-07-20 21:14:37.516207
1193	134	1	1	Beverīnas novads	LV-017	2025-07-20 21:14:37.516207	2025-07-20 21:14:37.516207
1194	134	1	1	Brocēnu novads	LV-018	2025-07-20 21:14:37.516207	2025-07-20 21:14:37.516207
1195	134	1	1	Burtnieku novads	LV-019	2025-07-20 21:14:37.516207	2025-07-20 21:14:37.516207
1196	134	1	1	Carnikavas novads	LV-020	2025-07-20 21:14:37.516207	2025-07-20 21:14:37.516207
1197	134	1	1	Cesvaines novads	LV-021	2025-07-20 21:14:37.516207	2025-07-20 21:14:37.516207
1198	134	1	1	Cēsu novads	LV-022	2025-07-20 21:14:37.516207	2025-07-20 21:14:37.516207
1199	134	1	1	Ciblas novads	LV-023	2025-07-20 21:14:37.516207	2025-07-20 21:14:37.516207
1200	134	1	1	Dagdas novads	LV-024	2025-07-20 21:14:37.516207	2025-07-20 21:14:37.516207
1201	134	1	1	Daugavpils novads	LV-025	2025-07-20 21:14:37.516207	2025-07-20 21:14:37.516207
1202	134	1	1	Dobeles novads	LV-026	2025-07-20 21:14:37.516207	2025-07-20 21:14:37.516207
1203	134	1	1	Dundagas novads	LV-027	2025-07-20 21:14:37.516207	2025-07-20 21:14:37.516207
1204	134	1	1	Durbes novads	LV-028	2025-07-20 21:14:37.516207	2025-07-20 21:14:37.516207
1205	134	1	1	Engures novads	LV-029	2025-07-20 21:14:37.516207	2025-07-20 21:14:37.516207
1206	134	1	1	Ērgļu novads	LV-030	2025-07-20 21:14:37.516207	2025-07-20 21:14:37.516207
1207	134	1	1	Garkalnes novads	LV-031	2025-07-20 21:14:37.516207	2025-07-20 21:14:37.516207
1208	134	1	1	Grobiņas novads	LV-032	2025-07-20 21:14:37.516207	2025-07-20 21:14:37.516207
1209	134	1	1	Gulbenes novads	LV-033	2025-07-20 21:14:37.516207	2025-07-20 21:14:37.516207
1210	134	1	1	Iecavas novads	LV-034	2025-07-20 21:14:37.516207	2025-07-20 21:14:37.516207
1211	134	1	1	Ikšķiles novads	LV-035	2025-07-20 21:14:37.516207	2025-07-20 21:14:37.516207
1212	134	1	1	Ilūkstes novads	LV-036	2025-07-20 21:14:37.516207	2025-07-20 21:14:37.516207
1213	134	1	1	Inčukalna novads	LV-037	2025-07-20 21:14:37.516207	2025-07-20 21:14:37.516207
1214	134	1	1	Jaunjelgavas novads	LV-038	2025-07-20 21:14:37.516207	2025-07-20 21:14:37.516207
1215	134	1	1	Jaunpiebalgas novads	LV-039	2025-07-20 21:14:37.516207	2025-07-20 21:14:37.516207
1216	134	1	1	Jaunpils novads	LV-040	2025-07-20 21:14:37.516207	2025-07-20 21:14:37.516207
1217	134	1	1	Jelgavas novads	LV-041	2025-07-20 21:14:37.516207	2025-07-20 21:14:37.516207
1218	134	1	1	Jēkabpils novads	LV-042	2025-07-20 21:14:37.516207	2025-07-20 21:14:37.516207
1219	134	1	1	Kandavas novads	LV-043	2025-07-20 21:14:37.516207	2025-07-20 21:14:37.516207
1220	134	1	1	Kārsavas novads	LV-044	2025-07-20 21:14:37.516207	2025-07-20 21:14:37.516207
1221	134	1	1	Kocēnu novads	LV-045	2025-07-20 21:14:37.516207	2025-07-20 21:14:37.516207
1222	134	1	1	Kokneses novads	LV-046	2025-07-20 21:14:37.516207	2025-07-20 21:14:37.516207
1223	134	1	1	Krāslavas novads	LV-047	2025-07-20 21:14:37.516207	2025-07-20 21:14:37.516207
1224	134	1	1	Krimuldas novads	LV-048	2025-07-20 21:14:37.516207	2025-07-20 21:14:37.516207
1225	134	1	1	Krustpils novads	LV-049	2025-07-20 21:14:37.516207	2025-07-20 21:14:37.516207
1226	134	1	1	Kuldīgas novads	LV-050	2025-07-20 21:14:37.516207	2025-07-20 21:14:37.516207
1227	134	1	1	Ķeguma novads	LV-051	2025-07-20 21:14:37.516207	2025-07-20 21:14:37.516207
1228	134	1	1	Ķekavas novads	LV-052	2025-07-20 21:14:37.516207	2025-07-20 21:14:37.516207
1229	134	1	1	Lielvārdes novads	LV-053	2025-07-20 21:14:37.516207	2025-07-20 21:14:37.516207
1230	134	1	1	Limbažu novads	LV-054	2025-07-20 21:14:37.516207	2025-07-20 21:14:37.516207
1231	134	1	1	Līgatnes novads	LV-055	2025-07-20 21:14:37.516207	2025-07-20 21:14:37.516207
1232	134	1	1	Līvānu novads	LV-056	2025-07-20 21:14:37.516207	2025-07-20 21:14:37.516207
1233	134	1	1	Lubānas novads	LV-057	2025-07-20 21:14:37.516207	2025-07-20 21:14:37.516207
1234	134	1	1	Ludzas novads	LV-058	2025-07-20 21:14:37.516207	2025-07-20 21:14:37.516207
1235	134	1	1	Madonas novads	LV-059	2025-07-20 21:14:37.516207	2025-07-20 21:14:37.516207
1236	134	1	1	Mazsalacas novads	LV-060	2025-07-20 21:14:37.516207	2025-07-20 21:14:37.516207
1237	134	1	1	Mālpils novads	LV-061	2025-07-20 21:14:37.516207	2025-07-20 21:14:37.516207
1238	134	1	1	Mārupes novads	LV-062	2025-07-20 21:14:37.516207	2025-07-20 21:14:37.516207
1239	134	1	1	Mērsraga novads	LV-063	2025-07-20 21:14:37.516207	2025-07-20 21:14:37.516207
1240	134	1	1	Naukšēnu novads	LV-064	2025-07-20 21:14:37.516207	2025-07-20 21:14:37.516207
1241	134	1	1	Neretas novads	LV-065	2025-07-20 21:14:37.516207	2025-07-20 21:14:37.516207
1242	134	1	1	Nīcas novads	LV-066	2025-07-20 21:14:37.516207	2025-07-20 21:14:37.516207
1243	134	1	1	Ogres novads	LV-067	2025-07-20 21:14:37.516207	2025-07-20 21:14:37.516207
1244	134	1	1	Olaines novads	LV-068	2025-07-20 21:14:37.516207	2025-07-20 21:14:37.516207
1245	134	1	1	Ozolnieku novads	LV-069	2025-07-20 21:14:37.516207	2025-07-20 21:14:37.516207
1246	134	1	1	Pārgaujas novads	LV-070	2025-07-20 21:14:37.516207	2025-07-20 21:14:37.516207
1247	134	1	1	Pāvilostas novads	LV-071	2025-07-20 21:14:37.516207	2025-07-20 21:14:37.516207
1248	134	1	1	Pļaviņu novads	LV-072	2025-07-20 21:14:37.516207	2025-07-20 21:14:37.516207
1249	134	1	1	Preiļu novads	LV-073	2025-07-20 21:14:37.516207	2025-07-20 21:14:37.516207
1250	134	1	1	Priekules novads	LV-074	2025-07-20 21:14:37.516207	2025-07-20 21:14:37.516207
1251	134	1	1	Priekuļu novads	LV-075	2025-07-20 21:14:37.516207	2025-07-20 21:14:37.516207
1252	134	1	1	Raunas novads	LV-076	2025-07-20 21:14:37.516207	2025-07-20 21:14:37.516207
1253	134	1	1	Rēzeknes novads	LV-077	2025-07-20 21:14:37.516207	2025-07-20 21:14:37.516207
1254	134	1	1	Riebiņu novads	LV-078	2025-07-20 21:14:37.516207	2025-07-20 21:14:37.516207
1255	134	1	1	Rojas novads	LV-079	2025-07-20 21:14:37.516207	2025-07-20 21:14:37.516207
1256	134	1	1	Ropažu novads	LV-080	2025-07-20 21:14:37.516207	2025-07-20 21:14:37.516207
1257	134	1	1	Rucavas novads	LV-081	2025-07-20 21:14:37.516207	2025-07-20 21:14:37.516207
1258	134	1	1	Rugāju novads	LV-082	2025-07-20 21:14:37.516207	2025-07-20 21:14:37.516207
1259	134	1	1	Rundāles novads	LV-083	2025-07-20 21:14:37.516207	2025-07-20 21:14:37.516207
1260	134	1	1	Rūjienas novads	LV-084	2025-07-20 21:14:37.516207	2025-07-20 21:14:37.516207
1261	134	1	1	Salas novads	LV-085	2025-07-20 21:14:37.516207	2025-07-20 21:14:37.516207
1262	134	1	1	Salacgrīvas novads	LV-086	2025-07-20 21:14:37.516207	2025-07-20 21:14:37.516207
1263	134	1	1	Salaspils novads	LV-087	2025-07-20 21:14:37.516207	2025-07-20 21:14:37.516207
1264	134	1	1	Saldus novads	LV-088	2025-07-20 21:14:37.516207	2025-07-20 21:14:37.516207
1265	134	1	1	Saulkrastu novads	LV-089	2025-07-20 21:14:37.516207	2025-07-20 21:14:37.516207
1266	134	1	1	Sējas novads	LV-090	2025-07-20 21:14:37.516207	2025-07-20 21:14:37.516207
1267	134	1	1	Siguldas novads	LV-091	2025-07-20 21:14:37.516207	2025-07-20 21:14:37.516207
1268	134	1	1	Skrīveru novads	LV-092	2025-07-20 21:14:37.516207	2025-07-20 21:14:37.516207
1269	134	1	1	Skrundas novads	LV-093	2025-07-20 21:14:37.516207	2025-07-20 21:14:37.516207
1270	134	1	1	Smiltenes novads	LV-094	2025-07-20 21:14:37.516207	2025-07-20 21:14:37.516207
1271	134	1	1	Stopiņu novads	LV-095	2025-07-20 21:14:37.516207	2025-07-20 21:14:37.516207
1272	134	1	1	Strenču novads	LV-096	2025-07-20 21:14:37.516207	2025-07-20 21:14:37.516207
1273	134	1	1	Talsu novads	LV-097	2025-07-20 21:14:37.516207	2025-07-20 21:14:37.516207
1274	134	1	1	Tērvetes novads	LV-098	2025-07-20 21:14:37.516207	2025-07-20 21:14:37.516207
1275	134	1	1	Tukuma novads	LV-099	2025-07-20 21:14:37.516207	2025-07-20 21:14:37.516207
1276	134	1	1	Vaiņodes novads	LV-100	2025-07-20 21:14:37.516207	2025-07-20 21:14:37.516207
1277	134	1	1	Valkas novads	LV-101	2025-07-20 21:14:37.516207	2025-07-20 21:14:37.516207
1278	134	1	1	Varakļānu novads	LV-102	2025-07-20 21:14:37.516207	2025-07-20 21:14:37.516207
1279	134	1	1	Vārkavas novads	LV-103	2025-07-20 21:14:37.516207	2025-07-20 21:14:37.516207
1280	134	1	1	Vecpiebalgas novads	LV-104	2025-07-20 21:14:37.516207	2025-07-20 21:14:37.516207
1281	134	1	1	Vecumnieku novads	LV-105	2025-07-20 21:14:37.516207	2025-07-20 21:14:37.516207
1282	134	1	1	Ventspils novads	LV-106	2025-07-20 21:14:37.516207	2025-07-20 21:14:37.516207
1283	134	1	1	Viesītes novads	LV-107	2025-07-20 21:14:37.516207	2025-07-20 21:14:37.516207
1284	134	1	1	Viļakas novads	LV-108	2025-07-20 21:14:37.516207	2025-07-20 21:14:37.516207
1285	134	1	1	Viļānu novads	LV-109	2025-07-20 21:14:37.516207	2025-07-20 21:14:37.516207
1286	134	1	1	Zilupes novads	LV-110	2025-07-20 21:14:37.516207	2025-07-20 21:14:37.516207
1287	134	1	1	Daugavpils	LV-DGV	2025-07-20 21:14:37.516207	2025-07-20 21:14:37.516207
1289	134	1	1	Jēkabpils	LV-JKB	2025-07-20 21:14:37.516207	2025-07-20 21:14:37.516207
1290	134	1	1	Jūrmala	LV-JUR	2025-07-20 21:14:37.516207	2025-07-20 21:14:37.516207
1291	134	1	1	Liepāja	LV-LPX	2025-07-20 21:14:37.516207	2025-07-20 21:14:37.516207
1292	134	1	1	Rēzekne	LV-REZ	2025-07-20 21:14:37.516207	2025-07-20 21:14:37.516207
1293	134	1	1	Rīga	LV-RIX	2025-07-20 21:14:37.516207	2025-07-20 21:14:37.516207
1294	134	1	1	Valmiera	LV-VMR	2025-07-20 21:14:37.516207	2025-07-20 21:14:37.516207
1295	134	1	1	Ventspils	LV-VEN	2025-07-20 21:14:37.516207	2025-07-20 21:14:37.516207
1296	132	1	1	Alytaus apskritis	LT-AL	2025-07-20 21:14:37.516207	2025-07-20 21:14:37.516207
1297	132	1	1	Kauno apskritis	LT-KU	2025-07-20 21:14:37.516207	2025-07-20 21:14:37.516207
1298	132	1	1	Klaipėdos apskritis	LT-KL	2025-07-20 21:14:37.516207	2025-07-20 21:14:37.516207
1299	132	1	1	Marijampolės apskritis	LT-MR	2025-07-20 21:14:37.516207	2025-07-20 21:14:37.516207
1300	132	1	1	Panevėžio apskritis	LT-PN	2025-07-20 21:14:37.516207	2025-07-20 21:14:37.516207
1301	132	1	1	Šiaulių apskritis	LT-SA	2025-07-20 21:14:37.516207	2025-07-20 21:14:37.516207
1302	132	1	1	Tauragės apskritis	LT-TA	2025-07-20 21:14:37.516207	2025-07-20 21:14:37.516207
1303	132	1	1	Telšių apskritis	LT-TE	2025-07-20 21:14:37.516207	2025-07-20 21:14:37.516207
1304	132	1	1	Utenos apskritis	LT-UT	2025-07-20 21:14:37.516207	2025-07-20 21:14:37.516207
1305	132	1	1	Vilniaus apskritis	LT-VL	2025-07-20 21:14:37.516207	2025-07-20 21:14:37.516207
1306	70	1	1	Ahvenanmaa	FI-01	2025-07-20 21:14:37.516207	2025-07-20 21:14:37.516207
1307	70	1	1	Etelä-Karjala	FI-02	2025-07-20 21:14:37.516207	2025-07-20 21:14:37.516207
1308	70	1	1	Etelä-Pohjanmaa	FI-03	2025-07-20 21:14:37.516207	2025-07-20 21:14:37.516207
1309	70	1	1	Etelä-Savo	FI-04	2025-07-20 21:14:37.516207	2025-07-20 21:14:37.516207
1310	70	1	1	Kainuu	FI-05	2025-07-20 21:14:37.516207	2025-07-20 21:14:37.516207
1311	70	1	1	Kanta-Häme	FI-06	2025-07-20 21:14:37.516207	2025-07-20 21:14:37.516207
1312	70	1	1	Keski-Pohjanmaa	FI-07	2025-07-20 21:14:37.516207	2025-07-20 21:14:37.516207
1313	70	1	1	Keski-Suomi	FI-08	2025-07-20 21:14:37.516207	2025-07-20 21:14:37.516207
1314	70	1	1	Kymenlaakso	FI-09	2025-07-20 21:14:37.516207	2025-07-20 21:14:37.516207
1315	70	1	1	Lappi	FI-10	2025-07-20 21:14:37.516207	2025-07-20 21:14:37.516207
1316	70	1	1	Pirkanmaa	FI-11	2025-07-20 21:14:37.516207	2025-07-20 21:14:37.516207
1317	70	1	1	Pohjanmaa	FI-12	2025-07-20 21:14:37.516207	2025-07-20 21:14:37.516207
1318	70	1	1	Pohjois-Karjala	FI-13	2025-07-20 21:14:37.516207	2025-07-20 21:14:37.516207
1319	70	1	1	Pohjois-Pohjanmaa	FI-14	2025-07-20 21:14:37.516207	2025-07-20 21:14:37.516207
1320	70	1	1	Pohjois-Savo	FI-15	2025-07-20 21:14:37.516207	2025-07-20 21:14:37.516207
1321	70	1	1	Päijät-Häme	FI-16	2025-07-20 21:14:37.516207	2025-07-20 21:14:37.516207
1322	70	1	1	Satakunta	FI-17	2025-07-20 21:14:37.516207	2025-07-20 21:14:37.516207
1323	70	1	1	Uusimaa	FI-18	2025-07-20 21:14:37.516207	2025-07-20 21:14:37.516207
1324	70	1	1	Varsinais-Suomi	FI-19	2025-07-20 21:14:37.516207	2025-07-20 21:14:37.516207
1325	196	1	1	Blekinge län	SE-K	2025-07-20 21:14:37.516207	2025-07-20 21:14:37.516207
1326	196	1	1	Dalarnas län	SE-W	2025-07-20 21:14:37.516207	2025-07-20 21:14:37.516207
1327	196	1	1	Gotlands län	SE-I	2025-07-20 21:14:37.516207	2025-07-20 21:14:37.516207
1328	196	1	1	Gävleborgs län	SE-X	2025-07-20 21:14:37.516207	2025-07-20 21:14:37.516207
1329	196	1	1	Hallands län	SE-N	2025-07-20 21:14:37.516207	2025-07-20 21:14:37.516207
1330	196	1	1	Jämtlands län	SE-Z	2025-07-20 21:14:37.516207	2025-07-20 21:14:37.516207
1331	196	1	1	Jönköpings län	SE-F	2025-07-20 21:14:37.516207	2025-07-20 21:14:37.516207
1332	196	1	1	Kalmar län	SE-H	2025-07-20 21:14:37.516207	2025-07-20 21:14:37.516207
1333	196	1	1	Kronobergs län	SE-G	2025-07-20 21:14:37.516207	2025-07-20 21:14:37.516207
1334	196	1	1	Norrbottens län	SE-BD	2025-07-20 21:14:37.516207	2025-07-20 21:14:37.516207
1335	196	1	1	Skåne län	SE-M	2025-07-20 21:14:37.516207	2025-07-20 21:14:37.516207
1336	196	1	1	Stockholms län	SE-AB	2025-07-20 21:14:37.516207	2025-07-20 21:14:37.516207
1337	196	1	1	Södermanlands län	SE-D	2025-07-20 21:14:37.516207	2025-07-20 21:14:37.516207
1338	196	1	1	Uppsala län	SE-C	2025-07-20 21:14:37.516207	2025-07-20 21:14:37.516207
1339	196	1	1	Värmlands län	SE-S	2025-07-20 21:14:37.516207	2025-07-20 21:14:37.516207
1340	196	1	1	Västerbottens län	SE-AC	2025-07-20 21:14:37.516207	2025-07-20 21:14:37.516207
1341	196	1	1	Västernorrlands län	SE-Y	2025-07-20 21:14:37.516207	2025-07-20 21:14:37.516207
1342	196	1	1	Västmanlands län	SE-U	2025-07-20 21:14:37.516207	2025-07-20 21:14:37.516207
1343	196	1	1	Västra Götalands län	SE-O	2025-07-20 21:14:37.516207	2025-07-20 21:14:37.516207
1344	196	1	1	Örebro län	SE-T	2025-07-20 21:14:37.516207	2025-07-20 21:14:37.516207
1345	196	1	1	Östergötlands län	SE-E	2025-07-20 21:14:37.516207	2025-07-20 21:14:37.516207
1347	166	1	1	Innlandet	NO-34	2025-07-20 21:14:37.516207	2025-07-20 21:14:37.516207
1348	166	1	1	Møre og Romsdal	NO-15	2025-07-20 21:14:37.516207	2025-07-20 21:14:37.516207
1349	166	1	1	Nordland	NO-18	2025-07-20 21:14:37.516207	2025-07-20 21:14:37.516207
1350	166	1	1	Oslo	NO-03	2025-07-20 21:14:37.516207	2025-07-20 21:14:37.516207
1351	166	1	1	Rogaland	NO-11	2025-07-20 21:14:37.516207	2025-07-20 21:14:37.516207
1352	166	1	1	Troms og Finnmark / Romsa ja Finnmárku	NO-54	2025-07-20 21:14:37.516207	2025-07-20 21:14:37.516207
1353	166	1	1	Trøndelag	NO-50	2025-07-20 21:14:37.516207	2025-07-20 21:14:37.516207
1354	166	1	1	Vestfold og Telemark	NO-38	2025-07-20 21:14:37.516207	2025-07-20 21:14:37.516207
1355	166	1	1	Vestland	NO-46	2025-07-20 21:14:37.516207	2025-07-20 21:14:37.516207
1356	166	1	1	Viken	NO-30	2025-07-20 21:14:37.516207	2025-07-20 21:14:37.516207
1357	166	1	1	Jan Mayen	NO-22	2025-07-20 21:14:37.516207	2025-07-20 21:14:37.516207
1358	166	1	1	Svalbard	NO-21	2025-07-20 21:14:37.516207	2025-07-20 21:14:37.516207
1359	57	1	1	Baden-Württemberg	DE-BW	2025-07-20 21:14:37.516207	2025-07-20 21:14:37.516207
1360	57	1	1	Bayern	DE-BY	2025-07-20 21:14:37.516207	2025-07-20 21:14:37.516207
1361	57	1	1	Berlin	DE-BE	2025-07-20 21:14:37.516207	2025-07-20 21:14:37.516207
1362	57	1	1	Brandenburg	DE-BB	2025-07-20 21:14:37.516207	2025-07-20 21:14:37.516207
1363	57	1	1	Bremen	DE-HB	2025-07-20 21:14:37.516207	2025-07-20 21:14:37.516207
1364	57	1	1	Hamburg	DE-HH	2025-07-20 21:14:37.516207	2025-07-20 21:14:37.516207
1365	57	1	1	Hessen	DE-HE	2025-07-20 21:14:37.516207	2025-07-20 21:14:37.516207
1366	57	1	1	Mecklenburg-Vorpommern	DE-MV	2025-07-20 21:14:37.516207	2025-07-20 21:14:37.516207
1367	57	1	1	Niedersachsen	DE-NI	2025-07-20 21:14:37.516207	2025-07-20 21:14:37.516207
1368	57	1	1	Nordrhein-Westfalen	DE-NW	2025-07-20 21:14:37.516207	2025-07-20 21:14:37.516207
1369	57	1	1	Rheinland-Pfalz	DE-RP	2025-07-20 21:14:37.516207	2025-07-20 21:14:37.516207
1370	57	1	1	Saarland	DE-SL	2025-07-20 21:14:37.516207	2025-07-20 21:14:37.516207
1371	57	1	1	Sachsen	DE-SN	2025-07-20 21:14:37.516207	2025-07-20 21:14:37.516207
1372	57	1	1	Sachsen-Anhalt	DE-ST	2025-07-20 21:14:37.516207	2025-07-20 21:14:37.516207
1373	57	1	1	Schleswig-Holstein	DE-SH	2025-07-20 21:14:37.516207	2025-07-20 21:14:37.516207
1374	57	1	1	Thüringen	DE-TH	2025-07-20 21:14:37.516207	2025-07-20 21:14:37.516207
1375	63	1	1	Azuay	01	2025-07-20 21:14:37.516207	2025-07-20 21:14:37.516207
1376	63	1	1	Bolivar	02	2025-07-20 21:14:37.516207	2025-07-20 21:14:37.516207
1377	63	1	1	Canar	03	2025-07-20 21:14:37.516207	2025-07-20 21:14:37.516207
1378	63	1	1	Carchi	04	2025-07-20 21:14:37.516207	2025-07-20 21:14:37.516207
1379	63	1	1	Cotopaxi	05	2025-07-20 21:14:37.516207	2025-07-20 21:14:37.516207
1380	63	1	1	Chimborazo	06	2025-07-20 21:14:37.516207	2025-07-20 21:14:37.516207
1381	63	1	1	El Oro	07	2025-07-20 21:14:37.516207	2025-07-20 21:14:37.516207
1382	63	1	1	Esmeraldas	08	2025-07-20 21:14:37.516207	2025-07-20 21:14:37.516207
1383	63	1	1	Guayas	09	2025-07-20 21:14:37.516207	2025-07-20 21:14:37.516207
1384	63	1	1	Imbabura	10	2025-07-20 21:14:37.516207	2025-07-20 21:14:37.516207
1385	63	1	1	Loja	11	2025-07-20 21:14:37.516207	2025-07-20 21:14:37.516207
1386	63	1	1	Los Rios	12	2025-07-20 21:14:37.516207	2025-07-20 21:14:37.516207
1387	63	1	1	Manabi	13	2025-07-20 21:14:37.516207	2025-07-20 21:14:37.516207
1388	63	1	1	Morona Santiago	14	2025-07-20 21:14:37.516207	2025-07-20 21:14:37.516207
1389	63	1	1	Napo	15	2025-07-20 21:14:37.516207	2025-07-20 21:14:37.516207
1390	63	1	1	Pastaza	16	2025-07-20 21:14:37.516207	2025-07-20 21:14:37.516207
1391	63	1	1	Pichincha	17	2025-07-20 21:14:37.516207	2025-07-20 21:14:37.516207
1392	63	1	1	Tungurahua	18	2025-07-20 21:14:37.516207	2025-07-20 21:14:37.516207
1393	63	1	1	Zamora Chinchipe	19	2025-07-20 21:14:37.516207	2025-07-20 21:14:37.516207
1394	63	1	1	Galapagos	20	2025-07-20 21:14:37.516207	2025-07-20 21:14:37.516207
1395	63	1	1	Sucumbios	21	2025-07-20 21:14:37.516207	2025-07-20 21:14:37.516207
1396	63	1	1	Orellana	22	2025-07-20 21:14:37.516207	2025-07-20 21:14:37.516207
1397	63	1	1	Santo Domingo de los Tsachilas	23	2025-07-20 21:14:37.516207	2025-07-20 21:14:37.516207
1398	63	1	1	Santa Elena	24	2025-07-20 21:14:37.516207	2025-07-20 21:14:37.516207
1399	43	1	1	Zürich	ZH	2025-07-20 21:14:37.516207	2025-07-20 21:14:37.516207
1400	43	1	1	Zurigo	ZH-IT	2025-07-20 21:14:37.516207	2025-07-20 21:14:37.516207
1401	43	1	1	Zurich	ZH-FR	2025-07-20 21:14:37.516207	2025-07-20 21:14:37.516207
1402	43	1	1	Bern	BE	2025-07-20 21:14:37.516207	2025-07-20 21:14:37.516207
1403	43	1	1	Berna	BE-IT	2025-07-20 21:14:37.516207	2025-07-20 21:14:37.516207
1404	43	1	1	Berne	BE-FR	2025-07-20 21:14:37.516207	2025-07-20 21:14:37.516207
1405	43	1	1	Luzern	LU	2025-07-20 21:14:37.516207	2025-07-20 21:14:37.516207
1406	43	1	1	Lucerna	LU-IT	2025-07-20 21:14:37.516207	2025-07-20 21:14:37.516207
1407	43	1	1	Lucerne	LU-FR	2025-07-20 21:14:37.516207	2025-07-20 21:14:37.516207
1408	43	1	1	Uri	UR	2025-07-20 21:14:37.516207	2025-07-20 21:14:37.516207
1409	43	1	1	Schwyz	SZ	2025-07-20 21:14:37.516207	2025-07-20 21:14:37.516207
1410	43	1	1	Svitto	SZ-IT	2025-07-20 21:14:37.516207	2025-07-20 21:14:37.516207
1411	43	1	1	Obwalden	OW	2025-07-20 21:14:37.516207	2025-07-20 21:14:37.516207
1412	43	1	1	Obvaldo	OW-IT	2025-07-20 21:14:37.516207	2025-07-20 21:14:37.516207
1413	43	1	1	Obwald	OW-FR	2025-07-20 21:14:37.516207	2025-07-20 21:14:37.516207
1414	43	1	1	Nidwalden	NW	2025-07-20 21:14:37.516207	2025-07-20 21:14:37.516207
1415	43	1	1	Nidvaldo	NW-IT	2025-07-20 21:14:37.516207	2025-07-20 21:14:37.516207
1416	43	1	1	Nidwald	NW-FR	2025-07-20 21:14:37.516207	2025-07-20 21:14:37.516207
1417	43	1	1	Glarus	GL	2025-07-20 21:14:37.516207	2025-07-20 21:14:37.516207
1418	43	1	1	Glanora	GL-IT	2025-07-20 21:14:37.516207	2025-07-20 21:14:37.516207
1419	43	1	1	Glaris	GL-FR	2025-07-20 21:14:37.516207	2025-07-20 21:14:37.516207
1420	43	1	1	Zug	ZG	2025-07-20 21:14:37.516207	2025-07-20 21:14:37.516207
1421	43	1	1	Zugo	ZG-IT	2025-07-20 21:14:37.516207	2025-07-20 21:14:37.516207
1422	43	1	1	Zoug	ZG-FR	2025-07-20 21:14:37.516207	2025-07-20 21:14:37.516207
1423	43	1	1	Freiburg	FR	2025-07-20 21:14:37.516207	2025-07-20 21:14:37.516207
1424	43	1	1	Friburgo	FR-IT	2025-07-20 21:14:37.516207	2025-07-20 21:14:37.516207
1425	43	1	1	Fribourg	FR-FR	2025-07-20 21:14:37.516207	2025-07-20 21:14:37.516207
1426	43	1	1	Solothurn	SO	2025-07-20 21:14:37.516207	2025-07-20 21:14:37.516207
1427	43	1	1	Soletta	SO-IT	2025-07-20 21:14:37.516207	2025-07-20 21:14:37.516207
1428	43	1	1	Soleure	SO-FR	2025-07-20 21:14:37.516207	2025-07-20 21:14:37.516207
1429	43	1	1	Basel-Stadt	BS	2025-07-20 21:14:37.516207	2025-07-20 21:14:37.516207
1430	43	1	1	Basilea-Città	BS-IT	2025-07-20 21:14:37.516207	2025-07-20 21:14:37.516207
1431	43	1	1	Bâle-Ville	BS-FR	2025-07-20 21:14:37.516207	2025-07-20 21:14:37.516207
1432	43	1	1	Basel-Landschaft	BL	2025-07-20 21:14:37.516207	2025-07-20 21:14:37.516207
1433	43	1	1	Basilea-Campagna	BL-IT	2025-07-20 21:14:37.516207	2025-07-20 21:14:37.516207
1434	43	1	1	Bâle-Campagne	BL-FR	2025-07-20 21:14:37.516207	2025-07-20 21:14:37.516207
1435	43	1	1	Schaffhausen	SH	2025-07-20 21:14:37.516207	2025-07-20 21:14:37.516207
1436	43	1	1	Sciaffusa	SH-IT	2025-07-20 21:14:37.516207	2025-07-20 21:14:37.516207
1437	43	1	1	Schaffhouse	SH-FR	2025-07-20 21:14:37.516207	2025-07-20 21:14:37.516207
1438	43	1	1	Appenzell Ausserrhoden	AR	2025-07-20 21:14:37.516207	2025-07-20 21:14:37.516207
1439	43	1	1	Appenzello Esterno	AR-IT	2025-07-20 21:14:37.516207	2025-07-20 21:14:37.516207
1440	43	1	1	Appenzell Rhodes-Extérieures	AR-FR	2025-07-20 21:14:37.516207	2025-07-20 21:14:37.516207
1441	43	1	1	Appenzell Innerrhoden	AI	2025-07-20 21:14:37.516207	2025-07-20 21:14:37.516207
1442	43	1	1	Appenzello Interno	AI-IT	2025-07-20 21:14:37.516207	2025-07-20 21:14:37.516207
1443	43	1	1	Appenzell Rhodes-Intérieures	AI-FR	2025-07-20 21:14:37.516207	2025-07-20 21:14:37.516207
1444	43	1	1	St. Gallen	SG	2025-07-20 21:14:37.516207	2025-07-20 21:14:37.516207
1445	43	1	1	San Gallo	SG-IT	2025-07-20 21:14:37.516207	2025-07-20 21:14:37.516207
1446	43	1	1	Saint-Gall	SG-FR	2025-07-20 21:14:37.516207	2025-07-20 21:14:37.516207
1447	43	1	1	Graubünden	GR	2025-07-20 21:14:37.516207	2025-07-20 21:14:37.516207
1448	43	1	1	Grigioni	GR-IT	2025-07-20 21:14:37.516207	2025-07-20 21:14:37.516207
1449	43	1	1	Grisons	GR-FR	2025-07-20 21:14:37.516207	2025-07-20 21:14:37.516207
1450	43	1	1	Aargau	AG	2025-07-20 21:14:37.516207	2025-07-20 21:14:37.516207
1451	43	1	1	Argovia	AG-IT	2025-07-20 21:14:37.516207	2025-07-20 21:14:37.516207
1452	43	1	1	Argovie	AG-FR	2025-07-20 21:14:37.516207	2025-07-20 21:14:37.516207
1453	43	1	1	Thurgau	TG	2025-07-20 21:14:37.516207	2025-07-20 21:14:37.516207
1454	43	1	1	Turgovia	TG-IT	2025-07-20 21:14:37.516207	2025-07-20 21:14:37.516207
1455	43	1	1	Thurgovie	TG-FR	2025-07-20 21:14:37.516207	2025-07-20 21:14:37.516207
1456	43	1	1	Tessin	TI	2025-07-20 21:14:37.516207	2025-07-20 21:14:37.516207
1457	43	1	1	Ticino	TI-IT	2025-07-20 21:14:37.516207	2025-07-20 21:14:37.516207
1458	43	1	1	Waadt	VD	2025-07-20 21:14:37.516207	2025-07-20 21:14:37.516207
1459	43	1	1	Vaud	VD-FR	2025-07-20 21:14:37.516207	2025-07-20 21:14:37.516207
1460	43	1	1	Wallis	VS	2025-07-20 21:14:37.516207	2025-07-20 21:14:37.516207
1461	43	1	1	Vallese	VS-IT	2025-07-20 21:14:37.516207	2025-07-20 21:14:37.516207
1462	43	1	1	Valais	VS-FR	2025-07-20 21:14:37.516207	2025-07-20 21:14:37.516207
1463	43	1	1	Neuenburg	NE	2025-07-20 21:14:37.516207	2025-07-20 21:14:37.516207
1464	43	1	1	Neuchâtel	NE-FR	2025-07-20 21:14:37.516207	2025-07-20 21:14:37.516207
1465	43	1	1	Genf	GE	2025-07-20 21:14:37.516207	2025-07-20 21:14:37.516207
1466	43	1	1	Ginevra	GE-IT	2025-07-20 21:14:37.516207	2025-07-20 21:14:37.516207
1467	43	1	1	Genève	GE-FR	2025-07-20 21:14:37.516207	2025-07-20 21:14:37.516207
1468	43	1	1	Jura	JU	2025-07-20 21:14:37.516207	2025-07-20 21:14:37.516207
1469	43	1	1	Giura	JU-IT	2025-07-20 21:14:37.516207	2025-07-20 21:14:37.516207
1470	217	1	1	Bangkok	TH-10	2025-07-20 21:14:37.516207	2025-07-20 21:14:37.516207
1471	217	1	1	Amnat Charoen	TH-37	2025-07-20 21:14:37.516207	2025-07-20 21:14:37.516207
1472	217	1	1	Ang Thong	TH-15	2025-07-20 21:14:37.516207	2025-07-20 21:14:37.516207
1473	217	1	1	Bueng Kan	TH-38	2025-07-20 21:14:37.516207	2025-07-20 21:14:37.516207
1474	217	1	1	Buriram	TH-31	2025-07-20 21:14:37.516207	2025-07-20 21:14:37.516207
1475	217	1	1	Chachoengsao	TH-24	2025-07-20 21:14:37.516207	2025-07-20 21:14:37.516207
1476	217	1	1	Chai Nat	TH-18	2025-07-20 21:14:37.516207	2025-07-20 21:14:37.516207
1477	217	1	1	Chaiyaphum	TH-36	2025-07-20 21:14:37.516207	2025-07-20 21:14:37.516207
1478	217	1	1	Chanthaburi	TH-22	2025-07-20 21:14:37.516207	2025-07-20 21:14:37.516207
1479	217	1	1	Chiang Mai	TH-50	2025-07-20 21:14:37.516207	2025-07-20 21:14:37.516207
1480	217	1	1	Chiang Rai	TH-57	2025-07-20 21:14:37.516207	2025-07-20 21:14:37.516207
1481	217	1	1	Chonburi	TH-20	2025-07-20 21:14:37.516207	2025-07-20 21:14:37.516207
1482	217	1	1	Chumphon	TH-86	2025-07-20 21:14:37.516207	2025-07-20 21:14:37.516207
1483	217	1	1	Kalasin	TH-46	2025-07-20 21:14:37.516207	2025-07-20 21:14:37.516207
1484	217	1	1	Kamphaeng Phet	TH-62	2025-07-20 21:14:37.516207	2025-07-20 21:14:37.516207
1485	217	1	1	Kanchanaburi	TH-71	2025-07-20 21:14:37.516207	2025-07-20 21:14:37.516207
1486	217	1	1	Khon Kaen	TH-40	2025-07-20 21:14:37.516207	2025-07-20 21:14:37.516207
1487	217	1	1	Krabi	TH-81	2025-07-20 21:14:37.516207	2025-07-20 21:14:37.516207
1488	217	1	1	Lampang	TH-52	2025-07-20 21:14:37.516207	2025-07-20 21:14:37.516207
1489	217	1	1	Lamphun	TH-51	2025-07-20 21:14:37.516207	2025-07-20 21:14:37.516207
1490	217	1	1	Loei	TH-42	2025-07-20 21:14:37.516207	2025-07-20 21:14:37.516207
1491	217	1	1	Lopburi	TH-16	2025-07-20 21:14:37.516207	2025-07-20 21:14:37.516207
1492	217	1	1	Mae Hong Son	TH-58	2025-07-20 21:14:37.516207	2025-07-20 21:14:37.516207
1493	217	1	1	Maha Sarakham	TH-44	2025-07-20 21:14:37.516207	2025-07-20 21:14:37.516207
1494	217	1	1	Mukdahan	TH-49	2025-07-20 21:14:37.516207	2025-07-20 21:14:37.516207
1495	217	1	1	Nakhon Nayok	TH-26	2025-07-20 21:14:37.516207	2025-07-20 21:14:37.516207
1496	217	1	1	Nakhon Pathom	TH-73	2025-07-20 21:14:37.516207	2025-07-20 21:14:37.516207
1497	217	1	1	Nakhon Phanom	TH-48	2025-07-20 21:14:37.516207	2025-07-20 21:14:37.516207
1498	217	1	1	Nakhon Ratchasima	TH-30	2025-07-20 21:14:37.516207	2025-07-20 21:14:37.516207
1499	217	1	1	Nakhon Sawan	TH-60	2025-07-20 21:14:37.516207	2025-07-20 21:14:37.516207
1500	217	1	1	Nakhon Si Thammarat	TH-80	2025-07-20 21:14:37.516207	2025-07-20 21:14:37.516207
1501	217	1	1	Nan	TH-55	2025-07-20 21:14:37.516207	2025-07-20 21:14:37.516207
1502	217	1	1	Narathiwat	TH-96	2025-07-20 21:14:37.516207	2025-07-20 21:14:37.516207
1503	217	1	1	Nong Bua Lamphu	TH-39	2025-07-20 21:14:37.516207	2025-07-20 21:14:37.516207
1504	217	1	1	Nong Khai	TH-43	2025-07-20 21:14:37.516207	2025-07-20 21:14:37.516207
1505	217	1	1	Nonthaburi	TH-12	2025-07-20 21:14:37.516207	2025-07-20 21:14:37.516207
1506	217	1	1	Pathum Thani	TH-13	2025-07-20 21:14:37.516207	2025-07-20 21:14:37.516207
1507	217	1	1	Pattani	TH-94	2025-07-20 21:14:37.516207	2025-07-20 21:14:37.516207
1508	217	1	1	Phang Nga	TH-82	2025-07-20 21:14:37.516207	2025-07-20 21:14:37.516207
1509	217	1	1	Phatthalung	TH-93	2025-07-20 21:14:37.516207	2025-07-20 21:14:37.516207
1510	217	1	1	Phayao	TH-56	2025-07-20 21:14:37.516207	2025-07-20 21:14:37.516207
1511	217	1	1	Phetchabun	TH-67	2025-07-20 21:14:37.516207	2025-07-20 21:14:37.516207
1512	217	1	1	Phetchaburi	TH-76	2025-07-20 21:14:37.516207	2025-07-20 21:14:37.516207
1513	217	1	1	Phichit	TH-66	2025-07-20 21:14:37.516207	2025-07-20 21:14:37.516207
1514	217	1	1	Phitsanulok	TH-65	2025-07-20 21:14:37.516207	2025-07-20 21:14:37.516207
1515	217	1	1	Phra Nakhon Si Ayutthaya	TH-14	2025-07-20 21:14:37.516207	2025-07-20 21:14:37.516207
1516	217	1	1	Phrae	TH-54	2025-07-20 21:14:37.516207	2025-07-20 21:14:37.516207
1517	217	1	1	Phuket	TH-83	2025-07-20 21:14:37.516207	2025-07-20 21:14:37.516207
1518	217	1	1	Prachinburi	TH-25	2025-07-20 21:14:37.516207	2025-07-20 21:14:37.516207
1519	217	1	1	Prachuap Khiri Khan	TH-77	2025-07-20 21:14:37.516207	2025-07-20 21:14:37.516207
1520	217	1	1	Ranong	TH-85	2025-07-20 21:14:37.516207	2025-07-20 21:14:37.516207
1521	217	1	1	Ratchaburi	TH-70	2025-07-20 21:14:37.516207	2025-07-20 21:14:37.516207
1522	217	1	1	Rayong	TH-21	2025-07-20 21:14:37.516207	2025-07-20 21:14:37.516207
1523	217	1	1	Roi Et	TH-45	2025-07-20 21:14:37.516207	2025-07-20 21:14:37.516207
1524	217	1	1	Sa Kaeo	TH-27	2025-07-20 21:14:37.516207	2025-07-20 21:14:37.516207
1525	217	1	1	Sakon Nakhon	TH-47	2025-07-20 21:14:37.516207	2025-07-20 21:14:37.516207
1526	217	1	1	Samut Prakan	TH-11	2025-07-20 21:14:37.516207	2025-07-20 21:14:37.516207
1527	217	1	1	Samut Sakhon	TH-74	2025-07-20 21:14:37.516207	2025-07-20 21:14:37.516207
1528	217	1	1	Samut Songkhram	TH-75	2025-07-20 21:14:37.516207	2025-07-20 21:14:37.516207
1529	217	1	1	Saraburi	TH-19	2025-07-20 21:14:37.516207	2025-07-20 21:14:37.516207
1530	217	1	1	Satun	TH-91	2025-07-20 21:14:37.516207	2025-07-20 21:14:37.516207
1531	217	1	1	Sing Buri	TH-17	2025-07-20 21:14:37.516207	2025-07-20 21:14:37.516207
1532	217	1	1	Sisaket	TH-33	2025-07-20 21:14:37.516207	2025-07-20 21:14:37.516207
1533	217	1	1	Songkhla	TH-90	2025-07-20 21:14:37.516207	2025-07-20 21:14:37.516207
1534	217	1	1	Sukhothai	TH-64	2025-07-20 21:14:37.516207	2025-07-20 21:14:37.516207
1535	217	1	1	Suphan Buri	TH-72	2025-07-20 21:14:37.516207	2025-07-20 21:14:37.516207
1536	217	1	1	Surat Thani	TH-84	2025-07-20 21:14:37.516207	2025-07-20 21:14:37.516207
1537	217	1	1	Surin	TH-32	2025-07-20 21:14:37.516207	2025-07-20 21:14:37.516207
1538	217	1	1	Tak	TH-63	2025-07-20 21:14:37.516207	2025-07-20 21:14:37.516207
1539	217	1	1	Trang	TH-92	2025-07-20 21:14:37.516207	2025-07-20 21:14:37.516207
1540	217	1	1	Trat	TH-23	2025-07-20 21:14:37.516207	2025-07-20 21:14:37.516207
1541	217	1	1	Ubon Ratchathani	TH-34	2025-07-20 21:14:37.516207	2025-07-20 21:14:37.516207
1542	217	1	1	Udon Thani	TH-41	2025-07-20 21:14:37.516207	2025-07-20 21:14:37.516207
1543	217	1	1	Uthai Thani	TH-61	2025-07-20 21:14:37.516207	2025-07-20 21:14:37.516207
1544	217	1	1	Uttaradit	TH-53	2025-07-20 21:14:37.516207	2025-07-20 21:14:37.516207
1545	217	1	1	Yala	TH-95	2025-07-20 21:14:37.516207	2025-07-20 21:14:37.516207
1546	217	1	1	Yasothon	TH-35	2025-07-20 21:14:37.516207	2025-07-20 21:14:37.516207
1547	192	1	1	Abha	AHB	2025-07-20 21:14:37.516207	2025-07-20 21:14:37.516207
1548	192	1	1	Abqaiq	ABQ	2025-07-20 21:14:37.516207	2025-07-20 21:14:37.516207
1549	192	1	1	Ad Dammam	DMM	2025-07-20 21:14:37.516207	2025-07-20 21:14:37.516207
1550	192	1	1	Ad Dawadami	DAW	2025-07-20 21:14:37.516207	2025-07-20 21:14:37.516207
1551	192	1	1	Al Baha	ABT	2025-07-20 21:14:37.516207	2025-07-20 21:14:37.516207
1552	192	1	1	Al Bahah	BAH	2025-07-20 21:14:37.516207	2025-07-20 21:14:37.516207
1553	192	1	1	Al Hada	AHA	2025-07-20 21:14:37.516207	2025-07-20 21:14:37.516207
1554	192	1	1	Al Hadithah	HAD	2025-07-20 21:14:37.516207	2025-07-20 21:14:37.516207
1555	192	1	1	Al Hasa	ALH	2025-07-20 21:14:37.516207	2025-07-20 21:14:37.516207
1556	192	1	1	Al Jawf	LJW	2025-07-20 21:14:37.516207	2025-07-20 21:14:37.516207
1557	192	1	1	Al Jubayl Industrial City	JBI	2025-07-20 21:14:37.516207	2025-07-20 21:14:37.516207
1558	192	1	1	Al Kharj	AKH	2025-07-20 21:14:37.516207	2025-07-20 21:14:37.516207
1559	192	1	1	Al Khobar	AQK	2025-07-20 21:14:37.516207	2025-07-20 21:14:37.516207
1560	192	1	1	Al Khobar	ALK	2025-07-20 21:14:37.516207	2025-07-20 21:14:37.516207
1561	192	1	1	Al Khuraibah	KHU	2025-07-20 21:14:37.516207	2025-07-20 21:14:37.516207
1562	192	1	1	Al Muajjiz	AMU	2025-07-20 21:14:37.516207	2025-07-20 21:14:37.516207
1563	192	1	1	Al Qahmah	QAH	2025-07-20 21:14:37.516207	2025-07-20 21:14:37.516207
1564	192	1	1	Al Qunfudah	QUN	2025-07-20 21:14:37.516207	2025-07-20 21:14:37.516207
1565	192	1	1	Al Qurainah	QRN	2025-07-20 21:14:37.516207	2025-07-20 21:14:37.516207
1566	192	1	1	Al Shuqaiq	ASQ	2025-07-20 21:14:37.516207	2025-07-20 21:14:37.516207
1567	192	1	1	Al 'Uthmaniyah	AUT	2025-07-20 21:14:37.516207	2025-07-20 21:14:37.516207
1568	192	1	1	Ar Rass	ARR	2025-07-20 21:14:37.516207	2025-07-20 21:14:37.516207
1569	192	1	1	Arar	RAE	2025-07-20 21:14:37.516207	2025-07-20 21:14:37.516207
1570	192	1	1	Asfan	ASF	2025-07-20 21:14:37.516207	2025-07-20 21:14:37.516207
1571	192	1	1	Badanah	BDN	2025-07-20 21:14:37.516207	2025-07-20 21:14:37.516207
1572	192	1	1	Bisha	BHH	2025-07-20 21:14:37.516207	2025-07-20 21:14:37.516207
1573	192	1	1	Buraydah	BRU	2025-07-20 21:14:37.516207	2025-07-20 21:14:37.516207
1574	192	1	1	Buraydah	BUR	2025-07-20 21:14:37.516207	2025-07-20 21:14:37.516207
1575	192	1	1	Dhahran	DHA	2025-07-20 21:14:37.516207	2025-07-20 21:14:37.516207
1576	192	1	1	Dhuba	DHU	2025-07-20 21:14:37.516207	2025-07-20 21:14:37.516207
1577	192	1	1	Fiji	FJJ	2025-07-20 21:14:37.516207	2025-07-20 21:14:37.516207
1578	192	1	1	Gassim	ELQ	2025-07-20 21:14:37.516207	2025-07-20 21:14:37.516207
1579	192	1	1	Gurayat	URY	2025-07-20 21:14:37.516207	2025-07-20 21:14:37.516207
1580	192	1	1	Hafar al Batin	HBT	2025-07-20 21:14:37.516207	2025-07-20 21:14:37.516207
1581	192	1	1	Hail	HAS	2025-07-20 21:14:37.516207	2025-07-20 21:14:37.516207
1582	192	1	1	Harad	RAD	2025-07-20 21:14:37.516207	2025-07-20 21:14:37.516207
1583	192	1	1	Hazm Al Jalamid	HZM	2025-07-20 21:14:37.516207	2025-07-20 21:14:37.516207
1584	192	1	1	Hofuf	HOF	2025-07-20 21:14:37.516207	2025-07-20 21:14:37.516207
1585	192	1	1	Jazan Economic City	JEC	2025-07-20 21:14:37.516207	2025-07-20 21:14:37.516207
1586	192	1	1	Jeddah	JED	2025-07-20 21:14:37.516207	2025-07-20 21:14:37.516207
1587	192	1	1	Jeddah Industrial City 2 & 3	JIC	2025-07-20 21:14:37.516207	2025-07-20 21:14:37.516207
1588	192	1	1	Jeddah Yachts Club Port	JYC	2025-07-20 21:14:37.516207	2025-07-20 21:14:37.516207
1589	192	1	1	Jizan	GIZ	2025-07-20 21:14:37.516207	2025-07-20 21:14:37.516207
1590	192	1	1	Jouf	AJF	2025-07-20 21:14:37.516207	2025-07-20 21:14:37.516207
1591	192	1	1	Juaymah Terminal	JUT	2025-07-20 21:14:37.516207	2025-07-20 21:14:37.516207
1592	192	1	1	Jubail	JUB	2025-07-20 21:14:37.516207	2025-07-20 21:14:37.516207
1593	192	1	1	Khamis Mushayt	KMX	2025-07-20 21:14:37.516207	2025-07-20 21:14:37.516207
1594	192	1	1	King Abdullah City	KAC	2025-07-20 21:14:37.516207	2025-07-20 21:14:37.516207
1595	192	1	1	King Fhad	KFH	2025-07-20 21:14:37.516207	2025-07-20 21:14:37.516207
1596	192	1	1	King Khalid	KKH	2025-07-20 21:14:37.516207	2025-07-20 21:14:37.516207
1597	192	1	1	Lith	LIT	2025-07-20 21:14:37.516207	2025-07-20 21:14:37.516207
1598	192	1	1	Madinah	MED	2025-07-20 21:14:37.516207	2025-07-20 21:14:37.516207
1599	192	1	1	Majma	MJH	2025-07-20 21:14:37.516207	2025-07-20 21:14:37.516207
1600	192	1	1	Makkah	MAK	2025-07-20 21:14:37.516207	2025-07-20 21:14:37.516207
1601	192	1	1	Manailih	MAN	2025-07-20 21:14:37.516207	2025-07-20 21:14:37.516207
1602	192	1	1	Manfouha	MUF	2025-07-20 21:14:37.516207	2025-07-20 21:14:37.516207
1603	192	1	1	Muhayil	MHY	2025-07-20 21:14:37.516207	2025-07-20 21:14:37.516207
1604	192	1	1	Najran	NJN	2025-07-20 21:14:37.516207	2025-07-20 21:14:37.516207
1605	192	1	1	Nejran	EAM	2025-07-20 21:14:37.516207	2025-07-20 21:14:37.516207
1606	192	1	1	Qaisumah	AQI	2025-07-20 21:14:37.516207	2025-07-20 21:14:37.516207
1607	192	1	1	Qalsn	QAL	2025-07-20 21:14:37.516207	2025-07-20 21:14:37.516207
1608	192	1	1	Qatif	QTF	2025-07-20 21:14:37.516207	2025-07-20 21:14:37.516207
1609	192	1	1	Qurayyah	QUR	2025-07-20 21:14:37.516207	2025-07-20 21:14:37.516207
1610	192	1	1	Rabigh	RAB	2025-07-20 21:14:37.516207	2025-07-20 21:14:37.516207
1611	192	1	1	Rafha	RAH	2025-07-20 21:14:37.516207	2025-07-20 21:14:37.516207
1612	192	1	1	Ras al Khafji	RAR	2025-07-20 21:14:37.516207	2025-07-20 21:14:37.516207
1613	192	1	1	Ras al Mishab	RAM	2025-07-20 21:14:37.516207	2025-07-20 21:14:37.516207
1614	192	1	1	Ras Al-Khair	RAZ	2025-07-20 21:14:37.516207	2025-07-20 21:14:37.516207
1615	192	1	1	Ras Tanura	RTA	2025-07-20 21:14:37.516207	2025-07-20 21:14:37.516207
1616	192	1	1	Riyadh	RUH	2025-07-20 21:14:37.516207	2025-07-20 21:14:37.516207
1617	192	1	1	Riyadh Dry Port	RYP	2025-07-20 21:14:37.516207	2025-07-20 21:14:37.516207
1618	192	1	1	Safaniya	SAF	2025-07-20 21:14:37.516207	2025-07-20 21:14:37.516207
1619	192	1	1	Salboukh	SUH	2025-07-20 21:14:37.516207	2025-07-20 21:14:37.516207
1620	192	1	1	Salwá	SAL	2025-07-20 21:14:37.516207	2025-07-20 21:14:37.516207
1621	192	1	1	Sayhat	SAY	2025-07-20 21:14:37.516207	2025-07-20 21:14:37.516207
1622	192	1	1	Shadqam	SHD	2025-07-20 21:14:37.516207	2025-07-20 21:14:37.516207
1623	192	1	1	Sharurah	SHW	2025-07-20 21:14:37.516207	2025-07-20 21:14:37.516207
1624	192	1	1	Shuaibah	SHU	2025-07-20 21:14:37.516207	2025-07-20 21:14:37.516207
1625	192	1	1	Sulayel	SLF	2025-07-20 21:14:37.516207	2025-07-20 21:14:37.516207
1626	192	1	1	Tabuk	TUU	2025-07-20 21:14:37.516207	2025-07-20 21:14:37.516207
1627	192	1	1	Taif	TIF	2025-07-20 21:14:37.516207	2025-07-20 21:14:37.516207
1628	192	1	1	Turaif	TUI	2025-07-20 21:14:37.516207	2025-07-20 21:14:37.516207
1629	192	1	1	Tusdeer Free Zone	TFZ	2025-07-20 21:14:37.516207	2025-07-20 21:14:37.516207
1630	192	1	1	Udhailiyah	UDH	2025-07-20 21:14:37.516207	2025-07-20 21:14:37.516207
1631	192	1	1	Umm Lajj	VLA	2025-07-20 21:14:37.516207	2025-07-20 21:14:37.516207
1632	192	1	1	Unayzah	UZH	2025-07-20 21:14:37.516207	2025-07-20 21:14:37.516207
1633	192	1	1	Wadi ad Dawasir	WAE	2025-07-20 21:14:37.516207	2025-07-20 21:14:37.516207
1634	192	1	1	Waisumah	AWI	2025-07-20 21:14:37.516207	2025-07-20 21:14:37.516207
1635	192	1	1	Wedjh	EJH	2025-07-20 21:14:37.516207	2025-07-20 21:14:37.516207
1636	192	1	1	Yanbu commercial city	YNB	2025-07-20 21:14:37.516207	2025-07-20 21:14:37.516207
1637	192	1	1	Yanbu Industrial City	YBI	2025-07-20 21:14:37.516207	2025-07-20 21:14:37.516207
1638	192	1	1	Zilfi	ZUL	2025-07-20 21:14:37.516207	2025-07-20 21:14:37.516207
1639	192	1	1	Zulayfayn	ZUY	2025-07-20 21:14:37.516207	2025-07-20 21:14:37.516207
1640	234	1	1	Artigas	AR	2025-07-20 21:14:37.516207	2025-07-20 21:14:37.516207
1641	234	1	1	Canelones	CA	2025-07-20 21:14:37.516207	2025-07-20 21:14:37.516207
1642	234	1	1	Cerro Largo	CL	2025-07-20 21:14:37.516207	2025-07-20 21:14:37.516207
1643	234	1	1	Colonia	CO	2025-07-20 21:14:37.516207	2025-07-20 21:14:37.516207
1644	234	1	1	Durazno	DU	2025-07-20 21:14:37.516207	2025-07-20 21:14:37.516207
1645	234	1	1	Flores	FS	2025-07-20 21:14:37.516207	2025-07-20 21:14:37.516207
1646	234	1	1	Florida	FD	2025-07-20 21:14:37.516207	2025-07-20 21:14:37.516207
1647	234	1	1	Lavalleja	LA	2025-07-20 21:14:37.516207	2025-07-20 21:14:37.516207
1648	234	1	1	Maldonado	MA	2025-07-20 21:14:37.516207	2025-07-20 21:14:37.516207
1649	234	1	1	Montevideo	MO	2025-07-20 21:14:37.516207	2025-07-20 21:14:37.516207
1650	234	1	1	Paysandú	PA	2025-07-20 21:14:37.516207	2025-07-20 21:14:37.516207
1651	234	1	1	Río Negro	RN	2025-07-20 21:14:37.516207	2025-07-20 21:14:37.516207
1652	234	1	1	Rivera	RV	2025-07-20 21:14:37.516207	2025-07-20 21:14:37.516207
1653	234	1	1	Rocha	RO	2025-07-20 21:14:37.516207	2025-07-20 21:14:37.516207
1654	234	1	1	Salto	SA	2025-07-20 21:14:37.516207	2025-07-20 21:14:37.516207
1655	234	1	1	San José	SJ	2025-07-20 21:14:37.516207	2025-07-20 21:14:37.516207
1656	234	1	1	Soriano	SO	2025-07-20 21:14:37.516207	2025-07-20 21:14:37.516207
1657	234	1	1	Tacuarembó	TA	2025-07-20 21:14:37.516207	2025-07-20 21:14:37.516207
1658	234	1	1	Treinta y Tres	TT	2025-07-20 21:14:37.516207	2025-07-20 21:14:37.516207
1659	94	1	1	Hong Kong Island	HK	2025-07-20 21:14:37.516207	2025-07-20 21:14:37.516207
1660	94	1	1	Kowloon	KLN	2025-07-20 21:14:37.516207	2025-07-20 21:14:37.516207
1661	94	1	1	New Territories	NT	2025-07-20 21:14:37.516207	2025-07-20 21:14:37.516207
1662	114	1	1	Baringo	KE-01	2025-07-20 21:14:37.516207	2025-07-20 21:14:37.516207
1663	114	1	1	Bomet	KE-02	2025-07-20 21:14:37.516207	2025-07-20 21:14:37.516207
1664	114	1	1	Bungoma	KE-03	2025-07-20 21:14:37.516207	2025-07-20 21:14:37.516207
1665	114	1	1	Busia	KE-04	2025-07-20 21:14:37.516207	2025-07-20 21:14:37.516207
1666	114	1	1	Elgeyo/Marakwet	KE-05	2025-07-20 21:14:37.516207	2025-07-20 21:14:37.516207
1667	114	1	1	Embu	KE-06	2025-07-20 21:14:37.516207	2025-07-20 21:14:37.516207
1668	114	1	1	Garissa	KE-07	2025-07-20 21:14:37.516207	2025-07-20 21:14:37.516207
1669	114	1	1	Homa Bay	KE-08	2025-07-20 21:14:37.516207	2025-07-20 21:14:37.516207
1670	114	1	1	Isiolo	KE-09	2025-07-20 21:14:37.516207	2025-07-20 21:14:37.516207
1671	114	1	1	Kajiado	KE-10	2025-07-20 21:14:37.516207	2025-07-20 21:14:37.516207
1672	114	1	1	Kakamega	KE-11	2025-07-20 21:14:37.516207	2025-07-20 21:14:37.516207
1673	114	1	1	Kericho	KE-12	2025-07-20 21:14:37.516207	2025-07-20 21:14:37.516207
1674	114	1	1	Kiambu	KE-13	2025-07-20 21:14:37.516207	2025-07-20 21:14:37.516207
1675	114	1	1	Kilifi	KE-14	2025-07-20 21:14:37.516207	2025-07-20 21:14:37.516207
1676	114	1	1	Kirinyaga	KE-15	2025-07-20 21:14:37.516207	2025-07-20 21:14:37.516207
1677	114	1	1	Kisii	KE-16	2025-07-20 21:14:37.516207	2025-07-20 21:14:37.516207
1678	114	1	1	Kisumu	KE-17	2025-07-20 21:14:37.516207	2025-07-20 21:14:37.516207
1679	114	1	1	Kitui	KE-18	2025-07-20 21:14:37.516207	2025-07-20 21:14:37.516207
1680	114	1	1	Kwale	KE-19	2025-07-20 21:14:37.516207	2025-07-20 21:14:37.516207
1681	114	1	1	Laikipia	KE-20	2025-07-20 21:14:37.516207	2025-07-20 21:14:37.516207
1682	114	1	1	Lamu	KE-21	2025-07-20 21:14:37.516207	2025-07-20 21:14:37.516207
1683	114	1	1	Machakos	KE-22	2025-07-20 21:14:37.516207	2025-07-20 21:14:37.516207
1684	114	1	1	Makueni	KE-23	2025-07-20 21:14:37.516207	2025-07-20 21:14:37.516207
1685	114	1	1	Mandera	KE-24	2025-07-20 21:14:37.516207	2025-07-20 21:14:37.516207
1686	114	1	1	Marsabit	KE-25	2025-07-20 21:14:37.516207	2025-07-20 21:14:37.516207
1687	114	1	1	Meru	KE-26	2025-07-20 21:14:37.516207	2025-07-20 21:14:37.516207
1688	114	1	1	Migori	KE-27	2025-07-20 21:14:37.516207	2025-07-20 21:14:37.516207
1689	114	1	1	Mombasa	KE-28	2025-07-20 21:14:37.516207	2025-07-20 21:14:37.516207
1690	114	1	1	Murang'a	KE-29	2025-07-20 21:14:37.516207	2025-07-20 21:14:37.516207
1691	114	1	1	Nairobi City	KE-30	2025-07-20 21:14:37.516207	2025-07-20 21:14:37.516207
1692	114	1	1	Nakuru	KE-31	2025-07-20 21:14:37.516207	2025-07-20 21:14:37.516207
1693	114	1	1	Nandi	KE-32	2025-07-20 21:14:37.516207	2025-07-20 21:14:37.516207
1694	114	1	1	Narok	KE-33	2025-07-20 21:14:37.516207	2025-07-20 21:14:37.516207
1695	114	1	1	Nyamira	KE-34	2025-07-20 21:14:37.516207	2025-07-20 21:14:37.516207
1696	114	1	1	Nyandarua	KE-35	2025-07-20 21:14:37.516207	2025-07-20 21:14:37.516207
1697	114	1	1	Nyeri	KE-36	2025-07-20 21:14:37.516207	2025-07-20 21:14:37.516207
1698	114	1	1	Samburu	KE-37	2025-07-20 21:14:37.516207	2025-07-20 21:14:37.516207
1699	114	1	1	Siaya	KE-38	2025-07-20 21:14:37.516207	2025-07-20 21:14:37.516207
1700	114	1	1	Taita/Taveta	KE-39	2025-07-20 21:14:37.516207	2025-07-20 21:14:37.516207
1701	114	1	1	Tana River	KE-40	2025-07-20 21:14:37.516207	2025-07-20 21:14:37.516207
1702	114	1	1	Tharaka-Nithi	KE-41	2025-07-20 21:14:37.516207	2025-07-20 21:14:37.516207
1703	114	1	1	Trans Nzoia	KE-42	2025-07-20 21:14:37.516207	2025-07-20 21:14:37.516207
1704	114	1	1	Turkana	KE-43	2025-07-20 21:14:37.516207	2025-07-20 21:14:37.516207
1705	114	1	1	Uasin Gishu	KE-44	2025-07-20 21:14:37.516207	2025-07-20 21:14:37.516207
1706	114	1	1	Vihiga	KE-45	2025-07-20 21:14:37.516207	2025-07-20 21:14:37.516207
1707	114	1	1	Wajir	KE-46	2025-07-20 21:14:37.516207	2025-07-20 21:14:37.516207
1708	114	1	1	West Pokot	KE-47	2025-07-20 21:14:37.516207	2025-07-20 21:14:37.516207
1709	112	1	1	Ajloun	JO-AJ	2025-07-20 21:14:37.516207	2025-07-20 21:14:37.516207
1710	112	1	1	Amman	JO-AM	2025-07-20 21:14:37.516207	2025-07-20 21:14:37.516207
1711	112	1	1	Aqaba	JO-AQ	2025-07-20 21:14:37.516207	2025-07-20 21:14:37.516207
1712	112	1	1	Tafileh	JO-AT	2025-07-20 21:14:37.516207	2025-07-20 21:14:37.516207
1713	112	1	1	Zarqa	JO-AZ	2025-07-20 21:14:37.516207	2025-07-20 21:14:37.516207
1714	112	1	1	Balqa	JO-BA	2025-07-20 21:14:37.516207	2025-07-20 21:14:37.516207
1715	112	1	1	Irbid	JO-IR	2025-07-20 21:14:37.516207	2025-07-20 21:14:37.516207
1716	112	1	1	Jerash	JO-JA	2025-07-20 21:14:37.516207	2025-07-20 21:14:37.516207
1717	112	1	1	Karak	JO-KA	2025-07-20 21:14:37.516207	2025-07-20 21:14:37.516207
1718	112	1	1	Mafraq	JO-MA	2025-07-20 21:14:37.516207	2025-07-20 21:14:37.516207
1719	112	1	1	Madaba	JO-MD	2025-07-20 21:14:37.516207	2025-07-20 21:14:37.516207
1720	112	1	1	Maan	JO-MN	2025-07-20 21:14:37.516207	2025-07-20 21:14:37.516207
1721	121	1	1	서울특별시	KR-11	2025-07-20 21:14:37.516207	2025-07-20 21:14:37.516207
1722	121	1	1	부산광역시	KR-26	2025-07-20 21:14:37.516207	2025-07-20 21:14:37.516207
1723	121	1	1	대구광역시	KR-27	2025-07-20 21:14:37.516207	2025-07-20 21:14:37.516207
1724	121	1	1	인천광역시	KR-28	2025-07-20 21:14:37.516207	2025-07-20 21:14:37.516207
1725	121	1	1	광주광역시	KR-29	2025-07-20 21:14:37.516207	2025-07-20 21:14:37.516207
1726	121	1	1	대전광역시	KR-30	2025-07-20 21:14:37.516207	2025-07-20 21:14:37.516207
1727	121	1	1	울산광역시	KR-31	2025-07-20 21:14:37.516207	2025-07-20 21:14:37.516207
1728	121	1	1	경기도	KR-41	2025-07-20 21:14:37.516207	2025-07-20 21:14:37.516207
1729	121	1	1	강원도	KR-42	2025-07-20 21:14:37.516207	2025-07-20 21:14:37.516207
1730	121	1	1	충청북도	KR-43	2025-07-20 21:14:37.516207	2025-07-20 21:14:37.516207
1731	121	1	1	충청남도	KR-44	2025-07-20 21:14:37.516207	2025-07-20 21:14:37.516207
1732	121	1	1	전라북도	KR-45	2025-07-20 21:14:37.516207	2025-07-20 21:14:37.516207
1733	121	1	1	전라남도	KR-46	2025-07-20 21:14:37.516207	2025-07-20 21:14:37.516207
1734	121	1	1	경상북도	KR-47	2025-07-20 21:14:37.516207	2025-07-20 21:14:37.516207
1735	121	1	1	경상남도	KR-48	2025-07-20 21:14:37.516207	2025-07-20 21:14:37.516207
1736	121	1	1	제주특별자치도	KR-49	2025-07-20 21:14:37.516207	2025-07-20 21:14:37.516207
1737	121	1	1	세종특별자치시	KR-50	2025-07-20 21:14:37.516207	2025-07-20 21:14:37.516207
1738	178	1	1	dolnośląskie	DŚ	2025-07-20 21:14:37.516207	2025-07-20 21:14:37.516207
1739	178	1	1	kujawsko-pomorskie	KP	2025-07-20 21:14:37.516207	2025-07-20 21:14:37.516207
1740	178	1	1	lubelskie	LB	2025-07-20 21:14:37.516207	2025-07-20 21:14:37.516207
1741	178	1	1	lubuskie	LS	2025-07-20 21:14:37.516207	2025-07-20 21:14:37.516207
1742	178	1	1	łódzkie	ŁD	2025-07-20 21:14:37.516207	2025-07-20 21:14:37.516207
1743	178	1	1	małopolskie	MP	2025-07-20 21:14:37.516207	2025-07-20 21:14:37.516207
1744	178	1	1	mazowieckie	MZ	2025-07-20 21:14:37.516207	2025-07-20 21:14:37.516207
1745	178	1	1	opolskie	OP	2025-07-20 21:14:37.516207	2025-07-20 21:14:37.516207
1746	178	1	1	podkarpackie	PK	2025-07-20 21:14:37.516207	2025-07-20 21:14:37.516207
1747	178	1	1	podlaskie	PL	2025-07-20 21:14:37.516207	2025-07-20 21:14:37.516207
1748	178	1	1	pomorskie	PM	2025-07-20 21:14:37.516207	2025-07-20 21:14:37.516207
1749	178	1	1	śląskie	ŚL	2025-07-20 21:14:37.516207	2025-07-20 21:14:37.516207
1750	178	1	1	świętokrzyskie	ŚK	2025-07-20 21:14:37.516207	2025-07-20 21:14:37.516207
1751	178	1	1	warmińsko-mazurskie	WM	2025-07-20 21:14:37.516207	2025-07-20 21:14:37.516207
1752	178	1	1	wielkopolskie	WP	2025-07-20 21:14:37.516207	2025-07-20 21:14:37.516207
1753	178	1	1	zachodniopomorskie	ZP	2025-07-20 21:14:37.516207	2025-07-20 21:14:37.516207
1754	177	1	1	Azad Jammu and Kashmir	AJK	2025-07-20 21:14:37.516207	2025-07-20 21:14:37.516207
1755	177	1	1	Balochistan	BA	2025-07-20 21:14:37.516207	2025-07-20 21:14:37.516207
1756	177	1	1	Gilgit-Baltistan	GB	2025-07-20 21:14:37.516207	2025-07-20 21:14:37.516207
1757	177	1	1	Islamabad Capital Territory	IS/ICT	2025-07-20 21:14:37.516207	2025-07-20 21:14:37.516207
1758	177	1	1	Khyber Pakhtunkhwa	KP/KPK	2025-07-20 21:14:37.516207	2025-07-20 21:14:37.516207
1759	177	1	1	Punjab	PB	2025-07-20 21:14:37.516207	2025-07-20 21:14:37.516207
1760	177	1	1	Sindh	SD	2025-07-20 21:14:37.516207	2025-07-20 21:14:37.516207
1761	106	1	1	Al Anbar	IQ-AN	2025-07-20 21:14:37.516207	2025-07-20 21:14:37.516207
1762	106	1	1	الأنبار	IQ-AN-AR	2025-07-20 21:14:37.516207	2025-07-20 21:14:37.516207
1763	106	1	1	Al Basrah	IQ-BA	2025-07-20 21:14:37.516207	2025-07-20 21:14:37.516207
1764	106	1	1	البصرة	IQ-BA-AR	2025-07-20 21:14:37.516207	2025-07-20 21:14:37.516207
1765	106	1	1	Al Muthanna	IQ-MU	2025-07-20 21:14:37.516207	2025-07-20 21:14:37.516207
1766	106	1	1	المثنى	IQ-MU-AR	2025-07-20 21:14:37.516207	2025-07-20 21:14:37.516207
1767	106	1	1	Al Qādisiyyah	IQ-QA	2025-07-20 21:14:37.516207	2025-07-20 21:14:37.516207
1768	106	1	1	القادسية	IQ-QA-AR	2025-07-20 21:14:37.516207	2025-07-20 21:14:37.516207
1769	106	1	1	Sulaymaniyah	IQ-SU	2025-07-20 21:14:37.516207	2025-07-20 21:14:37.516207
1770	106	1	1	السليمانية	IQ-SU-AR	2025-07-20 21:14:37.516207	2025-07-20 21:14:37.516207
1771	106	1	1	Babil	IQ-BB	2025-07-20 21:14:37.516207	2025-07-20 21:14:37.516207
1772	106	1	1	بابل	IQ-BB-AR	2025-07-20 21:14:37.516207	2025-07-20 21:14:37.516207
1773	106	1	1	Baghdad	IQ-BG	2025-07-20 21:14:37.516207	2025-07-20 21:14:37.516207
1774	106	1	1	بغداد	IQ-BG-AR	2025-07-20 21:14:37.516207	2025-07-20 21:14:37.516207
1775	106	1	1	Duhok	IQ-DA	2025-07-20 21:14:37.516207	2025-07-20 21:14:37.516207
1776	106	1	1	دهوك	IQ-DA-AR	2025-07-20 21:14:37.516207	2025-07-20 21:14:37.516207
1777	106	1	1	Dhi Qar	IQ-DQ	2025-07-20 21:14:37.516207	2025-07-20 21:14:37.516207
1778	106	1	1	ذي قار	IQ-DQ-AR	2025-07-20 21:14:37.516207	2025-07-20 21:14:37.516207
1779	106	1	1	Diyala	IQ-DI	2025-07-20 21:14:37.516207	2025-07-20 21:14:37.516207
1780	106	1	1	ديالى	IQ-DI-AR	2025-07-20 21:14:37.516207	2025-07-20 21:14:37.516207
1781	106	1	1	Erbil	IQ-AR	2025-07-20 21:14:37.516207	2025-07-20 21:14:37.516207
1782	106	1	1	أربيل	IQ-AR-AR	2025-07-20 21:14:37.516207	2025-07-20 21:14:37.516207
1783	106	1	1	Karbala'	IQ-KA	2025-07-20 21:14:37.516207	2025-07-20 21:14:37.516207
1784	106	1	1	كربلاء	IQ-KA-AR	2025-07-20 21:14:37.516207	2025-07-20 21:14:37.516207
1785	106	1	1	Kirkuk	IQ-KI	2025-07-20 21:14:37.516207	2025-07-20 21:14:37.516207
1786	106	1	1	كركوك	IQ-KI-AR	2025-07-20 21:14:37.516207	2025-07-20 21:14:37.516207
1787	106	1	1	Maysan	IQ-MA	2025-07-20 21:14:37.516207	2025-07-20 21:14:37.516207
1788	106	1	1	ميسان	IQ-MA-AR	2025-07-20 21:14:37.516207	2025-07-20 21:14:37.516207
1789	106	1	1	Ninawa	IQ-NI	2025-07-20 21:14:37.516207	2025-07-20 21:14:37.516207
1790	106	1	1	نينوى	IQ-NI-AR	2025-07-20 21:14:37.516207	2025-07-20 21:14:37.516207
1791	106	1	1	Wasit	IQ-WA	2025-07-20 21:14:37.516207	2025-07-20 21:14:37.516207
1792	106	1	1	واسط	IQ-WA-AR	2025-07-20 21:14:37.516207	2025-07-20 21:14:37.516207
1793	106	1	1	Najaf	IQ-NA	2025-07-20 21:14:37.516207	2025-07-20 21:14:37.516207
1794	106	1	1	النجف	IQ-NA-AR	2025-07-20 21:14:37.516207	2025-07-20 21:14:37.516207
1795	106	1	1	Salah Al Din	IQ-SD	2025-07-20 21:14:37.516207	2025-07-20 21:14:37.516207
1796	106	1	1	صلاح الدين	IQ-SD-AR	2025-07-20 21:14:37.516207	2025-07-20 21:14:37.516207
1797	19	1	1	Barishal	BD-A	2025-07-20 21:14:37.516207	2025-07-20 21:14:37.516207
1798	19	1	1	Chattogram	BD-B	2025-07-20 21:14:37.516207	2025-07-20 21:14:37.516207
1799	19	1	1	Dhaka	BD-C	2025-07-20 21:14:37.516207	2025-07-20 21:14:37.516207
1800	19	1	1	Khulna	BD-D	2025-07-20 21:14:37.516207	2025-07-20 21:14:37.516207
1801	19	1	1	Rajshahi	BD-E	2025-07-20 21:14:37.516207	2025-07-20 21:14:37.516207
1802	19	1	1	Rangpur	BD-F	2025-07-20 21:14:37.516207	2025-07-20 21:14:37.516207
1803	19	1	1	Sylhet	BD-G	2025-07-20 21:14:37.516207	2025-07-20 21:14:37.516207
1804	19	1	1	Mymensingh	BD-H	2025-07-20 21:14:37.516207	2025-07-20 21:14:37.516207
1805	12	1	1	Burgenland	1	2025-07-20 21:14:37.516207	2025-07-20 21:14:37.516207
1806	12	1	1	Kärnten	2	2025-07-20 21:14:37.516207	2025-07-20 21:14:37.516207
1807	12	1	1	Niederösterreich	3	2025-07-20 21:14:37.516207	2025-07-20 21:14:37.516207
1808	12	1	1	Oberösterreich	4	2025-07-20 21:14:37.516207	2025-07-20 21:14:37.516207
1809	12	1	1	Salzburg	5	2025-07-20 21:14:37.516207	2025-07-20 21:14:37.516207
1810	12	1	1	Steiermark	6	2025-07-20 21:14:37.516207	2025-07-20 21:14:37.516207
1811	12	1	1	Tirol	7	2025-07-20 21:14:37.516207	2025-07-20 21:14:37.516207
1812	12	1	1	Vorarlberg	8	2025-07-20 21:14:37.516207	2025-07-20 21:14:37.516207
1813	12	1	1	Wien	9	2025-07-20 21:14:37.516207	2025-07-20 21:14:37.516207
1814	227	1	1	彰化縣	CHH	2025-07-20 21:14:37.516207	2025-07-20 21:14:37.516207
1815	227	1	1	嘉義市	CIC	2025-07-20 21:14:37.516207	2025-07-20 21:14:37.516207
1816	227	1	1	嘉義縣	CIH	2025-07-20 21:14:37.516207	2025-07-20 21:14:37.516207
1817	227	1	1	新竹縣	HCH	2025-07-20 21:14:37.516207	2025-07-20 21:14:37.516207
1818	227	1	1	新竹市	HCT	2025-07-20 21:14:37.516207	2025-07-20 21:14:37.516207
1819	227	1	1	花蓮縣	HLH	2025-07-20 21:14:37.516207	2025-07-20 21:14:37.516207
1820	227	1	1	宜蘭縣	ILH	2025-07-20 21:14:37.516207	2025-07-20 21:14:37.516207
1821	227	1	1	高雄市	KHC	2025-07-20 21:14:37.516207	2025-07-20 21:14:37.516207
1822	227	1	1	基隆市	KLC	2025-07-20 21:14:37.516207	2025-07-20 21:14:37.516207
1823	227	1	1	金門縣	KMC	2025-07-20 21:14:37.516207	2025-07-20 21:14:37.516207
1824	227	1	1	連江縣	LCC	2025-07-20 21:14:37.516207	2025-07-20 21:14:37.516207
1825	227	1	1	苗栗縣	MLH	2025-07-20 21:14:37.516207	2025-07-20 21:14:37.516207
1826	227	1	1	南投縣	NTC	2025-07-20 21:14:37.516207	2025-07-20 21:14:37.516207
1827	227	1	1	新北市	NTPC	2025-07-20 21:14:37.516207	2025-07-20 21:14:37.516207
1828	227	1	1	澎湖縣	PHC	2025-07-20 21:14:37.516207	2025-07-20 21:14:37.516207
1829	227	1	1	屏東縣	PTH	2025-07-20 21:14:37.516207	2025-07-20 21:14:37.516207
1830	227	1	1	台中市	TCC	2025-07-20 21:14:37.516207	2025-07-20 21:14:37.516207
1831	227	1	1	台南市	TNH	2025-07-20 21:14:37.516207	2025-07-20 21:14:37.516207
1832	227	1	1	台北市	TPC	2025-07-20 21:14:37.516207	2025-07-20 21:14:37.516207
1833	227	1	1	台東縣	TTH	2025-07-20 21:14:37.516207	2025-07-20 21:14:37.516207
1834	227	1	1	桃園市	TYC	2025-07-20 21:14:37.516207	2025-07-20 21:14:37.516207
1835	227	1	1	雲林縣	YLH	2025-07-20 21:14:37.516207	2025-07-20 21:14:37.516207
1836	163	1	1	Abia	NG-AB	2025-07-20 21:14:37.516207	2025-07-20 21:14:37.516207
1837	163	1	1	Adamawa	NG-AD	2025-07-20 21:14:37.516207	2025-07-20 21:14:37.516207
1838	163	1	1	Akwa Ibom	NG-AK	2025-07-20 21:14:37.516207	2025-07-20 21:14:37.516207
1839	163	1	1	Anambra	NG-AN	2025-07-20 21:14:37.516207	2025-07-20 21:14:37.516207
1840	163	1	1	Bauchi	NG-BA	2025-07-20 21:14:37.516207	2025-07-20 21:14:37.516207
1841	163	1	1	Bayelsa	NG-BY	2025-07-20 21:14:37.516207	2025-07-20 21:14:37.516207
1842	163	1	1	Benue	NG-BE	2025-07-20 21:14:37.516207	2025-07-20 21:14:37.516207
1843	163	1	1	Borno	NG-BO	2025-07-20 21:14:37.516207	2025-07-20 21:14:37.516207
1844	163	1	1	Cross River	NG-CR	2025-07-20 21:14:37.516207	2025-07-20 21:14:37.516207
1845	163	1	1	Delta	NG-DE	2025-07-20 21:14:37.516207	2025-07-20 21:14:37.516207
1846	163	1	1	Ebonyi	NG-EB	2025-07-20 21:14:37.516207	2025-07-20 21:14:37.516207
1847	163	1	1	Edo	NG-ED	2025-07-20 21:14:37.516207	2025-07-20 21:14:37.516207
1848	163	1	1	Ekiti	NG-EK	2025-07-20 21:14:37.516207	2025-07-20 21:14:37.516207
1849	163	1	1	Enugu	NG-EN	2025-07-20 21:14:37.516207	2025-07-20 21:14:37.516207
1850	163	1	1	Gombe	NG-GO	2025-07-20 21:14:37.516207	2025-07-20 21:14:37.516207
1851	163	1	1	Imo	NG-IM	2025-07-20 21:14:37.516207	2025-07-20 21:14:37.516207
1852	163	1	1	Jigawa	NG-JI	2025-07-20 21:14:37.516207	2025-07-20 21:14:37.516207
1853	163	1	1	Kaduna	NG-KD	2025-07-20 21:14:37.516207	2025-07-20 21:14:37.516207
1854	163	1	1	Kano	NG-KN	2025-07-20 21:14:37.516207	2025-07-20 21:14:37.516207
1855	163	1	1	Katsina	NG-KT	2025-07-20 21:14:37.516207	2025-07-20 21:14:37.516207
1856	163	1	1	Kebbi	NG-KE	2025-07-20 21:14:37.516207	2025-07-20 21:14:37.516207
1857	163	1	1	Kogi	NG-KO	2025-07-20 21:14:37.516207	2025-07-20 21:14:37.516207
1858	163	1	1	Kwara	NG-KW	2025-07-20 21:14:37.516207	2025-07-20 21:14:37.516207
1859	163	1	1	Lagos	NG-LA	2025-07-20 21:14:37.516207	2025-07-20 21:14:37.516207
1860	163	1	1	Nasarawa	NG-NA	2025-07-20 21:14:37.516207	2025-07-20 21:14:37.516207
1861	163	1	1	Niger	NG-NI	2025-07-20 21:14:37.516207	2025-07-20 21:14:37.516207
1862	163	1	1	Ogun	NG-OG	2025-07-20 21:14:37.516207	2025-07-20 21:14:37.516207
1863	163	1	1	Ondo	NG-ON	2025-07-20 21:14:37.516207	2025-07-20 21:14:37.516207
1864	163	1	1	Osun	NG-OS	2025-07-20 21:14:37.516207	2025-07-20 21:14:37.516207
1865	163	1	1	Oyo	NG-OY	2025-07-20 21:14:37.516207	2025-07-20 21:14:37.516207
1866	163	1	1	Plateau	NG-PL	2025-07-20 21:14:37.516207	2025-07-20 21:14:37.516207
1867	163	1	1	Rivers	NG-RI	2025-07-20 21:14:37.516207	2025-07-20 21:14:37.516207
1868	163	1	1	Sokoto	NG-SO	2025-07-20 21:14:37.516207	2025-07-20 21:14:37.516207
1869	163	1	1	Taraba	NG-TA	2025-07-20 21:14:37.516207	2025-07-20 21:14:37.516207
1870	163	1	1	Yobe	NG-YO	2025-07-20 21:14:37.516207	2025-07-20 21:14:37.516207
1871	163	1	1	Zamfara	NG-ZA	2025-07-20 21:14:37.516207	2025-07-20 21:14:37.516207
1872	163	1	1	FCT	NG-FC	2025-07-20 21:14:37.516207	2025-07-20 21:14:37.516207
1873	20	1	1	Antwerp	VAN	2025-07-20 21:14:37.516207	2025-07-20 21:14:37.516207
1874	20	1	1	Limburg	VLI	2025-07-20 21:14:37.516207	2025-07-20 21:14:37.516207
1875	20	1	1	East Flanders	VOV	2025-07-20 21:14:37.516207	2025-07-20 21:14:37.516207
1876	20	1	1	Flemish Brabant	VBR	2025-07-20 21:14:37.516207	2025-07-20 21:14:37.516207
1877	20	1	1	West Flanders	VWV	2025-07-20 21:14:37.516207	2025-07-20 21:14:37.516207
1878	20	1	1	Walloon Brabant	WBR	2025-07-20 21:14:37.516207	2025-07-20 21:14:37.516207
1879	20	1	1	Hainaut	WHT	2025-07-20 21:14:37.516207	2025-07-20 21:14:37.516207
1880	20	1	1	Liège	WLG	2025-07-20 21:14:37.516207	2025-07-20 21:14:37.516207
1881	20	1	1	Luxembourg	WLX	2025-07-20 21:14:37.516207	2025-07-20 21:14:37.516207
1882	20	1	1	Namur	WNA	2025-07-20 21:14:37.516207	2025-07-20 21:14:37.516207
1883	205	1	1	Banaadir	BN	2025-07-20 21:14:37.516207	2025-07-20 21:14:37.516207
480	157	1	1	Putrajaya	MY-16	2025-07-20 21:14:37.516207	2025-07-20 21:14:37.516207
209	113	1	1	Gifu	21	2025-07-20 21:14:37.516207	2025-07-20 21:14:37.516207
833	188	1	1	Alba	AB	2025-07-20 21:14:37.516207	2025-07-20 21:14:37.516207
1288	134	1	1	Jelgava	LV-JEL	2025-07-20 21:14:37.516207	2025-07-20 21:14:37.516207
1346	166	1	1	Agder	NO-42	2025-07-20 21:14:37.516207	2025-07-20 21:14:37.516207
1	13	1	1	Australian Capital Territory	ACT	2025-07-20 21:14:37.516207	2025-07-20 21:14:37.516207
2	13	1	1	New South Wales	NSW	2025-07-20 21:14:37.516207	2025-07-20 21:14:37.516207
3	13	1	1	Northern Territory	NT	2025-07-20 21:14:37.516207	2025-07-20 21:14:37.516207
4	13	1	1	Queensland	QLD	2025-07-20 21:14:37.516207	2025-07-20 21:14:37.516207
5	13	1	1	South Australia	SA	2025-07-20 21:14:37.516207	2025-07-20 21:14:37.516207
6	13	1	1	Tasmania	TAS	2025-07-20 21:14:37.516207	2025-07-20 21:14:37.516207
7	13	1	1	Victoria	VIC	2025-07-20 21:14:37.516207	2025-07-20 21:14:37.516207
8	13	1	1	Western Australia	WA	2025-07-20 21:14:37.516207	2025-07-20 21:14:37.516207
9	233	1	1	Alabama	AL	2025-07-20 21:14:37.516207	2025-07-20 21:14:37.516207
10	233	1	1	Alaska	AK	2025-07-20 21:14:37.516207	2025-07-20 21:14:37.516207
11	233	1	1	Arizona	AZ	2025-07-20 21:14:37.516207	2025-07-20 21:14:37.516207
12	233	1	1	Arkansas	AR	2025-07-20 21:14:37.516207	2025-07-20 21:14:37.516207
13	233	1	1	California	CA	2025-07-20 21:14:37.516207	2025-07-20 21:14:37.516207
14	233	1	1	Colorado	CO	2025-07-20 21:14:37.516207	2025-07-20 21:14:37.516207
15	233	1	1	Connecticut	CT	2025-07-20 21:14:37.516207	2025-07-20 21:14:37.516207
16	233	1	1	Delaware	DE	2025-07-20 21:14:37.516207	2025-07-20 21:14:37.516207
17	233	1	1	District of Columbia	DC	2025-07-20 21:14:37.516207	2025-07-20 21:14:37.516207
18	233	1	1	Florida	FL	2025-07-20 21:14:37.516207	2025-07-20 21:14:37.516207
19	233	1	1	Georgia	GA	2025-07-20 21:14:37.516207	2025-07-20 21:14:37.516207
20	233	1	1	Hawaii	HI	2025-07-20 21:14:37.516207	2025-07-20 21:14:37.516207
21	233	1	1	Idaho	ID	2025-07-20 21:14:37.516207	2025-07-20 21:14:37.516207
22	233	1	1	Illinois	IL	2025-07-20 21:14:37.516207	2025-07-20 21:14:37.516207
23	233	1	1	Indiana	IN	2025-07-20 21:14:37.516207	2025-07-20 21:14:37.516207
24	233	1	1	Iowa	IA	2025-07-20 21:14:37.516207	2025-07-20 21:14:37.516207
25	233	1	1	Kansas	KS	2025-07-20 21:14:37.516207	2025-07-20 21:14:37.516207
26	233	1	1	Kentucky	KY	2025-07-20 21:14:37.516207	2025-07-20 21:14:37.516207
1884	205	1	1	Galmudug	GM	2025-07-20 21:14:37.516207	2025-07-20 21:14:37.516207
1885	205	1	1	Somaliland	SL	2025-07-20 21:14:37.516207	2025-07-20 21:14:37.516207
1886	205	1	1	Puntland	PL	2025-07-20 21:14:37.516207	2025-07-20 21:14:37.516207
1887	205	1	1	Jubaland	JL	2025-07-20 21:14:37.516207	2025-07-20 21:14:37.516207
1888	205	1	1	Hirshabelle	HS	2025-07-20 21:14:37.516207	2025-07-20 21:14:37.516207
1889	205	1	1	Koonfur Galbeed	KG	2025-07-20 21:14:37.516207	2025-07-20 21:14:37.516207
1890	205	1	1	Khatumo	SSC	2025-07-20 21:14:37.516207	2025-07-20 21:14:37.516207
\.


--
